{"id":68450,"date":"2025-10-01T16:21:17","date_gmt":"2025-10-01T14:21:17","guid":{"rendered":"https:\/\/imagazine.it\/home_desk\/?post_type=mec-events&#038;p=68450"},"modified":"2025-10-01T16:21:17","modified_gmt":"2025-10-01T14:21:17","slug":"autonomie-a-confronto-friuli-e-sudtirolo","status":"publish","type":"mec-events","link":"https:\/\/imagazine.it\/home_desk\/events\/autonomie-a-confronto-friuli-e-sudtirolo\/","title":{"rendered":"Autonomie a confronto: Friuli e Sudtirolo"},"content":{"rendered":"<p>L&#8217;<strong>Istit\u00fbt Ladin Furlan &#8220;Pre Checo Placerean&#8221;<\/strong>, col sostegno dell\u2019Agenzia regionale per la lingua friulana (<strong>Arlef<\/strong>), propone &#8220;Puints &#8211; Incuintris su lenghe, identit\u00e2t e autonomie&#8221; (Incontri su lingua, identit\u00e0 e autonomia), una serie di appuntamenti pubblici che si terranno a Udine venerd\u00ec 3 ottobre e a Torviscosa sabato 4 ottobre.<\/p>\n<p>L&#8217;evento \u00e8 centrato sulla presentazione del volume &#8220;Land Fri\u00fbl: Ritratti di Autonomia, Friuli e S\u00fcdtirol a confronto&#8221; di Matteo Dri Federspiel.<\/p>\n<p>Nella prima giornata saranno ospiti anche\u00a0<strong>Luis Durnwalder\u00a0<\/strong>e\u00a0<strong>Martha Stocker<\/strong>, gi\u00e0 rispettivamente presidente e assessore della Provincia autonoma di Bolzano.<\/p>\n<p>Il primo appuntamento \u00e8 previsto venerd\u00ec 3 ottobre alle 14.30 nel Polo Economico Giuridico dell&#8217;Universit\u00e0 di Udine, in via Tomadini, per un confronto con la docente\u00a0<strong>Elena D&#8217;Orlando<\/strong>, presidente della Commissione Paritetica Stato-Regione.<\/p>\n<p>Successivamente, alle 17, la conversazione si sposta nella Sala Pasolini della sede della Regione in via Sabbadini e si uniranno anche i consiglieri regionale\u00a0<strong>Moreno Lirutti<\/strong>\u00a0e\u00a0<strong>Massimo Moretuzzo<\/strong>\u00a0e il presidente dell\u2019Anci Fvg\u00a0<strong>Dorino Favot<\/strong>.<\/p>\n<p>La presentazione del libro e il dibattito continuano sabato 4 ottobre alle 18 nella Sala Consiliare di Torviscosa, con interventi del presidente del Consiglio regionale\u00a0<strong>Mauro Bordin<\/strong>, del consigliere regionale\u00a0<strong>Massimiliano Pozzo<\/strong>\u00a0e del vicepresidente dell\u2019Anci Fvg e componente del direttivo dell\u2019Aclif\u00a0<strong>Gabriele Bressan<\/strong>.<\/p>\n<p>L&#8217;intero ciclo di incontri sar\u00e0 coordinato dal presidente dell\u2019Istit\u00fbt Ladin Furlan,\u00a0<strong>Geremia Gomboso<\/strong>\u00a0e moderato dal giornalista\u00a0<strong>Rossano Cattivello<\/strong>.<\/p>\n","protected":false},"excerpt":{"rendered":"<p>A Udine e Torviscosa due incontri pubblici organizzati dall&#8217;Istit\u00fbt Ladin Furlan &#8220;Pre Checo Placerean\u201d APS<\/p>\n","protected":false},"author":28,"featured_media":68451,"comment_status":"closed","ping_status":"closed","template":"","tags":[261,826,1270,101],"mec_category":[59],"class_list":["post-68450","mec-events","type-mec-events","status-publish","has-post-thumbnail","hentry","tag-eventi","tag-eventi-fvg","tag-torviscosa","tag-udine","mec_category-meeting"],"_links":{"self":[{"href":"https:\/\/imagazine.it\/home_desk\/wp-json\/wp\/v2\/mec-events\/68450","targetHints":{"allow":["GET"]}}],"collection":[{"href":"https:\/\/imagazine.it\/home_desk\/wp-json\/wp\/v2\/mec-events"}],"about":[{"href":"https:\/\/imagazine.it\/home_desk\/wp-json\/wp\/v2\/types\/mec-events"}],"author":[{"embeddable":true,"href":"https:\/\/imagazine.it\/home_desk\/wp-json\/wp\/v2\/users\/28"}],"replies":[{"embeddable":true,"href":"https:\/\/imagazine.it\/home_desk\/wp-json\/wp\/v2\/comments?post=68450"}],"wp:featuredmedia":[{"embeddable":true,"href":"https:\/\/imagazine.it\/home_desk\/wp-json\/wp\/v2\/media\/68451"}],"wp:attachment":[{"href":"https:\/\/imagazine.it\/home_desk\/wp-json\/wp\/v2\/media?parent=68450"}],"wp:term":[{"taxonomy":"post_tag","embeddable":true,"href":"https:\/\/imagazine.it\/home_desk\/wp-json\/wp\/v2\/tags?post=68450"},{"taxonomy":"mec_category","embeddable":true,"href":"https:\/\/imagazine.it\/home_desk\/wp-json\/wp\/v2\/mec_category?post=68450"}],"curies":[{"name":"wp","href":"https:\/\/api.w.org\/{rel}","templated":true}]}}

<p>L&#8217;<strong>Istitût Ladin Furlan &#8220;Pre Checo Placerean&#8221;</strong>, col sostegno dell’Agenzia regionale per la lingua friulana (<strong>Arlef</strong>), propone &#8220;Puints &#8211; Incuintris su lenghe, identitât e autonomie&#8221; (Incontri su lingua, identità e autonomia), una serie di appuntamenti pubblici che si terranno a Udine venerdì 3 ottobre e a Torviscosa sabato 4 ottobre.</p>
<p>L&#8217;evento è centrato sulla presentazione del volume &#8220;Land Friûl: Ritratti di Autonomia, Friuli e Südtirol a confronto&#8221; di Matteo Dri Federspiel.</p>
<p>Nella prima giornata saranno ospiti anche <strong>Luis Durnwalder </strong>e <strong>Martha Stocker</strong>, già rispettivamente presidente e assessore della Provincia autonoma di Bolzano.</p>
<p>Il primo appuntamento è previsto venerdì 3 ottobre alle 14.30 nel Polo Economico Giuridico dell&#8217;Università di Udine, in via Tomadini, per un confronto con la docente <strong>Elena D&#8217;Orlando</strong>, presidente della Commissione Paritetica Stato-Regione.</p>
<p>Successivamente, alle 17, la conversazione si sposta nella Sala Pasolini della sede della Regione in via Sabbadini e si uniranno anche i consiglieri regionale <strong>Moreno Lirutti</strong> e <strong>Massimo Moretuzzo</strong> e il presidente dell’Anci Fvg <strong>Dorino Favot</strong>.</p>
<p>La presentazione del libro e il dibattito continuano sabato 4 ottobre alle 18 nella Sala Consiliare di Torviscosa, con interventi del presidente del Consiglio regionale <strong>Mauro Bordin</strong>, del consigliere regionale <strong>Massimiliano Pozzo</strong> e del vicepresidente dell’Anci Fvg e componente del direttivo dell’Aclif <strong>Gabriele Bressan</strong>.</p>
<p>L&#8217;intero ciclo di incontri sarà coordinato dal presidente dell’Istitût Ladin Furlan, <strong>Geremia Gomboso</strong> e moderato dal giornalista <strong>Rossano Cattivello</strong>.</p>

<p>A Udine e Torviscosa due incontri pubblici organizzati dall&#8217;Istitût Ladin Furlan &#8220;Pre Checo Placerean” APS</p>
