{"id":68337,"date":"2025-09-26T18:23:06","date_gmt":"2025-09-26T16:23:06","guid":{"rendered":"https:\/\/imagazine.it\/home_desk\/?post_type=mec-events&#038;p=68337"},"modified":"2025-09-26T18:23:06","modified_gmt":"2025-09-26T16:23:06","slug":"presenze-atti-di-ordinaria-insubordinazione","status":"publish","type":"mec-events","link":"https:\/\/imagazine.it\/home_desk\/events\/presenze-atti-di-ordinaria-insubordinazione\/","title":{"rendered":"Presenze \u2013 Atti di Ordinaria Insubordinazione"},"content":{"rendered":"<p><span style=\"font-size: 10pt;\"><em>Beatrice Chicco, Acrilico su tema<\/em><\/span><\/p>\n<p>Con la mostra \u201c<em><strong>Presenze \u2013 Atti di Ordinaria Insubordinazione<\/strong><\/em>\u201d l\u2019<strong>Universit\u00e0 Popolare di Trieste<\/strong>\u00a0espone, alla\u00a0<strong>Sala Carlo e Mirella Sbis\u00e0<\/strong>\u00a0(via Torrebianca 22), cinquanta opere di artiste e artisti formatisi proprio in seno dell\u2019Ente, sotto l\u2019esperta guida di Francesca Martinelli, docente e curatrice della mostra, che si inaugura\u00a0<strong>venerd\u00ec 26 settembre alle ore 18.00<\/strong>, alla presenza del presidente <strong>Edvino Jerian<\/strong>, del vicepresidente <strong>Paolo Rovis<\/strong>, e del segretario generale <strong>Fabrizio Somma<\/strong>.<\/p>\n<p>\u201cL&#8217;arte come atto di insubordinazione implica l&#8217;uso della creativit\u00e0 per dare o sovvertire le convenzioni, le norme sociali, il pensiero lineare. In tal senso \u2013 spiega\u00a0<strong>Francesca Martinelli<\/strong>\u00a0\u2013 \u201cl&#8217;arte pu\u00f2 diventare uno strumento per esplorare e celebrare l&#8217;imprevedibilit\u00e0, per rivelare verit\u00e0 nascoste, per testimoniare esperienze e per esprimere emozioni autentiche, diventando un gesto di libert\u00e0 e di rottura rispetto al conformismo. Il mio compito\u201d \u2013 sottolinea la docente \u2013 \u201c\u00e8 quello di accompagnare e ascoltare, il merito di questi artiste e artisti si esprime proprio nell&#8217;atto della ricerca autentica e della perseveranza\u201d.<\/p>\n<p>\u201cL\u2019Universit\u00e0 Popolare di Trieste\u201d \u2013 afferma il Presidente <strong>Edvino Jerian<\/strong>\u00a0\u2013 \u201cproprio nell\u2019anno della celebrazione dei suoi 125 anni di attivit\u00e0 per la cultura italiana, ha voluto dar voce anche a una nutrita schiera di giovani artiste e artisti, le cui capacit\u00e0 straordinarie hanno contribuito, come valori aggiunti, ad arricchire tutti i percorsi formativi da noi proposti\u201d.<br \/>\n\u201cQuesti giovanissimi sfidano i pregiudizi che gravano sulla loro generazione\u201d \u2013 aggiunge Francesca Martinelli \u2013 \u201cquei leitmotiv che li accusano di essere annoiati e uggiosi, malvestiti, mal acculturati, svogliati e social-depressi. Hanno invece dimostrato, con la loro lieve e sfacciata giovinezza, di voler stare, di sapersi confrontare e accogliere, di essere determinati, ma giustamente visionari\u201d.<\/p>\n<p>Quest&#8217;anno \u00e8 stato inoltre scelto di dare spazio e valore, per la prima volta rispetto alle esposizioni precedenti, all&#8217;operato dei corsisti del primo anno accademico di Disegno; seguono poi gli allievi del secondo anno accademico, quel passaggio intermedio che li porter\u00e0 a concludere, il triennio previsto, proprio quest&#8217;anno. A coronare l&#8217;esposizione si possono ammirare le opere di un gruppo di lavoro estremamente affiatato e compatto che, di anno in anno cresce e si esprime con grande unicit\u00e0 e professionalit\u00e0: la classe di studio e ricerca avanzata di Disegno e Arti Applicate (al suo quarto anno).<\/p>\n<p>Le opere presentate sono trasversali: pittura ad olio e acrilico su tela, carboncino e grafite, collage e pittura materica, acquarello e cere ad olio, tecniche a spolvero, anatomia contemporanea, paesaggio&#8230; e poi ancora libri e taccuini d&#8217;artista. Questi ultimi saranno soggetti centrali proprio nel programma del nuovo anno accademico di prossima apertura.<\/p>\n<p>La mostra rester\u00e0 aperta fino al 30 ottobre, con i seguenti orari: <strong>da marted\u00ec a sabato\u00a0dalle ore 16.00 alle ore 19.00<\/strong> con eccezione di gioved\u00ec 16 ottobre, gioved\u00ec 23 ottobre e gioved\u00ec 30 ottobre quando la mostra sar\u00e0 visitabile la mattina <strong>dalle 10.00 alle 12.00<\/strong>.<\/p>\n<h3><strong>Tutte le artiste e gli artisti<\/strong><\/h3>\n<p>BINDI FABIA &#8211; CHICCO BEATRICE &#8211; DE STEFANI MANUELA &#8211; FAVENTO NEVA &#8211; MINUTOLA DANIELA &#8211; PAULETTO JESSICA &#8211; PAULETTO NADIA &#8211; PINTUS MARIA CRISTINA &#8211; PITTAO ELENA &#8211; RUSSO STEFANO<\/p>\n<p>SIMONETTI MAUDE &#8211; UGO FABRIZIA &#8211; AZZINI FRANCESCO &#8211; CIRILLO ADELE &#8211; MANDERO ELENA &#8211; POIANI DANIELA &#8211; ROSSO SERENA &#8211; RUSSO STEFANO &#8211; SIMONA IACCARINI &#8211; KAZEMI MARYAM &#8211; ALFARANO JESSICA<\/p>\n<p>BAHADIROGLU ASIYE GULAY &#8211; BALSEMIN FRANCO &#8211; DEBERNARDI LUCREZIA &#8211; FADANI ALESSANDRA &#8211; FORMIGLI GIANLUCA &#8211; GORI VIVIANA &#8211; GROSSO GIANLUCA &#8211; MANFRONI CRISTINA &#8211; OCCHIPINTI IRENE<\/p>\n<p>OLARU BEATRICE &#8211; POETTO ARIANA SOLEDAD &#8211; POLETTO CLAIRE &#8211; PUGNETTI ROBERTA &#8211; STERNAD TANJA &#8211; ZANIN GIULIA &#8211; BARON ELEONORA &#8211; CERINI VINCENZO SILVANO &#8211; CINGERLA BARBARA &#8211; DANIELI SARA<\/p>\n<p>DE CRESCENZO JOSEF &#8211; DE VIT MARTINA &#8211; ELENA MACAIONE &#8211; NAPOLI PATRIZIA &#8211; PISANI SARA &#8211; QUATTROCIOCCHI CARLO &#8211; SECK AICHA &#8211; LULU&#8217; JACINI &#8211; VENDRAMIN ALVISE &#8211; GIORGIO DELBELLO<\/p>\n","protected":false},"excerpt":{"rendered":"<p>Mostra di arti visive che espone le opere di 50 artiste e artisti formatisi in seno all\u2019Universit\u00e0 Popolare di Trieste<\/p>\n","protected":false},"author":28,"featured_media":68338,"comment_status":"closed","ping_status":"closed","template":"","tags":[165,261,826,60,65],"mec_category":[59],"class_list":["post-68337","mec-events","type-mec-events","status-publish","has-post-thumbnail","hentry","tag-arte","tag-eventi","tag-eventi-fvg","tag-mostre","tag-trieste","mec_category-meeting"],"_links":{"self":[{"href":"https:\/\/imagazine.it\/home_desk\/wp-json\/wp\/v2\/mec-events\/68337","targetHints":{"allow":["GET"]}}],"collection":[{"href":"https:\/\/imagazine.it\/home_desk\/wp-json\/wp\/v2\/mec-events"}],"about":[{"href":"https:\/\/imagazine.it\/home_desk\/wp-json\/wp\/v2\/types\/mec-events"}],"author":[{"embeddable":true,"href":"https:\/\/imagazine.it\/home_desk\/wp-json\/wp\/v2\/users\/28"}],"replies":[{"embeddable":true,"href":"https:\/\/imagazine.it\/home_desk\/wp-json\/wp\/v2\/comments?post=68337"}],"wp:featuredmedia":[{"embeddable":true,"href":"https:\/\/imagazine.it\/home_desk\/wp-json\/wp\/v2\/media\/68338"}],"wp:attachment":[{"href":"https:\/\/imagazine.it\/home_desk\/wp-json\/wp\/v2\/media?parent=68337"}],"wp:term":[{"taxonomy":"post_tag","embeddable":true,"href":"https:\/\/imagazine.it\/home_desk\/wp-json\/wp\/v2\/tags?post=68337"},{"taxonomy":"mec_category","embeddable":true,"href":"https:\/\/imagazine.it\/home_desk\/wp-json\/wp\/v2\/mec_category?post=68337"}],"curies":[{"name":"wp","href":"https:\/\/api.w.org\/{rel}","templated":true}]}}

<p><span style="font-size: 10pt;"><em>Beatrice Chicco, Acrilico su tema</em></span></p>
<p>Con la mostra “<em><strong>Presenze – Atti di Ordinaria Insubordinazione</strong></em>” l’<strong>Università Popolare di Trieste</strong> espone, alla <strong>Sala Carlo e Mirella Sbisà</strong> (via Torrebianca 22), cinquanta opere di artiste e artisti formatisi proprio in seno dell’Ente, sotto l’esperta guida di Francesca Martinelli, docente e curatrice della mostra, che si inaugura <strong>venerdì 26 settembre alle ore 18.00</strong>, alla presenza del presidente <strong>Edvino Jerian</strong>, del vicepresidente <strong>Paolo Rovis</strong>, e del segretario generale <strong>Fabrizio Somma</strong>.</p>
<p>“L&#8217;arte come atto di insubordinazione implica l&#8217;uso della creatività per dare o sovvertire le convenzioni, le norme sociali, il pensiero lineare. In tal senso – spiega <strong>Francesca Martinelli</strong> – “l&#8217;arte può diventare uno strumento per esplorare e celebrare l&#8217;imprevedibilità, per rivelare verità nascoste, per testimoniare esperienze e per esprimere emozioni autentiche, diventando un gesto di libertà e di rottura rispetto al conformismo. Il mio compito” – sottolinea la docente – “è quello di accompagnare e ascoltare, il merito di questi artiste e artisti si esprime proprio nell&#8217;atto della ricerca autentica e della perseveranza”.</p>
<p>“L’Università Popolare di Trieste” – afferma il Presidente <strong>Edvino Jerian</strong> – “proprio nell’anno della celebrazione dei suoi 125 anni di attività per la cultura italiana, ha voluto dar voce anche a una nutrita schiera di giovani artiste e artisti, le cui capacità straordinarie hanno contribuito, come valori aggiunti, ad arricchire tutti i percorsi formativi da noi proposti”.<br />
“Questi giovanissimi sfidano i pregiudizi che gravano sulla loro generazione” – aggiunge Francesca Martinelli – “quei leitmotiv che li accusano di essere annoiati e uggiosi, malvestiti, mal acculturati, svogliati e social-depressi. Hanno invece dimostrato, con la loro lieve e sfacciata giovinezza, di voler stare, di sapersi confrontare e accogliere, di essere determinati, ma giustamente visionari”.</p>
<p>Quest&#8217;anno è stato inoltre scelto di dare spazio e valore, per la prima volta rispetto alle esposizioni precedenti, all&#8217;operato dei corsisti del primo anno accademico di Disegno; seguono poi gli allievi del secondo anno accademico, quel passaggio intermedio che li porterà a concludere, il triennio previsto, proprio quest&#8217;anno. A coronare l&#8217;esposizione si possono ammirare le opere di un gruppo di lavoro estremamente affiatato e compatto che, di anno in anno cresce e si esprime con grande unicità e professionalità: la classe di studio e ricerca avanzata di Disegno e Arti Applicate (al suo quarto anno).</p>
<p>Le opere presentate sono trasversali: pittura ad olio e acrilico su tela, carboncino e grafite, collage e pittura materica, acquarello e cere ad olio, tecniche a spolvero, anatomia contemporanea, paesaggio&#8230; e poi ancora libri e taccuini d&#8217;artista. Questi ultimi saranno soggetti centrali proprio nel programma del nuovo anno accademico di prossima apertura.</p>
<p>La mostra resterà aperta fino al 30 ottobre, con i seguenti orari: <strong>da martedì a sabato dalle ore 16.00 alle ore 19.00</strong> con eccezione di giovedì 16 ottobre, giovedì 23 ottobre e giovedì 30 ottobre quando la mostra sarà visitabile la mattina <strong>dalle 10.00 alle 12.00</strong>.</p>
<h3><strong>Tutte le artiste e gli artisti</strong></h3>
<p>BINDI FABIA &#8211; CHICCO BEATRICE &#8211; DE STEFANI MANUELA &#8211; FAVENTO NEVA &#8211; MINUTOLA DANIELA &#8211; PAULETTO JESSICA &#8211; PAULETTO NADIA &#8211; PINTUS MARIA CRISTINA &#8211; PITTAO ELENA &#8211; RUSSO STEFANO</p>
<p>SIMONETTI MAUDE &#8211; UGO FABRIZIA &#8211; AZZINI FRANCESCO &#8211; CIRILLO ADELE &#8211; MANDERO ELENA &#8211; POIANI DANIELA &#8211; ROSSO SERENA &#8211; RUSSO STEFANO &#8211; SIMONA IACCARINI &#8211; KAZEMI MARYAM &#8211; ALFARANO JESSICA</p>
<p>BAHADIROGLU ASIYE GULAY &#8211; BALSEMIN FRANCO &#8211; DEBERNARDI LUCREZIA &#8211; FADANI ALESSANDRA &#8211; FORMIGLI GIANLUCA &#8211; GORI VIVIANA &#8211; GROSSO GIANLUCA &#8211; MANFRONI CRISTINA &#8211; OCCHIPINTI IRENE</p>
<p>OLARU BEATRICE &#8211; POETTO ARIANA SOLEDAD &#8211; POLETTO CLAIRE &#8211; PUGNETTI ROBERTA &#8211; STERNAD TANJA &#8211; ZANIN GIULIA &#8211; BARON ELEONORA &#8211; CERINI VINCENZO SILVANO &#8211; CINGERLA BARBARA &#8211; DANIELI SARA</p>
<p>DE CRESCENZO JOSEF &#8211; DE VIT MARTINA &#8211; ELENA MACAIONE &#8211; NAPOLI PATRIZIA &#8211; PISANI SARA &#8211; QUATTROCIOCCHI CARLO &#8211; SECK AICHA &#8211; LULU&#8217; JACINI &#8211; VENDRAMIN ALVISE &#8211; GIORGIO DELBELLO</p>

<p>Mostra di arti visive che espone le opere di 50 artiste e artisti formatisi in seno all’Università Popolare di Trieste</p>
