{"id":68264,"date":"2025-09-24T15:41:15","date_gmt":"2025-09-24T13:41:15","guid":{"rendered":"https:\/\/imagazine.it\/home_desk\/?post_type=mec-events&#038;p=68264"},"modified":"2025-09-24T15:41:15","modified_gmt":"2025-09-24T13:41:15","slug":"gusti-di-frontiera-avvolge-gorizia","status":"publish","type":"mec-events","link":"https:\/\/imagazine.it\/home_desk\/events\/gusti-di-frontiera-avvolge-gorizia\/","title":{"rendered":"Gusti di Frontiera avvolge Gorizia"},"content":{"rendered":"<p style=\"font-weight: 400;\">Apre i battenti la 20\u00aa edizione di<strong> Gusti di Frontiera \u2013 Special Edition GO! 2025<\/strong>. Quattro giornate in cui le vie e le piazze si trasformeranno in un caleidoscopio di sapori e profumi, con gli oltre <strong>400 stand e i 19 Borghi tematici<\/strong>\u00a0che a inizio giornata inizieranno a diffondere\u00a0<strong>aromi, voci e colori<\/strong> da ogni parte del mondo. Un\u2019edizione storica:\u00a0<strong>vent\u2019anni<\/strong>\u00a0di percorso festeggiati proprio nell\u2019anno in cui\u00a0<strong>Gorizia e Nova Gorica sono Capitale Europea della Cultura<\/strong>.<\/p>\n<p style=\"font-weight: 400;\">Il\u00a0<strong>momento ufficiale<\/strong> \u00e8 atteso gioved\u00ec <strong>alle ore 17 al Salotto del Gusto, in piazza Sant\u2019Antonio<\/strong>, autentico cuore pulsante della manifestazione.<\/p>\n<p style=\"font-weight: 400;\">Dopo i saluti delle autorit\u00e0 accolte dal sindaco <strong>Rodolfo Ziberna<\/strong> e dall\u2019assessore ai Grandi Eventi <strong>Luca Cagliari<\/strong>, sar\u00e0 la volta di un appuntamento di grande richiamo: il\u00a0<strong><em>cooking talk<\/em><\/strong>con\u00a0il<strong>\u00a0<\/strong>macellaio-comunicatore<strong>\u00a0Fabrizio Nonis\u00a0<\/strong>&#8211;<strong>\u00a0<\/strong>conosciuto dal pubblico televisivo con il soprannome di\u00a0<strong>El Bek\u00e9r<\/strong>\u00a0&#8211;\u00a0<strong>e Giorgione<\/strong>, al secolo\u00a0<strong>Giorgio Barchiesi,\u00a0<\/strong>protagonista della<strong>\u00a0<\/strong>celebre trasmissione televisiva \u201c<strong>Giorgione \u2013 Orto e Cucina<\/strong>\u201d.<\/p>\n<p style=\"font-weight: 400;\">Con la conduzione di Alojz Felix Jermann, i due ospiti d\u2019onore della giornata inaugurale condurranno il pubblico in un vivace confronto sul\u00a0<strong>piatto simbolo del Friuli Venezia Giulia<\/strong>, il\u00a0<strong>frico<\/strong>. Tradizione e creativit\u00e0 si incontreranno cos\u00ec in una conversazione capace di unire il calore della memoria con la curiosit\u00e0 della sperimentazione.<\/p>\n<p style=\"font-weight: 400;\">Il\u00a0<strong>Salotto del Gusto<\/strong>, quest\u2019anno curato da\u00a0<strong>Isabella Lupi con il progetto \u201c<em>A Local Feeling<\/em>\u201d<\/strong>, \u00e8 concepito come un\u00a0<strong>palcoscenico dove il vino incontra la musica<\/strong>, l\u2019arte si intreccia con la cucina e i\u00a0<strong>giovani produttori dialogano con le storie del passato<\/strong>.<\/p>\n<p style=\"font-weight: 400;\">Una cornice intima e al tempo stesso internazionale, che nelle giornate successive proporr\u00e0 numerosi incontri:\u00a0<strong>venerd\u00ec un dialogo sulla cucina mitteleuropea con Celestina Goljevscek e il nipote\u00a0<\/strong>Alojz Felix Jermann; sabato il confronto tra i giovani vignaioli del\u00a0<strong>Friuli e della Brda<\/strong>; domenica il dj set di Larry Masmero per un pomeriggio di festa. Ogni sera, degustazioni guidate e aperitivi musicali renderanno il Salotto un punto d\u2019incontro privilegiato.<\/p>\n<p style=\"font-weight: 400;\">Nel frattempo, in\u00a0<strong>piazza Vittoria<\/strong>\u00a0si animer\u00e0 il\u00a0<strong>food truck \u201cIo Sono Friuli Venezia Giulia\u201d<\/strong>, firmato da PromoTurismoFVG: un luogo di accoglienza e scoperta delle eccellenze regionali, con degustazioni, prodotti tipici e un corner dedicato al merchandising ufficiale.<\/p>\n<p style=\"font-weight: 400;\">Tra gli appuntamenti da segnare in agenda, sabato sera l\u2019attesa performance del violinista\u00a0<strong>PierPaolo Foti<\/strong>\u00a0sul rooftop della struttura, che unir\u00e0 musica ed emozione in un\u2019atmosfera suggestiva.<\/p>\n<p style=\"font-weight: 400;\">L\u2019anima\u00a0<strong>cosmopolita<\/strong>\u00a0della manifestazione si sprigiona lungo le strade di Gorizia: il\u00a0<strong>Borgo Italia<\/strong>\u00a0accompagner\u00e0 i visitatori in un viaggio gastronomico dal Trentino alla Sicilia; il\u00a0<strong>Borgo Latinoamericano<\/strong>\u00a0far\u00e0 respirare le note speziate di paesi lontani; l\u2019Europa sar\u00e0 protagonista con\u00a0<strong>Austria, Francia e Mitteleuropa; mentre Africa, Asia e Oceania<\/strong>\u00a0porteranno il loro fascino esotico nel nuovo hub di via Boccaccio.<\/p>\n<p style=\"font-weight: 400;\">Grande attesa anche per il\u00a0<strong>Borgo Nord Europa<\/strong>, rinnovato e ampliato in piazza Vittoria, e per l\u2019inedita\u00a0<strong>area vegetariana e vegana<\/strong>\u00a0in corso Verdi, pensata per un pubblico sempre pi\u00f9 attento alla sostenibilit\u00e0.<\/p>\n<p style=\"font-weight: 400;\">Venerd\u00ec a mezzogiorno un altro momento simbolico: nella storica\u00a0<strong>piazza Transalpina\/Trg Evrope i sindaci di Gorizia e Nova Gorica inaugureranno ufficialmente il Borgo Borderless<\/strong>, autentico emblema di questa edizione, che per la prima volta porta Gusti di Frontiera a cavallo del confine.<\/p>\n<p style=\"font-weight: 400;\">Qui si incontreranno\u00a0<strong>cucine, culture e progetti condivisi<\/strong>, con il contributo delle future Capitali Europee della Cultura e dei giovani viticoltori della Strada del Vino Borderless.<\/p>\n<p style=\"font-weight: 400;\">Accanto al gusto, la citt\u00e0 offrir\u00e0 anche un ricco ventaglio di\u00a0<strong>appuntamenti culturali<\/strong>:\u00a0<strong>aperture gratuite dei musei cittadini, mostre, laboratori e visite guidate<\/strong>\u00a0accompagneranno i visitatori alla scoperta di un patrimonio artistico e storico unico.<\/p>\n<p style=\"font-weight: 400;\">Tra gli eventi speciali, la\u00a0<strong>visita guidata della Transalpina organizzata dal GECT GO<\/strong>\u00a0<strong>venerd\u00ec pomeriggio<\/strong>, occasione per conoscere la storia e la riqualificazione della piazza simbolo della Capitale transfrontaliera (prenotazione obbligatoria su eventbrite).<\/p>\n<p style=\"font-weight: 400;\">A cura di PromoTurismoFVG, ogni giorno saranno proposte passeggiate urbane ed escursioni che intrecciano memoria e suggestioni, dalla Grande Guerra alle atmosfere goriziane, fino alle visite dedicate al Museo del Lasciapassare.<\/p>\n<p style=\"font-weight: 400;\">Per rendere l\u2019esperienza ancora pi\u00f9 accessibile, la manifestazione si accompagna a un importante piano di mobilit\u00e0:\u00a0<strong>treni speciali fino a notte fonda, tariffe agevolate per i viaggiatori, bus navetta gratuiti dai parcheggi di interscambio e collegamenti diretti con piazza Transalpina<\/strong>\u00a0garantiranno a tutti la possibilit\u00e0 di vivere la festa senza pensieri.<\/p>\n","protected":false},"excerpt":{"rendered":"<p>Oltre 400 stand distribuiti in 19 borghi per un mappamondo di sapori, profumi e colori da tutto il pianeta<\/p>\n","protected":false},"author":28,"featured_media":68265,"comment_status":"closed","ping_status":"closed","template":"","tags":[261,826,417,43,2273],"mec_category":[131],"class_list":["post-68264","mec-events","type-mec-events","status-publish","has-post-thumbnail","hentry","tag-eventi","tag-eventi-fvg","tag-food","tag-gorizia","tag-gusti-di-frontiera","mec_category-discovery"],"_links":{"self":[{"href":"https:\/\/imagazine.it\/home_desk\/wp-json\/wp\/v2\/mec-events\/68264","targetHints":{"allow":["GET"]}}],"collection":[{"href":"https:\/\/imagazine.it\/home_desk\/wp-json\/wp\/v2\/mec-events"}],"about":[{"href":"https:\/\/imagazine.it\/home_desk\/wp-json\/wp\/v2\/types\/mec-events"}],"author":[{"embeddable":true,"href":"https:\/\/imagazine.it\/home_desk\/wp-json\/wp\/v2\/users\/28"}],"replies":[{"embeddable":true,"href":"https:\/\/imagazine.it\/home_desk\/wp-json\/wp\/v2\/comments?post=68264"}],"wp:featuredmedia":[{"embeddable":true,"href":"https:\/\/imagazine.it\/home_desk\/wp-json\/wp\/v2\/media\/68265"}],"wp:attachment":[{"href":"https:\/\/imagazine.it\/home_desk\/wp-json\/wp\/v2\/media?parent=68264"}],"wp:term":[{"taxonomy":"post_tag","embeddable":true,"href":"https:\/\/imagazine.it\/home_desk\/wp-json\/wp\/v2\/tags?post=68264"},{"taxonomy":"mec_category","embeddable":true,"href":"https:\/\/imagazine.it\/home_desk\/wp-json\/wp\/v2\/mec_category?post=68264"}],"curies":[{"name":"wp","href":"https:\/\/api.w.org\/{rel}","templated":true}]}}

<p style="font-weight: 400;">Apre i battenti la 20ª edizione di<strong> Gusti di Frontiera – Special Edition GO! 2025</strong>. Quattro giornate in cui le vie e le piazze si trasformeranno in un caleidoscopio di sapori e profumi, con gli oltre <strong>400 stand e i 19 Borghi tematici</strong> che a inizio giornata inizieranno a diffondere <strong>aromi, voci e colori</strong> da ogni parte del mondo. Un’edizione storica: <strong>vent’anni</strong> di percorso festeggiati proprio nell’anno in cui <strong>Gorizia e Nova Gorica sono Capitale Europea della Cultura</strong>.</p>
<p style="font-weight: 400;">Il <strong>momento ufficiale</strong> è atteso giovedì <strong>alle ore 17 al Salotto del Gusto, in piazza Sant’Antonio</strong>, autentico cuore pulsante della manifestazione.</p>
<p style="font-weight: 400;">Dopo i saluti delle autorità accolte dal sindaco <strong>Rodolfo Ziberna</strong> e dall’assessore ai Grandi Eventi <strong>Luca Cagliari</strong>, sarà la volta di un appuntamento di grande richiamo: il <strong><em>cooking talk</em></strong>con il<strong> </strong>macellaio-comunicatore<strong> Fabrizio Nonis </strong>&#8211;<strong> </strong>conosciuto dal pubblico televisivo con il soprannome di <strong>El Bekér</strong> &#8211; <strong>e Giorgione</strong>, al secolo <strong>Giorgio Barchiesi, </strong>protagonista della<strong> </strong>celebre trasmissione televisiva “<strong>Giorgione – Orto e Cucina</strong>”.</p>
<p style="font-weight: 400;">Con la conduzione di Alojz Felix Jermann, i due ospiti d’onore della giornata inaugurale condurranno il pubblico in un vivace confronto sul <strong>piatto simbolo del Friuli Venezia Giulia</strong>, il <strong>frico</strong>. Tradizione e creatività si incontreranno così in una conversazione capace di unire il calore della memoria con la curiosità della sperimentazione.</p>
<p style="font-weight: 400;">Il <strong>Salotto del Gusto</strong>, quest’anno curato da <strong>Isabella Lupi con il progetto “<em>A Local Feeling</em>”</strong>, è concepito come un <strong>palcoscenico dove il vino incontra la musica</strong>, l’arte si intreccia con la cucina e i <strong>giovani produttori dialogano con le storie del passato</strong>.</p>
<p style="font-weight: 400;">Una cornice intima e al tempo stesso internazionale, che nelle giornate successive proporrà numerosi incontri: <strong>venerdì un dialogo sulla cucina mitteleuropea con Celestina Goljevscek e il nipote </strong>Alojz Felix Jermann; sabato il confronto tra i giovani vignaioli del <strong>Friuli e della Brda</strong>; domenica il dj set di Larry Masmero per un pomeriggio di festa. Ogni sera, degustazioni guidate e aperitivi musicali renderanno il Salotto un punto d’incontro privilegiato.</p>
<p style="font-weight: 400;">Nel frattempo, in <strong>piazza Vittoria</strong> si animerà il <strong>food truck “Io Sono Friuli Venezia Giulia”</strong>, firmato da PromoTurismoFVG: un luogo di accoglienza e scoperta delle eccellenze regionali, con degustazioni, prodotti tipici e un corner dedicato al merchandising ufficiale.</p>
<p style="font-weight: 400;">Tra gli appuntamenti da segnare in agenda, sabato sera l’attesa performance del violinista <strong>PierPaolo Foti</strong> sul rooftop della struttura, che unirà musica ed emozione in un’atmosfera suggestiva.</p>
<p style="font-weight: 400;">L’anima <strong>cosmopolita</strong> della manifestazione si sprigiona lungo le strade di Gorizia: il <strong>Borgo Italia</strong> accompagnerà i visitatori in un viaggio gastronomico dal Trentino alla Sicilia; il <strong>Borgo Latinoamericano</strong> farà respirare le note speziate di paesi lontani; l’Europa sarà protagonista con <strong>Austria, Francia e Mitteleuropa; mentre Africa, Asia e Oceania</strong> porteranno il loro fascino esotico nel nuovo hub di via Boccaccio.</p>
<p style="font-weight: 400;">Grande attesa anche per il <strong>Borgo Nord Europa</strong>, rinnovato e ampliato in piazza Vittoria, e per l’inedita <strong>area vegetariana e vegana</strong> in corso Verdi, pensata per un pubblico sempre più attento alla sostenibilità.</p>
<p style="font-weight: 400;">Venerdì a mezzogiorno un altro momento simbolico: nella storica <strong>piazza Transalpina/Trg Evrope i sindaci di Gorizia e Nova Gorica inaugureranno ufficialmente il Borgo Borderless</strong>, autentico emblema di questa edizione, che per la prima volta porta Gusti di Frontiera a cavallo del confine.</p>
<p style="font-weight: 400;">Qui si incontreranno <strong>cucine, culture e progetti condivisi</strong>, con il contributo delle future Capitali Europee della Cultura e dei giovani viticoltori della Strada del Vino Borderless.</p>
<p style="font-weight: 400;">Accanto al gusto, la città offrirà anche un ricco ventaglio di <strong>appuntamenti culturali</strong>: <strong>aperture gratuite dei musei cittadini, mostre, laboratori e visite guidate</strong> accompagneranno i visitatori alla scoperta di un patrimonio artistico e storico unico.</p>
<p style="font-weight: 400;">Tra gli eventi speciali, la <strong>visita guidata della Transalpina organizzata dal GECT GO</strong> <strong>venerdì pomeriggio</strong>, occasione per conoscere la storia e la riqualificazione della piazza simbolo della Capitale transfrontaliera (prenotazione obbligatoria su eventbrite).</p>
<p style="font-weight: 400;">A cura di PromoTurismoFVG, ogni giorno saranno proposte passeggiate urbane ed escursioni che intrecciano memoria e suggestioni, dalla Grande Guerra alle atmosfere goriziane, fino alle visite dedicate al Museo del Lasciapassare.</p>
<p style="font-weight: 400;">Per rendere l’esperienza ancora più accessibile, la manifestazione si accompagna a un importante piano di mobilità: <strong>treni speciali fino a notte fonda, tariffe agevolate per i viaggiatori, bus navetta gratuiti dai parcheggi di interscambio e collegamenti diretti con piazza Transalpina</strong> garantiranno a tutti la possibilità di vivere la festa senza pensieri.</p>
