{"id":68173,"date":"2025-09-19T18:21:40","date_gmt":"2025-09-19T16:21:40","guid":{"rendered":"https:\/\/imagazine.it\/home_desk\/?post_type=mec-events&#038;p=68173"},"modified":"2025-09-19T18:23:00","modified_gmt":"2025-09-19T16:23:00","slug":"senza-frontiere-senza-barriere-incisione-europea-contemporanea","status":"publish","type":"mec-events","link":"https:\/\/imagazine.it\/home_desk\/events\/senza-frontiere-senza-barriere-incisione-europea-contemporanea\/","title":{"rendered":"Senza frontiere, senza barriere. Incisione europea contemporanea"},"content":{"rendered":"<p><span style=\"font-size: 10pt;\"><em>Mikael Kihlman (Svezia) &#8211; I am thinking about Helsinki&#8230;, 2016 &#8211; Puntasecca<\/em><\/span><\/p>\n<p style=\"font-weight: 400;\">Gli spazi espositivi dell\u2019<strong>Auditorium della Cultura Friulana<\/strong>, in via Roma 23 a Gorizia, ospiteranno, da venerd\u00ec 26 settembre, la mostra \u201c<em><strong>Senza frontiere, senza barriere. Incisione europea contemporanea<\/strong>\u201d,\u00a0<\/em>curata dall\u2019<strong>Associazione Nazionale Incisori Contemporanei<\/strong> e realizzata in collaborazione con il Comune di Gorizia.<\/p>\n<p style=\"font-weight: 400;\">Diversamente da altre mostre, 75 quelle realizzate in tre continenti nei tredici anni di vita, dove l\u2019Associazione espone opere di propri artisti e quelle di artisti di un\u2019altra nazione, nell\u2019ambito di progetti di scambi culturali internazionali, questa volta saranno esposte opere di artisti di molte nazioni in quello che \u00e8 uno degli eventi espositivi del progetto \u201c<em>WorldWide Prints<\/em>\u201d che l\u2019Associazione ha lanciato qualche anno fa.<\/p>\n<p style=\"font-weight: 400;\">Si tratta di un&#8217;iniziativa artistico-culturale che mira a raccogliere stampe di piccolo formato, su fogli di 20&#215;20 cm, di artisti provenienti da tutto il mondo, per promuovere la conoscenza e la consapevolezza dell&#8217;arte grafica, facendo conoscere a quanta pi\u00f9 gente possibile, attraverso il web e le mostre, i diversi modi di fare arte grafica nel mondo confrontando e unendo nazioni diverse.<\/p>\n<p style=\"font-weight: 400;\">\u00c8 anche un&#8217;iniziativa sociale perch\u00e9 vuole riunire artisti che, con i loro diversi contesti artistici, culturali e sociali, con la loro provenienza, contribuiscono a creare una comunit\u00e0 virtuale dove non esistono muri e barriere. Sono state raccolte finora circa 1000 stampe di circa 500 artisti di 61 nazioni.<\/p>\n<p style=\"font-weight: 400;\">Le opere e le biografie degli artisti sono pubblicate nel sito web dell\u2019Associazione al link <span style=\"text-decoration: underline;\"><a href=\"http:\/\/www.incisoricontemporanei.it\/it\/sezioni\/WorldWide-Prints_8.htm\" data-saferedirecturl=\"https:\/\/www.google.com\/url?q=http:\/\/www.incisoricontemporanei.it\/it\/sezioni\/WorldWide-Prints_8.htm&amp;source=gmail&amp;ust=1758368428299000&amp;usg=AOvVaw1_aQkBSlxJ0zBCW7jKMPJ3\" target=\"_blank\" rel=\"noopener\">www.incisoricontemporanei.it\/it\/sezioni\/WorldWide-Prints_8.htm<\/a><\/span><\/p>\n<p style=\"font-weight: 400;\">Finora sono state fatte tre mostre del progetto in Italia e una a Buenos Aires. La maggior parte degli artisti ha partecipato al progetto con 2 o pi\u00f9 stampe, altri con una sola stampa. Nelle mostre finora fatte \u00e8 stata esposta una sola stampa per artista.<\/p>\n<p style=\"font-weight: 400;\">Nella mostra di Gorizia, per il fatto che \u00e8 capitale europea della cultura 2025, si \u00e8 deciso di esporre le stampe dei soli artisti europei che non erano state mai esposte nelle mostre precedenti. Si tratta di 270 opere realizzate da circa 250 artisti di 34 nazioni europee. Tra le opere esposte anche quelle di due artisti goriziani, soci dell\u2019Associazione: <strong>Ada Candussi<\/strong> e <strong>Dario Delpin<\/strong>.<\/p>\n<p style=\"font-weight: 400;\">La mostra di Gorizia accoglie la variet\u00e0 di tutte le tecniche incisorie classiche (acquaforte, acquatinta, bulino, puntasecca, xilografia, litografia, serigrafia, ecc.), tecniche recenti come la stampa digitale e tecniche sperimentali, lasciando al visitatore la possibilit\u00e0 di godere non solo della bellezza estetica delle opere, ma anche la finezza tecnica e l\u2019abilit\u00e0 creativa dei maestri delle 34 nazioni.<\/p>\n<p style=\"font-weight: 400;\">L\u2019esposizione sar\u00e0 inaugurata sabato 27 settembre alle 16.30 e sar\u00e0 poi visitabile con ingresso libero <strong>fino a gioved\u00ec 30 ottobre<\/strong>, <strong>da marted\u00ec a domenica<\/strong> con orario <strong>10-13 e 16-19<\/strong>.<\/p>\n","protected":false},"excerpt":{"rendered":"<p>I diversi modi di fare arte grafica nel mondo si confrontano a Gorizia in una mostra con maestri da 34 nazioni<\/p>\n","protected":false},"author":28,"featured_media":68174,"comment_status":"closed","ping_status":"closed","template":"","tags":[165,261,826,43,2486,60],"mec_category":[59],"class_list":["post-68173","mec-events","type-mec-events","status-publish","has-post-thumbnail","hentry","tag-arte","tag-eventi","tag-eventi-fvg","tag-gorizia","tag-incisione","tag-mostre","mec_category-meeting"],"_links":{"self":[{"href":"https:\/\/imagazine.it\/home_desk\/wp-json\/wp\/v2\/mec-events\/68173","targetHints":{"allow":["GET"]}}],"collection":[{"href":"https:\/\/imagazine.it\/home_desk\/wp-json\/wp\/v2\/mec-events"}],"about":[{"href":"https:\/\/imagazine.it\/home_desk\/wp-json\/wp\/v2\/types\/mec-events"}],"author":[{"embeddable":true,"href":"https:\/\/imagazine.it\/home_desk\/wp-json\/wp\/v2\/users\/28"}],"replies":[{"embeddable":true,"href":"https:\/\/imagazine.it\/home_desk\/wp-json\/wp\/v2\/comments?post=68173"}],"wp:featuredmedia":[{"embeddable":true,"href":"https:\/\/imagazine.it\/home_desk\/wp-json\/wp\/v2\/media\/68174"}],"wp:attachment":[{"href":"https:\/\/imagazine.it\/home_desk\/wp-json\/wp\/v2\/media?parent=68173"}],"wp:term":[{"taxonomy":"post_tag","embeddable":true,"href":"https:\/\/imagazine.it\/home_desk\/wp-json\/wp\/v2\/tags?post=68173"},{"taxonomy":"mec_category","embeddable":true,"href":"https:\/\/imagazine.it\/home_desk\/wp-json\/wp\/v2\/mec_category?post=68173"}],"curies":[{"name":"wp","href":"https:\/\/api.w.org\/{rel}","templated":true}]}}

<p><span style="font-size: 10pt;"><em>Mikael Kihlman (Svezia) &#8211; I am thinking about Helsinki&#8230;, 2016 &#8211; Puntasecca</em></span></p>
<p style="font-weight: 400;">Gli spazi espositivi dell’<strong>Auditorium della Cultura Friulana</strong>, in via Roma 23 a Gorizia, ospiteranno, da venerdì 26 settembre, la mostra “<em><strong>Senza frontiere, senza barriere. Incisione europea contemporanea</strong>”, </em>curata dall’<strong>Associazione Nazionale Incisori Contemporanei</strong> e realizzata in collaborazione con il Comune di Gorizia.</p>
<p style="font-weight: 400;">Diversamente da altre mostre, 75 quelle realizzate in tre continenti nei tredici anni di vita, dove l’Associazione espone opere di propri artisti e quelle di artisti di un’altra nazione, nell’ambito di progetti di scambi culturali internazionali, questa volta saranno esposte opere di artisti di molte nazioni in quello che è uno degli eventi espositivi del progetto “<em>WorldWide Prints</em>” che l’Associazione ha lanciato qualche anno fa.</p>
<p style="font-weight: 400;">Si tratta di un&#8217;iniziativa artistico-culturale che mira a raccogliere stampe di piccolo formato, su fogli di 20&#215;20 cm, di artisti provenienti da tutto il mondo, per promuovere la conoscenza e la consapevolezza dell&#8217;arte grafica, facendo conoscere a quanta più gente possibile, attraverso il web e le mostre, i diversi modi di fare arte grafica nel mondo confrontando e unendo nazioni diverse.</p>
<p style="font-weight: 400;">È anche un&#8217;iniziativa sociale perché vuole riunire artisti che, con i loro diversi contesti artistici, culturali e sociali, con la loro provenienza, contribuiscono a creare una comunità virtuale dove non esistono muri e barriere. Sono state raccolte finora circa 1000 stampe di circa 500 artisti di 61 nazioni.</p>
<p style="font-weight: 400;">Le opere e le biografie degli artisti sono pubblicate nel sito web dell’Associazione al link <span style="text-decoration: underline;"><a href="http://www.incisoricontemporanei.it/it/sezioni/WorldWide-Prints_8.htm" data-saferedirecturl="https://www.google.com/url?q=http://www.incisoricontemporanei.it/it/sezioni/WorldWide-Prints_8.htm&amp;source=gmail&amp;ust=1758368428299000&amp;usg=AOvVaw1_aQkBSlxJ0zBCW7jKMPJ3" target="_blank" rel="noopener">www.incisoricontemporanei.it/it/sezioni/WorldWide-Prints_8.htm</a></span></p>
<p style="font-weight: 400;">Finora sono state fatte tre mostre del progetto in Italia e una a Buenos Aires. La maggior parte degli artisti ha partecipato al progetto con 2 o più stampe, altri con una sola stampa. Nelle mostre finora fatte è stata esposta una sola stampa per artista.</p>
<p style="font-weight: 400;">Nella mostra di Gorizia, per il fatto che è capitale europea della cultura 2025, si è deciso di esporre le stampe dei soli artisti europei che non erano state mai esposte nelle mostre precedenti. Si tratta di 270 opere realizzate da circa 250 artisti di 34 nazioni europee. Tra le opere esposte anche quelle di due artisti goriziani, soci dell’Associazione: <strong>Ada Candussi</strong> e <strong>Dario Delpin</strong>.</p>
<p style="font-weight: 400;">La mostra di Gorizia accoglie la varietà di tutte le tecniche incisorie classiche (acquaforte, acquatinta, bulino, puntasecca, xilografia, litografia, serigrafia, ecc.), tecniche recenti come la stampa digitale e tecniche sperimentali, lasciando al visitatore la possibilità di godere non solo della bellezza estetica delle opere, ma anche la finezza tecnica e l’abilità creativa dei maestri delle 34 nazioni.</p>
<p style="font-weight: 400;">L’esposizione sarà inaugurata sabato 27 settembre alle 16.30 e sarà poi visitabile con ingresso libero <strong>fino a giovedì 30 ottobre</strong>, <strong>da martedì a domenica</strong> con orario <strong>10-13 e 16-19</strong>.</p>
