{"id":68139,"date":"2025-09-18T16:58:36","date_gmt":"2025-09-18T14:58:36","guid":{"rendered":"https:\/\/imagazine.it\/home_desk\/?post_type=mec-events&#038;p=68139"},"modified":"2025-09-18T16:58:36","modified_gmt":"2025-09-18T14:58:36","slug":"urban-svela-la-citta-e-i-suoi-segreti","status":"publish","type":"mec-events","link":"https:\/\/imagazine.it\/home_desk\/events\/urban-svela-la-citta-e-i-suoi-segreti\/","title":{"rendered":"URBAN svela la citt\u00e0 e i suoi segreti"},"content":{"rendered":"<p>Fino all\u20198 novembre 2025, il Palazzo Poste di piazza Vittorio Veneto 1 sar\u00e0 il protagonista della mostra \u201c<em>URBAN Unveils the City and its Secrets<\/em>\u201d (URBAN svela la citt\u00e0 e i suoi segreti), un tributo ai luoghi che spesso non conosciamo o non abbiamo guardato abbastanza.<\/p>\n<p>Il percorso rappresenta una selezione di opere presentate a \u201cURBAN Photo Awards\u201d, uno dei pi\u00f9 importanti concorsi fotografici a livello internazionale, cui nel 2025 hanno presentato la propria candidatura circa 17.000 fotografie provenienti da ogni parte del mondo.<\/p>\n<p>Giunto alla sua sedicesima edizione, \u201c<em>URBAN<\/em>\u201d ha la missione di raccontare, attraverso scatti di grande sensibilit\u00e0 e pregio, l\u2019ingegno, l\u2019operosit\u00e0, la poesia e l\u2019arte che animano la vita urbana in ogni luogo del mondo.<\/p>\n<p>Cos\u00ec come Poste Italiane \u00e8 parte integrante della vita quotidiana della gente, la mostra offre uno sguardo sulle storie, gli occhi e le anime delle \u201cpersone e dei luoghi del mondo\u201d.<\/p>\n<p>Le fotografie, scattate \u201c<em>on the road<\/em>\u201d in citt\u00e0 di ogni latitudine, catturano le molteplici sfumature della vita urbana, rendendo cos\u00ec omaggio alla complessit\u00e0 e alla bellezza del vivere metropolitano, immortalate cos\u00ec in uno scatto.<\/p>\n<p>La mostra, organizzata dalle Associazioni culturali <em>dotART<\/em> e <em>Exhibit Around APS<\/em>, rientra tra i principali eventi del <em>Trieste Photo Days \u2013 Festival Internazionale di Fotografia<\/em> (dal 23 al 26 ottobre) che da 12 anni porta la grande fotografia mondiale nel cuore di Trieste.<\/p>\n<p>L\u2019esposizione sar\u00e0 visitabile <strong>dal luned\u00ec al sabato<\/strong> osservando gli orari dell\u2019ufficio postale: dal luned\u00ec al venerd\u00ec 8.20-19.05 e il sabato dalle 8.20 alle 12.35.<\/p>\n","protected":false},"excerpt":{"rendered":"<p>A Trieste la mostra fotografica tributo ai luoghi che spesso non conosciamo o non abbiamo guardato abbastanza<\/p>\n","protected":false},"author":28,"featured_media":68140,"comment_status":"closed","ping_status":"closed","template":"","tags":[261,826,293,60,65],"mec_category":[59],"class_list":["post-68139","mec-events","type-mec-events","status-publish","has-post-thumbnail","hentry","tag-eventi","tag-eventi-fvg","tag-fotografia","tag-mostre","tag-trieste","mec_category-meeting"],"_links":{"self":[{"href":"https:\/\/imagazine.it\/home_desk\/wp-json\/wp\/v2\/mec-events\/68139","targetHints":{"allow":["GET"]}}],"collection":[{"href":"https:\/\/imagazine.it\/home_desk\/wp-json\/wp\/v2\/mec-events"}],"about":[{"href":"https:\/\/imagazine.it\/home_desk\/wp-json\/wp\/v2\/types\/mec-events"}],"author":[{"embeddable":true,"href":"https:\/\/imagazine.it\/home_desk\/wp-json\/wp\/v2\/users\/28"}],"replies":[{"embeddable":true,"href":"https:\/\/imagazine.it\/home_desk\/wp-json\/wp\/v2\/comments?post=68139"}],"wp:featuredmedia":[{"embeddable":true,"href":"https:\/\/imagazine.it\/home_desk\/wp-json\/wp\/v2\/media\/68140"}],"wp:attachment":[{"href":"https:\/\/imagazine.it\/home_desk\/wp-json\/wp\/v2\/media?parent=68139"}],"wp:term":[{"taxonomy":"post_tag","embeddable":true,"href":"https:\/\/imagazine.it\/home_desk\/wp-json\/wp\/v2\/tags?post=68139"},{"taxonomy":"mec_category","embeddable":true,"href":"https:\/\/imagazine.it\/home_desk\/wp-json\/wp\/v2\/mec_category?post=68139"}],"curies":[{"name":"wp","href":"https:\/\/api.w.org\/{rel}","templated":true}]}}

URBAN svela la città e i suoi segreti

<p>Fino all’8 novembre 2025, il Palazzo Poste di piazza Vittorio Veneto 1 sarà il protagonista della mostra “<em>URBAN Unveils the City and its Secrets</em>” (URBAN svela la città e i suoi segreti), un tributo ai luoghi che spesso non conosciamo o non abbiamo guardato abbastanza.</p>
<p>Il percorso rappresenta una selezione di opere presentate a “URBAN Photo Awards”, uno dei più importanti concorsi fotografici a livello internazionale, cui nel 2025 hanno presentato la propria candidatura circa 17.000 fotografie provenienti da ogni parte del mondo.</p>
<p>Giunto alla sua sedicesima edizione, “<em>URBAN</em>” ha la missione di raccontare, attraverso scatti di grande sensibilità e pregio, l’ingegno, l’operosità, la poesia e l’arte che animano la vita urbana in ogni luogo del mondo.</p>
<p>Così come Poste Italiane è parte integrante della vita quotidiana della gente, la mostra offre uno sguardo sulle storie, gli occhi e le anime delle “persone e dei luoghi del mondo”.</p>
<p>Le fotografie, scattate “<em>on the road</em>” in città di ogni latitudine, catturano le molteplici sfumature della vita urbana, rendendo così omaggio alla complessità e alla bellezza del vivere metropolitano, immortalate così in uno scatto.</p>
<p>La mostra, organizzata dalle Associazioni culturali <em>dotART</em> e <em>Exhibit Around APS</em>, rientra tra i principali eventi del <em>Trieste Photo Days – Festival Internazionale di Fotografia</em> (dal 23 al 26 ottobre) che da 12 anni porta la grande fotografia mondiale nel cuore di Trieste.</p>
<p>L’esposizione sarà visitabile <strong>dal lunedì al sabato</strong> osservando gli orari dell’ufficio postale: dal lunedì al venerdì 8.20-19.05 e il sabato dalle 8.20 alle 12.35.</p>
