{"id":68117,"date":"2025-09-18T12:15:40","date_gmt":"2025-09-18T10:15:40","guid":{"rendered":"https:\/\/imagazine.it\/home_desk\/?post_type=mec-events&#038;p=68117"},"modified":"2025-09-18T12:18:56","modified_gmt":"2025-09-18T10:18:56","slug":"yulia-berinskaya-in-concerto-a-gorizia","status":"publish","type":"mec-events","link":"https:\/\/imagazine.it\/home_desk\/events\/yulia-berinskaya-in-concerto-a-gorizia\/","title":{"rendered":"Yulia Berinskaya in concerto a Gorizia"},"content":{"rendered":"<p><span style=\"font-size: 10pt;\"><em>Yulia Berinskaya<\/em><\/span><\/p>\n<p style=\"font-weight: 400;\">Il festival internazionale di musica e territori\u00a0<em><strong>Nei Suoni Dei Luoghi<\/strong><\/em>\u00a0propone il quinto appuntamento del ciclo dal titolo \u201c<em><strong>Insieme<\/strong><strong>\/<\/strong><strong>Skupaj<\/strong><\/em>\u201d, serie di concerti che vede protagonisti ensemble formati da talenti emergenti italiani e sloveni, affiancati a musicisti di comprovato valore internazionale.<\/p>\n<p style=\"font-weight: 400;\"><strong>Sabato 20 settembre<\/strong>\u00a0alle 20.45, nell\u2019elegante salone d\u2019onore di\u00a0<strong>Palazzo De Grazia<\/strong>\u00a0a\u00a0<strong>Gorizia<\/strong>\u00a0(Via Guglielmo Oberdan 15), a emozionare il pubblico sar\u00e0 un quartetto guidato dalla violinista\u00a0<strong>Yulia Berinskaya<\/strong>, solista e camerista di rilievo internazionale, al grande ritorno al festival, accanto a tre giovani talenti: la violista\u00a0<strong>Elisa Marchetto<\/strong>, la violoncellista\u00a0<strong>Elisa Fassetta<\/strong>\u00a0e il pianista sloveno\u00a0<strong>Slak Nace<\/strong>.<\/p>\n<p style=\"font-weight: 400;\">Il concerto, che vede anche la partecipazione della direttrice artistica di Nei Suoni Dei Luoghi\u00a0<strong>Valentina Danelon<\/strong>, precede l\u2019esecuzione di un programma con musiche di\u00a0<strong>Dm\u00edtrij Dm\u00edtrievi\u010d \u0160ostakovi\u010d<\/strong>\u00a0e\u00a0<strong>Robert Schumann<\/strong>.<\/p>\n<p style=\"font-weight: 400;\">L\u2019evento, parte del programma di\u00a0<strong>GO! 2025<\/strong>\u00a0Nova Gorica e Gorizia Capitale Europea della Cultura e organizzato in collaborazione con\u00a0<strong>Kulturni dom Nova Gorica<\/strong>, \u00e8 a\u00a0<strong>ingresso libero<\/strong>. Il programma completo del festival su\u00a0<span style=\"text-decoration: underline;\"><a href=\"http:\/\/www.neisuonideiluoghi.it\/\" data-saferedirecturl=\"https:\/\/www.google.com\/url?q=http:\/\/www.neisuonideiluoghi.it&amp;source=gmail&amp;ust=1758274931114000&amp;usg=AOvVaw2Zhmv3nIYNWxPiChHqcYgE\" target=\"_blank\" rel=\"noopener\">www.neisuonideiluoghi.it<\/a><\/span>.<\/p>\n<p style=\"font-weight: 400;\">Il programma accosta due opere cameristiche giovanili che rivelano gi\u00e0 l\u2019impronta distintiva di due grandi personalit\u00e0 della musica: il\u00a0<strong><em>Trio n. 1<\/em><\/strong>\u00a0di\u00a0<strong>Dm\u00edtrij \u0160ostakovi\u010d<\/strong>\u00a0e il\u00a0<strong><em>Quartetto con pianoforte op. 47<\/em><\/strong>\u00a0di\u00a0<strong>Robert Schumann<\/strong>.<\/p>\n<p style=\"font-weight: 400;\">Composto nel 1923 a soli 17 anni, il trio di \u0160ostakovi\u010d si presenta come una pagina intensa, pervasa da lirismo e inquietudine, con momenti di slancio romantico atipico per il compositore, che nel suo linguaggio maturo si definir\u00e0 per ironia e tensioni drammatiche. Schumann scrisse il suo Quartetto per pianoforte e archi nel 1842, l\u2019anno in cui decise di rivolgere la sua attenzione alla produzione cameristica arrivando a comporre alcuni capolavori assoluti della letteratura musicale romantica.<\/p>\n<p style=\"font-weight: 400;\">L\u2019opera coniuga poesia e struttura classica, e il pianoforte, pur centrale, dialoga con gli archi in un intreccio ricco e dinamico, dominato da un lirismo intimo e a tratti visionario. Due opere lontane per contesto e stile, unite da una comune urgenza espressiva e da una scrittura cameristica densa e comunicativa.<\/p>\n<p style=\"font-weight: 400;\">In apertura i\u00a0<strong><em>Cinque pezzi per due violini e pianoforte<\/em><\/strong>\u00a0sempre composti da \u0160ostakovi\u010d.<\/p>\n","protected":false},"excerpt":{"rendered":"<p>La violinista del Donetsk in scena con un quartetto d&#8217;eccezione per il festival &#8220;Nei suoni dei luoghi&#8221;<\/p>\n","protected":false},"author":28,"featured_media":68118,"comment_status":"closed","ping_status":"closed","template":"","tags":[861,261,826,43,55],"mec_category":[99],"class_list":["post-68117","mec-events","type-mec-events","status-publish","has-post-thumbnail","hentry","tag-concerti","tag-eventi","tag-eventi-fvg","tag-gorizia","tag-musica","mec_category-music"],"_links":{"self":[{"href":"https:\/\/imagazine.it\/home_desk\/wp-json\/wp\/v2\/mec-events\/68117","targetHints":{"allow":["GET"]}}],"collection":[{"href":"https:\/\/imagazine.it\/home_desk\/wp-json\/wp\/v2\/mec-events"}],"about":[{"href":"https:\/\/imagazine.it\/home_desk\/wp-json\/wp\/v2\/types\/mec-events"}],"author":[{"embeddable":true,"href":"https:\/\/imagazine.it\/home_desk\/wp-json\/wp\/v2\/users\/28"}],"replies":[{"embeddable":true,"href":"https:\/\/imagazine.it\/home_desk\/wp-json\/wp\/v2\/comments?post=68117"}],"wp:featuredmedia":[{"embeddable":true,"href":"https:\/\/imagazine.it\/home_desk\/wp-json\/wp\/v2\/media\/68118"}],"wp:attachment":[{"href":"https:\/\/imagazine.it\/home_desk\/wp-json\/wp\/v2\/media?parent=68117"}],"wp:term":[{"taxonomy":"post_tag","embeddable":true,"href":"https:\/\/imagazine.it\/home_desk\/wp-json\/wp\/v2\/tags?post=68117"},{"taxonomy":"mec_category","embeddable":true,"href":"https:\/\/imagazine.it\/home_desk\/wp-json\/wp\/v2\/mec_category?post=68117"}],"curies":[{"name":"wp","href":"https:\/\/api.w.org\/{rel}","templated":true}]}}

<p><span style="font-size: 10pt;"><em>Yulia Berinskaya</em></span></p>
<p style="font-weight: 400;">Il festival internazionale di musica e territori <em><strong>Nei Suoni Dei Luoghi</strong></em> propone il quinto appuntamento del ciclo dal titolo “<em><strong>Insieme</strong><strong>/</strong><strong>Skupaj</strong></em>”, serie di concerti che vede protagonisti ensemble formati da talenti emergenti italiani e sloveni, affiancati a musicisti di comprovato valore internazionale.</p>
<p style="font-weight: 400;"><strong>Sabato 20 settembre</strong> alle 20.45, nell’elegante salone d’onore di <strong>Palazzo De Grazia</strong> a <strong>Gorizia</strong> (Via Guglielmo Oberdan 15), a emozionare il pubblico sarà un quartetto guidato dalla violinista <strong>Yulia Berinskaya</strong>, solista e camerista di rilievo internazionale, al grande ritorno al festival, accanto a tre giovani talenti: la violista <strong>Elisa Marchetto</strong>, la violoncellista <strong>Elisa Fassetta</strong> e il pianista sloveno <strong>Slak Nace</strong>.</p>
<p style="font-weight: 400;">Il concerto, che vede anche la partecipazione della direttrice artistica di Nei Suoni Dei Luoghi <strong>Valentina Danelon</strong>, precede l’esecuzione di un programma con musiche di <strong>Dmítrij Dmítrievič Šostakovič</strong> e <strong>Robert Schumann</strong>.</p>
<p style="font-weight: 400;">L’evento, parte del programma di <strong>GO! 2025</strong> Nova Gorica e Gorizia Capitale Europea della Cultura e organizzato in collaborazione con <strong>Kulturni dom Nova Gorica</strong>, è a <strong>ingresso libero</strong>. Il programma completo del festival su <span style="text-decoration: underline;"><a href="http://www.neisuonideiluoghi.it/" data-saferedirecturl="https://www.google.com/url?q=http://www.neisuonideiluoghi.it&amp;source=gmail&amp;ust=1758274931114000&amp;usg=AOvVaw2Zhmv3nIYNWxPiChHqcYgE" target="_blank" rel="noopener">www.neisuonideiluoghi.it</a></span>.</p>
<p style="font-weight: 400;">Il programma accosta due opere cameristiche giovanili che rivelano già l’impronta distintiva di due grandi personalità della musica: il <strong><em>Trio n. 1</em></strong> di <strong>Dmítrij Šostakovič</strong> e il <strong><em>Quartetto con pianoforte op. 47</em></strong> di <strong>Robert Schumann</strong>.</p>
<p style="font-weight: 400;">Composto nel 1923 a soli 17 anni, il trio di Šostakovič si presenta come una pagina intensa, pervasa da lirismo e inquietudine, con momenti di slancio romantico atipico per il compositore, che nel suo linguaggio maturo si definirà per ironia e tensioni drammatiche. Schumann scrisse il suo Quartetto per pianoforte e archi nel 1842, l’anno in cui decise di rivolgere la sua attenzione alla produzione cameristica arrivando a comporre alcuni capolavori assoluti della letteratura musicale romantica.</p>
<p style="font-weight: 400;">L’opera coniuga poesia e struttura classica, e il pianoforte, pur centrale, dialoga con gli archi in un intreccio ricco e dinamico, dominato da un lirismo intimo e a tratti visionario. Due opere lontane per contesto e stile, unite da una comune urgenza espressiva e da una scrittura cameristica densa e comunicativa.</p>
<p style="font-weight: 400;">In apertura i <strong><em>Cinque pezzi per due violini e pianoforte</em></strong> sempre composti da Šostakovič.</p>
