{"id":68037,"date":"2025-09-16T14:35:24","date_gmt":"2025-09-16T12:35:24","guid":{"rendered":"https:\/\/imagazine.it\/home_desk\/?post_type=mec-events&#038;p=68037"},"modified":"2025-09-16T14:38:14","modified_gmt":"2025-09-16T12:38:14","slug":"fuga-dal-campo-107","status":"publish","type":"mec-events","link":"https:\/\/imagazine.it\/home_desk\/events\/fuga-dal-campo-107\/","title":{"rendered":"Fuga dal campo 107"},"content":{"rendered":"<p style=\"font-weight: 400;\"><strong>Domenica 21 settembre<\/strong>, con inizio alle ore 17, nella ex scuola elementare del Villaggio Roma (Torviscosa) avr\u00e0 luogo uno spettacolo teatrale intitolato \u201c<em>Fuga dal campo 107<\/em>\u201d.<\/p>\n<p style=\"font-weight: 400;\">Il progetto \u00e8 della <strong>Pro Torviscosa aps<\/strong>, mentre sceneggiatura e regia sono di <strong>Dario Ponissi<\/strong> e <strong>Romana Maiori<\/strong> del \u201cTeatro del leone\u201d. Gli attori sono i giovani del gruppo \u201cForse speciali\u201d: <strong>Claudio Mancino<\/strong>, <strong>Francesco Tinonin<\/strong>, <strong>Irene Rassatti<\/strong>, <strong>Stefano Colobig<\/strong>, <strong>Emma Cignola<\/strong>, <strong>Marina Cuocci<\/strong>, <strong>Biagio Zulian<\/strong>.<\/p>\n<p style=\"font-weight: 400;\">Lo spettacolo rievoca i destini di alcuni dei prigionieri fuggiti dal campo di Torviscosa dopo l\u20198 settembre 1943. Il campo PG 107 \u00e8 stato uno dei campi di lavoro per prigionieri di guerra in Italia durante il secondo conflitto mondiale; entr\u00f2 in funzione nel 1942 e per oltre anno vi furono internati mille prigionieri di nazionalit\u00e0 neozelandese o sudafricana arruolati negli eserciti britannici.<\/p>\n<p style=\"font-weight: 400;\">La resa dell\u2019esercito italiano agli alleati lasci\u00f2 sguarniti i campi di prigionia: nei giorni successivi, guardie e carabinieri se ne andarono e molti dei prigionieri del 107 decisero di fuggire nella speranza di poter raggiungere presto le truppe alleate. In realt\u00e0, solo pochi furono cos\u00ec fortunati: per alcuni la fuga dur\u00f2 diversi mesi, per altri termin\u00f2 con un nuovo internamento nei campi nazisti. Ci furono per\u00f2 anche storie a lieto fine.<\/p>\n<p style=\"font-weight: 400;\">Il destino del campo di prigionia, invece, fu quello di trasformarsi in un villaggio per gli operai agricoli della SNIA Viscosa che nel dopoguerra assunse il nome di Villaggio Roma.<\/p>\n<p style=\"font-weight: 400;\">La sceneggiatura dello spettacolo si \u00e8 basata sui diari di alcuni ex prigionieri messi a disposizione dai loro familiari che hanno visitato il sito dell\u2019ex campo 107. A questi materiali si sono aggiunte le interviste rilasciate ai comandi alleati al loro rientro in patria, ritrovati da alcuni soci della Pro Torviscosa in una visita all\u2019Archivio Nazionale di Wellington.<\/p>\n<p style=\"font-weight: 400;\">Da questi documenti emergono alcuni dettagli dei fatti storici pi\u00f9 noti (le reazioni alla notizia dell\u2019armistizio, l\u2019arrivo dell\u2019esercito tedesco), ma soprattutto altri meno noti, come la straordinaria prova di generosit\u00e0 e coraggio dimostrata dalle donne del Friuli e dalle loro famiglie nel prestare aiuto agli ex prigionieri fuggiti dal campo.<\/p>\n<p style=\"font-weight: 400;\">Uno dei nascondigli utilizzati dai prigionieri del 107 nei primi giorni dopo la fuga fu la fornace chiamata \u201cLa Foredana\u201d in comune di Porpetto, lontana solo qualche chilometro dal Villaggio Roma. Dopo lo spettacolo teatrale di domenica, i visitatori che lo desiderano potranno ripercorrere a piedi uno dei percorsi di fuga dal campo fino alla Foredana, accompagnati dai volontari della Pro Torviscosa.<\/p>\n<p><img loading=\"lazy\" decoding=\"async\" class=\"aligncenter size-full wp-image-68038\" src=\"https:\/\/imagazine.it\/wp-content\/uploads\/2025\/09\/fugaCampo.jpg\" alt=\"\" width=\"960\" height=\"480\" title=\"\" srcset=\"https:\/\/imagazine.it\/wp-content\/uploads\/2025\/09\/fugaCampo.jpg 960w, https:\/\/imagazine.it\/wp-content\/uploads\/2025\/09\/fugaCampo-300x150.jpg 300w, https:\/\/imagazine.it\/wp-content\/uploads\/2025\/09\/fugaCampo-768x384.jpg 768w\" sizes=\"auto, (max-width: 960px) 100vw, 960px\" \/><\/p>\n<p style=\"font-weight: 400;\">Per il rientro \u00e8 garantito un servizio di trasporto, previa prenotazione obbligatoria: informazioni sul sito <a href=\"https:\/\/protorviscosa.us19.list-manage.com\/track\/click?u=e503414d3e878d6ee6912e9f9&amp;id=2120d16da8&amp;e=260fa43958\" data-saferedirecturl=\"https:\/\/www.google.com\/url?q=https:\/\/protorviscosa.us19.list-manage.com\/track\/click?u%3De503414d3e878d6ee6912e9f9%26id%3D2120d16da8%26e%3D260fa43958&amp;source=gmail&amp;ust=1758110970431000&amp;usg=AOvVaw3g7gRf6hCSbgdWpwFVwhLn\" target=\"_blank\" rel=\"noopener\">www.protorviscosa.it<\/a>.<\/p>\n<p style=\"font-weight: 400;\">Il progetto \u00e8 stato reso possibile grazie a un contributo del Consiglio regionale del Friuli Venezia Giulia, alla collaborazione scientifica dell\u2019associazione internazionale \u201cATRIUM\u201d (Architecture of Totalitarian Regimes in Europe&#8217;s Urban Memory) e di quella logistica dell\u2019\u201cAssociazione Campo\u201d del Villaggio Roma.<\/p>\n","protected":false},"excerpt":{"rendered":"<p>Uno spettacolo teatrale rievoca i destini degli ex prigionieri neozelandesi fuggiti nel 1943 dal campo di lavoro di Torviscosa<\/p>\n","protected":false},"author":28,"featured_media":68039,"comment_status":"closed","ping_status":"closed","template":"","tags":[261,826,821,52,1270],"mec_category":[48],"class_list":["post-68037","mec-events","type-mec-events","status-publish","has-post-thumbnail","hentry","tag-eventi","tag-eventi-fvg","tag-spettacoli","tag-teatro","tag-torviscosa","mec_category-classic-art"],"_links":{"self":[{"href":"https:\/\/imagazine.it\/home_desk\/wp-json\/wp\/v2\/mec-events\/68037","targetHints":{"allow":["GET"]}}],"collection":[{"href":"https:\/\/imagazine.it\/home_desk\/wp-json\/wp\/v2\/mec-events"}],"about":[{"href":"https:\/\/imagazine.it\/home_desk\/wp-json\/wp\/v2\/types\/mec-events"}],"author":[{"embeddable":true,"href":"https:\/\/imagazine.it\/home_desk\/wp-json\/wp\/v2\/users\/28"}],"replies":[{"embeddable":true,"href":"https:\/\/imagazine.it\/home_desk\/wp-json\/wp\/v2\/comments?post=68037"}],"wp:featuredmedia":[{"embeddable":true,"href":"https:\/\/imagazine.it\/home_desk\/wp-json\/wp\/v2\/media\/68039"}],"wp:attachment":[{"href":"https:\/\/imagazine.it\/home_desk\/wp-json\/wp\/v2\/media?parent=68037"}],"wp:term":[{"taxonomy":"post_tag","embeddable":true,"href":"https:\/\/imagazine.it\/home_desk\/wp-json\/wp\/v2\/tags?post=68037"},{"taxonomy":"mec_category","embeddable":true,"href":"https:\/\/imagazine.it\/home_desk\/wp-json\/wp\/v2\/mec_category?post=68037"}],"curies":[{"name":"wp","href":"https:\/\/api.w.org\/{rel}","templated":true}]}}

<p style="font-weight: 400;"><strong>Domenica 21 settembre</strong>, con inizio alle ore 17, nella ex scuola elementare del Villaggio Roma (Torviscosa) avrà luogo uno spettacolo teatrale intitolato “<em>Fuga dal campo 107</em>”.</p>
<p style="font-weight: 400;">Il progetto è della <strong>Pro Torviscosa aps</strong>, mentre sceneggiatura e regia sono di <strong>Dario Ponissi</strong> e <strong>Romana Maiori</strong> del “Teatro del leone”. Gli attori sono i giovani del gruppo “Forse speciali”: <strong>Claudio Mancino</strong>, <strong>Francesco Tinonin</strong>, <strong>Irene Rassatti</strong>, <strong>Stefano Colobig</strong>, <strong>Emma Cignola</strong>, <strong>Marina Cuocci</strong>, <strong>Biagio Zulian</strong>.</p>
<p style="font-weight: 400;">Lo spettacolo rievoca i destini di alcuni dei prigionieri fuggiti dal campo di Torviscosa dopo l’8 settembre 1943. Il campo PG 107 è stato uno dei campi di lavoro per prigionieri di guerra in Italia durante il secondo conflitto mondiale; entrò in funzione nel 1942 e per oltre anno vi furono internati mille prigionieri di nazionalità neozelandese o sudafricana arruolati negli eserciti britannici.</p>
<p style="font-weight: 400;">La resa dell’esercito italiano agli alleati lasciò sguarniti i campi di prigionia: nei giorni successivi, guardie e carabinieri se ne andarono e molti dei prigionieri del 107 decisero di fuggire nella speranza di poter raggiungere presto le truppe alleate. In realtà, solo pochi furono così fortunati: per alcuni la fuga durò diversi mesi, per altri terminò con un nuovo internamento nei campi nazisti. Ci furono però anche storie a lieto fine.</p>
<p style="font-weight: 400;">Il destino del campo di prigionia, invece, fu quello di trasformarsi in un villaggio per gli operai agricoli della SNIA Viscosa che nel dopoguerra assunse il nome di Villaggio Roma.</p>
<p style="font-weight: 400;">La sceneggiatura dello spettacolo si è basata sui diari di alcuni ex prigionieri messi a disposizione dai loro familiari che hanno visitato il sito dell’ex campo 107. A questi materiali si sono aggiunte le interviste rilasciate ai comandi alleati al loro rientro in patria, ritrovati da alcuni soci della Pro Torviscosa in una visita all’Archivio Nazionale di Wellington.</p>
<p style="font-weight: 400;">Da questi documenti emergono alcuni dettagli dei fatti storici più noti (le reazioni alla notizia dell’armistizio, l’arrivo dell’esercito tedesco), ma soprattutto altri meno noti, come la straordinaria prova di generosità e coraggio dimostrata dalle donne del Friuli e dalle loro famiglie nel prestare aiuto agli ex prigionieri fuggiti dal campo.</p>
<p style="font-weight: 400;">Uno dei nascondigli utilizzati dai prigionieri del 107 nei primi giorni dopo la fuga fu la fornace chiamata “La Foredana” in comune di Porpetto, lontana solo qualche chilometro dal Villaggio Roma. Dopo lo spettacolo teatrale di domenica, i visitatori che lo desiderano potranno ripercorrere a piedi uno dei percorsi di fuga dal campo fino alla Foredana, accompagnati dai volontari della Pro Torviscosa.</p>
<p><img loading="lazy" decoding="async" class="aligncenter size-full wp-image-68038" src="https://imagazine.it/wp-content/uploads/2025/09/fugaCampo.jpg" alt="" width="960" height="480" title="" srcset="https://imagazine.it/wp-content/uploads/2025/09/fugaCampo.jpg 960w, https://imagazine.it/wp-content/uploads/2025/09/fugaCampo-300x150.jpg 300w, https://imagazine.it/wp-content/uploads/2025/09/fugaCampo-768x384.jpg 768w" sizes="auto, (max-width: 960px) 100vw, 960px" /></p>
<p style="font-weight: 400;">Per il rientro è garantito un servizio di trasporto, previa prenotazione obbligatoria: informazioni sul sito <a href="https://protorviscosa.us19.list-manage.com/track/click?u=e503414d3e878d6ee6912e9f9&amp;id=2120d16da8&amp;e=260fa43958" data-saferedirecturl="https://www.google.com/url?q=https://protorviscosa.us19.list-manage.com/track/click?u%3De503414d3e878d6ee6912e9f9%26id%3D2120d16da8%26e%3D260fa43958&amp;source=gmail&amp;ust=1758110970431000&amp;usg=AOvVaw3g7gRf6hCSbgdWpwFVwhLn" target="_blank" rel="noopener">www.protorviscosa.it</a>.</p>
<p style="font-weight: 400;">Il progetto è stato reso possibile grazie a un contributo del Consiglio regionale del Friuli Venezia Giulia, alla collaborazione scientifica dell’associazione internazionale “ATRIUM” (Architecture of Totalitarian Regimes in Europe&#8217;s Urban Memory) e di quella logistica dell’“Associazione Campo” del Villaggio Roma.</p>
