{"id":68013,"date":"2025-09-15T18:40:55","date_gmt":"2025-09-15T16:40:55","guid":{"rendered":"https:\/\/imagazine.it\/home_desk\/?post_type=mec-events&#038;p=68013"},"modified":"2025-09-15T18:43:59","modified_gmt":"2025-09-15T16:43:59","slug":"arte-e-accessibilita-si-incontrano-a-gorizia","status":"publish","type":"mec-events","link":"https:\/\/imagazine.it\/home_desk\/events\/arte-e-accessibilita-si-incontrano-a-gorizia\/","title":{"rendered":"Arte e accessibilit\u00e0 si incontrano a Gorizia"},"content":{"rendered":"<p style=\"font-weight: 400;\">Un viaggio tra visibile e invisibile, tra memoria e percezione.<\/p>\n<p style=\"font-weight: 400;\">Dal\u00a0<strong>18 al 20 settembre<\/strong>, a\u00a0<strong>Gorizia<\/strong>, allo\u00a0<strong>Spazio Cluster Multimedialit\u00e0<\/strong>\u00a0di Viale Gabriele D\u2019Annunzio 3, prende vita \u201c<strong>Trasposizioni<\/strong>\u201d, una mostra che nasce da un percorso di ricerca e dialogo con persone cieche e ipovedenti.<\/p>\n<p style=\"font-weight: 400;\">Il progetto ha avuto inizio con una serie di incontri con persone cieche e ipovedenti in luoghi particolarmente significativi per i partecipanti: piazze, edifici, spazi urbani che custodiscono ricordi e suggestioni. Gli intervistati &#8211;\u00a0<strong>Francesca Morsan<\/strong>,\u00a0<strong>Emanuele Marzaro<\/strong>,\u00a0<strong>Irena Gulin<\/strong>,\u00a0<strong>Nicol\u00f2 Finocchiaro<\/strong>,\u00a0<strong>Stefania Panozzo<\/strong>\u00a0&#8211; hanno raccontato e descritto questi spazi, non solo dal punto di vista fisico, ma anche da quello emozionale e affettivo, aprendo uno sguardo inedito sulla relazione tra chi non vede e lo spazio circostante.<\/p>\n<p style=\"font-weight: 400;\">Le registrazioni sono state poi affidate a cinque artisti e artiste che, coordinati da\u00a0<strong>Laura Carraro<\/strong>\u00a0e\u00a0<strong>Mohamed Chabarik<\/strong>, hanno realizzato opere materiche e tattili ispirate ai racconti, dando vita a interpretazioni libere e personali.<\/p>\n<p style=\"font-weight: 400;\">Ogni opera \u00e8 accompagnata da una traccia audio che riproduce i suoni e i rumori del luogo descritto: pi\u00f9 ci si avvicina, pi\u00f9 l\u2019esperienza diventa immersiva; pi\u00f9 ci si allontana, pi\u00f9 il suono si fonde in un paesaggio collettivo. A rendere l\u2019esperienza ancora pi\u00f9 accessibile, sotto ogni opera \u00e8 collocato un QR code che consente di accedere a una guida pensata per accompagnare il pubblico nell\u2019esplorazione tattile e nella comprensione delle opere. \u201c<strong>Trasposizioni<\/strong>\u201d racconta l\u2019incontro tra due mondi \u2013 quello di chi \u00e8 cieco e ipovedente e quello dell\u2019arte \u2013 per costruire un paesaggio nuovo, in bilico tra visibile e invisibile.<\/p>\n<p style=\"font-weight: 400;\">\u201c<strong>Trasposizion<\/strong>i\u201d a\u00a0<strong>Gorizia<\/strong>\u00a0vedr\u00e0 il suo vernissage\u00a0<strong>gioved\u00ec 18 settembre<\/strong>\u00a0alle\u00a0<strong>18.30<\/strong>, per poi essere visitabile al pubblico nelle giornate di\u00a0<strong>venerd\u00ec 19<\/strong>\u00a0e\u00a0<strong>sabato 20<\/strong>\u00a0settembre dalle\u00a0<strong>16.00<\/strong>\u00a0alle\u00a0<strong>19.00<\/strong>, a\u00a0<strong>ingresso libero<\/strong>.<\/p>\n<p style=\"font-weight: 400;\">La mostra \u00e8 prodotta da\u00a0<strong>Associazione Culturale Altrememorie<\/strong>\u00a0per la direzione creativa di\u00a0<strong>Giovanni Chiarot<\/strong>\u00a0e\u00a0<strong>Matteo Carli<\/strong>, in collaborazione con\u00a0<strong>Le(Serre<\/strong>,\u00a0<strong>In\\Visible Cities<\/strong>,\u00a0<strong>Hangar Teatri<\/strong>,\u00a0<strong>Spazio Cluster Multimediale Gorizia<\/strong>,\u00a0<strong>Unione Italiana Ciechi e Ipovedenti di Gorizia<\/strong>,\u00a0<strong>Associazione Culturale Fedora<\/strong>,\u00a0<strong>CarraroChabarik<\/strong>,\u00a0<strong>Associazione Io Deposito<\/strong>,\u00a0<strong>Soluzioni srls<\/strong>\u00a0e con il contributo della\u00a0<strong>Regione Friuli Venezia Giulia<\/strong>.<\/p>\n","protected":false},"excerpt":{"rendered":"<p>Lo Spazio Cluster Multimedialit\u00e0 ospita la mostra sensoriale con opere che raccontano i luoghi del cuore della citt\u00e0 per ciechi e ipovedenti<\/p>\n","protected":false},"author":28,"featured_media":68014,"comment_status":"closed","ping_status":"closed","template":"","tags":[165,261,826,43,60],"mec_category":[59],"class_list":["post-68013","mec-events","type-mec-events","status-publish","has-post-thumbnail","hentry","tag-arte","tag-eventi","tag-eventi-fvg","tag-gorizia","tag-mostre","mec_category-meeting"],"_links":{"self":[{"href":"https:\/\/imagazine.it\/home_desk\/wp-json\/wp\/v2\/mec-events\/68013","targetHints":{"allow":["GET"]}}],"collection":[{"href":"https:\/\/imagazine.it\/home_desk\/wp-json\/wp\/v2\/mec-events"}],"about":[{"href":"https:\/\/imagazine.it\/home_desk\/wp-json\/wp\/v2\/types\/mec-events"}],"author":[{"embeddable":true,"href":"https:\/\/imagazine.it\/home_desk\/wp-json\/wp\/v2\/users\/28"}],"replies":[{"embeddable":true,"href":"https:\/\/imagazine.it\/home_desk\/wp-json\/wp\/v2\/comments?post=68013"}],"wp:featuredmedia":[{"embeddable":true,"href":"https:\/\/imagazine.it\/home_desk\/wp-json\/wp\/v2\/media\/68014"}],"wp:attachment":[{"href":"https:\/\/imagazine.it\/home_desk\/wp-json\/wp\/v2\/media?parent=68013"}],"wp:term":[{"taxonomy":"post_tag","embeddable":true,"href":"https:\/\/imagazine.it\/home_desk\/wp-json\/wp\/v2\/tags?post=68013"},{"taxonomy":"mec_category","embeddable":true,"href":"https:\/\/imagazine.it\/home_desk\/wp-json\/wp\/v2\/mec_category?post=68013"}],"curies":[{"name":"wp","href":"https:\/\/api.w.org\/{rel}","templated":true}]}}

Arte e accessibilità si incontrano a Gorizia

<p style="font-weight: 400;">Un viaggio tra visibile e invisibile, tra memoria e percezione.</p>
<p style="font-weight: 400;">Dal <strong>18 al 20 settembre</strong>, a <strong>Gorizia</strong>, allo <strong>Spazio Cluster Multimedialità</strong> di Viale Gabriele D’Annunzio 3, prende vita “<strong>Trasposizioni</strong>”, una mostra che nasce da un percorso di ricerca e dialogo con persone cieche e ipovedenti.</p>
<p style="font-weight: 400;">Il progetto ha avuto inizio con una serie di incontri con persone cieche e ipovedenti in luoghi particolarmente significativi per i partecipanti: piazze, edifici, spazi urbani che custodiscono ricordi e suggestioni. Gli intervistati &#8211; <strong>Francesca Morsan</strong>, <strong>Emanuele Marzaro</strong>, <strong>Irena Gulin</strong>, <strong>Nicolò Finocchiaro</strong>, <strong>Stefania Panozzo</strong> &#8211; hanno raccontato e descritto questi spazi, non solo dal punto di vista fisico, ma anche da quello emozionale e affettivo, aprendo uno sguardo inedito sulla relazione tra chi non vede e lo spazio circostante.</p>
<p style="font-weight: 400;">Le registrazioni sono state poi affidate a cinque artisti e artiste che, coordinati da <strong>Laura Carraro</strong> e <strong>Mohamed Chabarik</strong>, hanno realizzato opere materiche e tattili ispirate ai racconti, dando vita a interpretazioni libere e personali.</p>
<p style="font-weight: 400;">Ogni opera è accompagnata da una traccia audio che riproduce i suoni e i rumori del luogo descritto: più ci si avvicina, più l’esperienza diventa immersiva; più ci si allontana, più il suono si fonde in un paesaggio collettivo. A rendere l’esperienza ancora più accessibile, sotto ogni opera è collocato un QR code che consente di accedere a una guida pensata per accompagnare il pubblico nell’esplorazione tattile e nella comprensione delle opere. “<strong>Trasposizioni</strong>” racconta l’incontro tra due mondi – quello di chi è cieco e ipovedente e quello dell’arte – per costruire un paesaggio nuovo, in bilico tra visibile e invisibile.</p>
<p style="font-weight: 400;">“<strong>Trasposizion</strong>i” a <strong>Gorizia</strong> vedrà il suo vernissage <strong>giovedì 18 settembre</strong> alle <strong>18.30</strong>, per poi essere visitabile al pubblico nelle giornate di <strong>venerdì 19</strong> e <strong>sabato 20</strong> settembre dalle <strong>16.00</strong> alle <strong>19.00</strong>, a <strong>ingresso libero</strong>.</p>
<p style="font-weight: 400;">La mostra è prodotta da <strong>Associazione Culturale Altrememorie</strong> per la direzione creativa di <strong>Giovanni Chiarot</strong> e <strong>Matteo Carli</strong>, in collaborazione con <strong>Le(Serre</strong>, <strong>In\Visible Cities</strong>, <strong>Hangar Teatri</strong>, <strong>Spazio Cluster Multimediale Gorizia</strong>, <strong>Unione Italiana Ciechi e Ipovedenti di Gorizia</strong>, <strong>Associazione Culturale Fedora</strong>, <strong>CarraroChabarik</strong>, <strong>Associazione Io Deposito</strong>, <strong>Soluzioni srls</strong> e con il contributo della <strong>Regione Friuli Venezia Giulia</strong>.</p>

<p>Lo Spazio Cluster Multimedialità ospita la mostra sensoriale con opere che raccontano i luoghi del cuore della città per ciechi e ipovedenti</p>
