{"id":67920,"date":"2025-09-12T18:04:55","date_gmt":"2025-09-12T16:04:55","guid":{"rendered":"https:\/\/imagazine.it\/home_desk\/?post_type=mec-events&#038;p=67920"},"modified":"2025-09-12T18:04:55","modified_gmt":"2025-09-12T16:04:55","slug":"ugo-valeri-disegnare-la-vita","status":"publish","type":"mec-events","link":"https:\/\/imagazine.it\/home_desk\/events\/ugo-valeri-disegnare-la-vita\/","title":{"rendered":"Ugo Valeri. Disegnare la vita"},"content":{"rendered":"<p>Allo <strong>spaziotrart di Trieste<\/strong> (viale XX settembre 33) \u00e8 allestita la mostra\u00a0<em>Ugo Valeri. Disegnare la vita<\/em>\u00a0a cura di Claudia Cervo e Federica Luser, un omaggio all\u2019artista nato a Piove di Sacco nel 1873 e scomparso prematuramente nel 1911, figura emblematica e affascinante della scena artistica italiana di inizio Novecento.<\/p>\n<p><em>Boh\u00e9mien<\/em> impenitente e <em>dandy<\/em> ribelle, Ugo Valeri viene spesso accostato a Toulouse-Lautrec per la capacit\u00e0 di dare corpo e anima, con pochi tratti, all\u2019umanit\u00e0 che incrociava nel suo irrequieto peregrinare, nelle serate di stordimento, nel suo mordere un\u2019esistenza sempre sopra le righe.<\/p>\n<p>Disegnatore formidabile, era considerato uno dei migliori talenti di quegli anni, corteggiato dalle migliori riviste italiane che stavano proliferando tra Bologna e Milano, lavor\u00f2 come illustratore accanto a Filippo Tommaso Marinetti, Umberto Notari e Neera, nelle redazioni di \u201cPoesia\u201d, \u201cLa Lettura\u201d, \u201cL\u2019Illustrazione italiana\u201d, \u201cIl Secolo XX\u201d, \u201cVarietas\u201d.<\/p>\n<p>Nato a Piove di Sacco (Padova) nel 1873, frequent\u00f2 le Accademie di Venezia e Bologna, e gi\u00e0 nei primi anni del Novecento si afferm\u00f2 come artista di successo, partecipando a esposizioni di rilievo internazionale, tra cui la Biennale di Venezia e l\u2019Esposizione Internazionale del Sempione. Con Gino Rossi, Felice Casorati, Umberto Moggioli, Ubaldo Oppi, Arturo Martini rappresent\u00f2 quel nuovo fermento artistico che diede vita alla cosiddetta \u201csecessione capesarina\u201d, dando vita a esposizioni che lasciarono il segno nella storia dell\u2019arte italiana. Mor\u00ec giovanissimo a 37 anni cadendo da una finestra di Ca\u2019 Pesaro nel 1911.<\/p>\n<p>Come nella mostra a Ca\u2019 Pesaro nel 1909, che lo consacr\u00f2 al grande pubblico, riemp\u00ec le tre salette a disposizione con schizzi, carboncini, acquarelli, gauches e olii, cos\u00ec allo spaziotrart si \u00e8 voluto porgergli omaggio esponendo sessanta opere provenienti da alcune collezioni private. Un modo per raccontare la breve e intensa avventura artistica di una meteora della Belle \u00c9poque, un\u2019artista cantore della strada, della giovinezza, dello sferragliare dei tram e dei primi bagliori della luce elettrica.<\/p>\n<p>I disegni esposti rivelano la sua mano rapida e incisiva, capace di restituire la frenesia della boh\u00e8me veneziana, bolognese e milanese, e ne fanno uno degli interpreti pi\u00f9 originali dell\u2019arte italiana di inizio secolo. Con l\u2019occasione saranno esposte anche tre opere inedite di recente entrate in una delle collezioni private.<\/p>\n<p>La mostra sar\u00e0 inoltre arricchita da tre visite guidate animate con l\u2019attore Giacomo Segulia, e a cura dello stesso e di Sabrina Morena, che trasformeranno l\u2019esperienza espositiva in una vera e propria pi\u00e8ce teatrale: marted\u00ec 16 settembre, ore 18; sabato 20 settembre, ore 11; domenica 21 settembre, ore 11.<\/p>\n<p><strong>Orari di apertura: da marted\u00ec a sabato 17.30-19.30, ingresso libero.<\/strong><\/p>\n","protected":false},"excerpt":{"rendered":"<p>A Trieste l&#8217;omaggio a una figura emblematica e affascinante della scena artistica italiana di inizio Novecento<\/p>\n","protected":false},"author":28,"featured_media":67921,"comment_status":"closed","ping_status":"closed","template":"","tags":[165,261,826,60,65],"mec_category":[59],"class_list":["post-67920","mec-events","type-mec-events","status-publish","has-post-thumbnail","hentry","tag-arte","tag-eventi","tag-eventi-fvg","tag-mostre","tag-trieste","mec_category-meeting"],"_links":{"self":[{"href":"https:\/\/imagazine.it\/home_desk\/wp-json\/wp\/v2\/mec-events\/67920","targetHints":{"allow":["GET"]}}],"collection":[{"href":"https:\/\/imagazine.it\/home_desk\/wp-json\/wp\/v2\/mec-events"}],"about":[{"href":"https:\/\/imagazine.it\/home_desk\/wp-json\/wp\/v2\/types\/mec-events"}],"author":[{"embeddable":true,"href":"https:\/\/imagazine.it\/home_desk\/wp-json\/wp\/v2\/users\/28"}],"replies":[{"embeddable":true,"href":"https:\/\/imagazine.it\/home_desk\/wp-json\/wp\/v2\/comments?post=67920"}],"wp:featuredmedia":[{"embeddable":true,"href":"https:\/\/imagazine.it\/home_desk\/wp-json\/wp\/v2\/media\/67921"}],"wp:attachment":[{"href":"https:\/\/imagazine.it\/home_desk\/wp-json\/wp\/v2\/media?parent=67920"}],"wp:term":[{"taxonomy":"post_tag","embeddable":true,"href":"https:\/\/imagazine.it\/home_desk\/wp-json\/wp\/v2\/tags?post=67920"},{"taxonomy":"mec_category","embeddable":true,"href":"https:\/\/imagazine.it\/home_desk\/wp-json\/wp\/v2\/mec_category?post=67920"}],"curies":[{"name":"wp","href":"https:\/\/api.w.org\/{rel}","templated":true}]}}

<p>Allo <strong>spaziotrart di Trieste</strong> (viale XX settembre 33) è allestita la mostra <em>Ugo Valeri. Disegnare la vita</em> a cura di Claudia Cervo e Federica Luser, un omaggio all’artista nato a Piove di Sacco nel 1873 e scomparso prematuramente nel 1911, figura emblematica e affascinante della scena artistica italiana di inizio Novecento.</p>
<p><em>Bohémien</em> impenitente e <em>dandy</em> ribelle, Ugo Valeri viene spesso accostato a Toulouse-Lautrec per la capacità di dare corpo e anima, con pochi tratti, all’umanità che incrociava nel suo irrequieto peregrinare, nelle serate di stordimento, nel suo mordere un’esistenza sempre sopra le righe.</p>
<p>Disegnatore formidabile, era considerato uno dei migliori talenti di quegli anni, corteggiato dalle migliori riviste italiane che stavano proliferando tra Bologna e Milano, lavorò come illustratore accanto a Filippo Tommaso Marinetti, Umberto Notari e Neera, nelle redazioni di “Poesia”, “La Lettura”, “L’Illustrazione italiana”, “Il Secolo XX”, “Varietas”.</p>
<p>Nato a Piove di Sacco (Padova) nel 1873, frequentò le Accademie di Venezia e Bologna, e già nei primi anni del Novecento si affermò come artista di successo, partecipando a esposizioni di rilievo internazionale, tra cui la Biennale di Venezia e l’Esposizione Internazionale del Sempione. Con Gino Rossi, Felice Casorati, Umberto Moggioli, Ubaldo Oppi, Arturo Martini rappresentò quel nuovo fermento artistico che diede vita alla cosiddetta “secessione capesarina”, dando vita a esposizioni che lasciarono il segno nella storia dell’arte italiana. Morì giovanissimo a 37 anni cadendo da una finestra di Ca’ Pesaro nel 1911.</p>
<p>Come nella mostra a Ca’ Pesaro nel 1909, che lo consacrò al grande pubblico, riempì le tre salette a disposizione con schizzi, carboncini, acquarelli, gauches e olii, così allo spaziotrart si è voluto porgergli omaggio esponendo sessanta opere provenienti da alcune collezioni private. Un modo per raccontare la breve e intensa avventura artistica di una meteora della Belle Époque, un’artista cantore della strada, della giovinezza, dello sferragliare dei tram e dei primi bagliori della luce elettrica.</p>
<p>I disegni esposti rivelano la sua mano rapida e incisiva, capace di restituire la frenesia della bohème veneziana, bolognese e milanese, e ne fanno uno degli interpreti più originali dell’arte italiana di inizio secolo. Con l’occasione saranno esposte anche tre opere inedite di recente entrate in una delle collezioni private.</p>
<p>La mostra sarà inoltre arricchita da tre visite guidate animate con l’attore Giacomo Segulia, e a cura dello stesso e di Sabrina Morena, che trasformeranno l’esperienza espositiva in una vera e propria pièce teatrale: martedì 16 settembre, ore 18; sabato 20 settembre, ore 11; domenica 21 settembre, ore 11.</p>
<p><strong>Orari di apertura: da martedì a sabato 17.30-19.30, ingresso libero.</strong></p>
