{"id":67772,"date":"2025-09-04T19:13:11","date_gmt":"2025-09-04T17:13:11","guid":{"rendered":"https:\/\/imagazine.it\/home_desk\/?post_type=mec-events&#038;p=67772"},"modified":"2025-09-04T19:13:11","modified_gmt":"2025-09-04T17:13:11","slug":"10mila-passi-di-salute-tra-piazze-e-palazzi-goriziani","status":"publish","type":"mec-events","link":"https:\/\/imagazine.it\/home_desk\/events\/10mila-passi-di-salute-tra-piazze-e-palazzi-goriziani\/","title":{"rendered":"10mila passi di salute tra piazze e palazzi goriziani"},"content":{"rendered":"<p style=\"font-weight: 400;\"><strong>Sabato 13 settembre<\/strong>, nell\u2019ambito del progetto \u201cFVG IN MOVIMENTO.10mila passi di salute\u201d, si terr\u00e0 la passeggiata guidata tra piazze e palazzi goriziani.<\/p>\n<p style=\"font-weight: 400;\">Il ritrovo sar\u00e0 alle 8.30, in piazza Cesare Battisti, vicino al cartellone del progetto \u201cFVG IN MOVIMENTO 10mila passi di Salute\u201d. La partenza sar\u00e0 alle 9. L\u2019iscrizione \u00e8 gratuita, ma obbligatoria, entro gioved\u00ec 11 settembre, scrivendo a: <a href=\"mailto:elena.polmonari@comune.gorizia.it\">elena.polmonari@comune.gorizia.it<\/a>,\u00a0fino a esaurimento dei posti disponibili.<\/p>\n<p style=\"font-weight: 400;\">Il gruppo sar\u00e0 guidato da un laureato in Scienze motorie che curer\u00e0 anche la pratica di alcuni facili esercizi di attivit\u00e0 fisica, insieme a utili indicazioni per conduttori di gruppi di cammino\/Walking leader, in base alle \u201cLinee guida\u201d curate dal prof. Stefano Lazzer, gi\u00e0 coordinatore del Corso di Laurea magistrale in Scienze Motorie, Dipartimento di Medicina, Universit\u00e0 di Udine.<\/p>\n<p style=\"font-weight: 400;\">La passeggiata \u00e8 organizzata in attuazione del \u201cPiano regionale della prevenzione &#8211; Comunit\u00e0 attive\u201d, progetto regionale \u201cFVG IN MOVIMENTO.10mila passi di salute\u201d, sostenuto dalla Regione FVG &#8211; Direzione centrale Salute, attuato da Federsanit\u00e0 ANCI FVG (da ottobre 2018) e realizzata in collaborazione con il Comune di Gorizia, il Dipartimento di Prevenzione dell\u2019ASUGI, A.S.D. \u201cSport&amp;Fun\u201d. Attualmente al progetto, avviato nel gennaio 2019, aderiscono complessivamente ben 131 Comuni con 120 percorsi in tutta la regione.<\/p>\n<p style=\"font-weight: 400;\">Oltre a fornire piacevoli occasioni per camminare in gruppo e scoprire le bellezze del territorio e dei suggestivi borghi, l\u2019obiettivo \u00e8 di promuovere e far nascere nuovi Gruppi di cammino (e valorizzare quelli esistenti), che sono invitati a segnalare le loro iniziative tramite mail al portale Invecchiamento attivo FVG\u00a0<span style=\"text-decoration: underline;\"><a href=\"https:\/\/invecchiamentoattivo.regione.fvg.it\/it\/\" data-saferedirecturl=\"https:\/\/www.google.com\/url?q=https:\/\/invecchiamentoattivo.regione.fvg.it\/it\/&amp;source=gmail&amp;ust=1757059718964000&amp;usg=AOvVaw3pd_TqN8ZqmqVHEYBYnnG-\" target=\"_blank\" rel=\"noopener\">https:\/\/invecchiamentoattivo.regione.fvg.it\/it\/<\/a><\/span><\/p>\n<p style=\"font-weight: 400;\">A Gorizia l&#8217;itinerario &#8220;Passeggiata tra piazze e palazzi goriziani&#8221; permette di ammirare i principali edifici storici della citt\u00e0, pubblici, privati e religiosi, e di provare l&#8217;emozione di tenere contemporaneamente un piede in Italia e uno in Slovenia in piazza Transalpina\/Trg Europe. Si passa da Mercato Coperto, Palazzo de Grazia, Palazzo delle Poste, Museo di Santa Chiara, Palazzo Werdenberg, fino all&#8217;ex ghetto ebraico con la Sinagoga.<\/p>\n<p style=\"font-weight: 400;\">Si raggiungono poi il piccolo Museo del Lasciapassare\/Prepustnica, lo storico Palazzo Attems Petzenstein, sede dei Musei Provinciali, la Fontana del Nettuno e la Chiesa di Sant&#8217;Ignazio, Palazzo Strassoldo e Palazzo Lantieri, fino al Duomo di Sant&#8217;Ilario e Taziano, Palazzo Attems Santacroce con il suo splendido giardino ottocentesco, sede del Municipio di Gorizia, e Teatro Verdi.<\/p>\n<p style=\"font-weight: 400;\">Per ulteriori informazioni e aggiornamenti sul progetto e su tutti i percorsi\u00a0<span style=\"text-decoration: underline;\"><a href=\"https:\/\/federsanita.anci.fvg.it\/progetti\" target=\"_blank\" rel=\"noopener\">https:\/\/federsanita.anci.fvg.it\/progetti<\/a><\/span><\/p>\n","protected":false},"excerpt":{"rendered":"<p>Passeggiata guidata nell&#8217;ambito del progetto &#8220;FVG in movimento&#8221;. Tenendo un piede in Italia e uno in Slovenia<\/p>\n","protected":false},"author":28,"featured_media":67773,"comment_status":"closed","ping_status":"closed","template":"","tags":[1822,43,97],"mec_category":[131],"class_list":["post-67772","mec-events","type-mec-events","status-publish","has-post-thumbnail","hentry","tag-cammino","tag-gorizia","tag-salute","mec_category-discovery"],"_links":{"self":[{"href":"https:\/\/imagazine.it\/home_desk\/wp-json\/wp\/v2\/mec-events\/67772","targetHints":{"allow":["GET"]}}],"collection":[{"href":"https:\/\/imagazine.it\/home_desk\/wp-json\/wp\/v2\/mec-events"}],"about":[{"href":"https:\/\/imagazine.it\/home_desk\/wp-json\/wp\/v2\/types\/mec-events"}],"author":[{"embeddable":true,"href":"https:\/\/imagazine.it\/home_desk\/wp-json\/wp\/v2\/users\/28"}],"replies":[{"embeddable":true,"href":"https:\/\/imagazine.it\/home_desk\/wp-json\/wp\/v2\/comments?post=67772"}],"wp:featuredmedia":[{"embeddable":true,"href":"https:\/\/imagazine.it\/home_desk\/wp-json\/wp\/v2\/media\/67773"}],"wp:attachment":[{"href":"https:\/\/imagazine.it\/home_desk\/wp-json\/wp\/v2\/media?parent=67772"}],"wp:term":[{"taxonomy":"post_tag","embeddable":true,"href":"https:\/\/imagazine.it\/home_desk\/wp-json\/wp\/v2\/tags?post=67772"},{"taxonomy":"mec_category","embeddable":true,"href":"https:\/\/imagazine.it\/home_desk\/wp-json\/wp\/v2\/mec_category?post=67772"}],"curies":[{"name":"wp","href":"https:\/\/api.w.org\/{rel}","templated":true}]}}

<p style="font-weight: 400;"><strong>Sabato 13 settembre</strong>, nell’ambito del progetto “FVG IN MOVIMENTO.10mila passi di salute”, si terrà la passeggiata guidata tra piazze e palazzi goriziani.</p>
<p style="font-weight: 400;">Il ritrovo sarà alle 8.30, in piazza Cesare Battisti, vicino al cartellone del progetto “FVG IN MOVIMENTO 10mila passi di Salute”. La partenza sarà alle 9. L’iscrizione è gratuita, ma obbligatoria, entro giovedì 11 settembre, scrivendo a: <a href="mailto:elena.polmonari@comune.gorizia.it">elena.polmonari@comune.gorizia.it</a>, fino a esaurimento dei posti disponibili.</p>
<p style="font-weight: 400;">Il gruppo sarà guidato da un laureato in Scienze motorie che curerà anche la pratica di alcuni facili esercizi di attività fisica, insieme a utili indicazioni per conduttori di gruppi di cammino/Walking leader, in base alle “Linee guida” curate dal prof. Stefano Lazzer, già coordinatore del Corso di Laurea magistrale in Scienze Motorie, Dipartimento di Medicina, Università di Udine.</p>
<p style="font-weight: 400;">La passeggiata è organizzata in attuazione del “Piano regionale della prevenzione &#8211; Comunità attive”, progetto regionale “FVG IN MOVIMENTO.10mila passi di salute”, sostenuto dalla Regione FVG &#8211; Direzione centrale Salute, attuato da Federsanità ANCI FVG (da ottobre 2018) e realizzata in collaborazione con il Comune di Gorizia, il Dipartimento di Prevenzione dell’ASUGI, A.S.D. “Sport&amp;Fun”. Attualmente al progetto, avviato nel gennaio 2019, aderiscono complessivamente ben 131 Comuni con 120 percorsi in tutta la regione.</p>
<p style="font-weight: 400;">Oltre a fornire piacevoli occasioni per camminare in gruppo e scoprire le bellezze del territorio e dei suggestivi borghi, l’obiettivo è di promuovere e far nascere nuovi Gruppi di cammino (e valorizzare quelli esistenti), che sono invitati a segnalare le loro iniziative tramite mail al portale Invecchiamento attivo FVG <span style="text-decoration: underline;"><a href="https://invecchiamentoattivo.regione.fvg.it/it/" data-saferedirecturl="https://www.google.com/url?q=https://invecchiamentoattivo.regione.fvg.it/it/&amp;source=gmail&amp;ust=1757059718964000&amp;usg=AOvVaw3pd_TqN8ZqmqVHEYBYnnG-" target="_blank" rel="noopener">https://invecchiamentoattivo.regione.fvg.it/it/</a></span></p>
<p style="font-weight: 400;">A Gorizia l&#8217;itinerario &#8220;Passeggiata tra piazze e palazzi goriziani&#8221; permette di ammirare i principali edifici storici della città, pubblici, privati e religiosi, e di provare l&#8217;emozione di tenere contemporaneamente un piede in Italia e uno in Slovenia in piazza Transalpina/Trg Europe. Si passa da Mercato Coperto, Palazzo de Grazia, Palazzo delle Poste, Museo di Santa Chiara, Palazzo Werdenberg, fino all&#8217;ex ghetto ebraico con la Sinagoga.</p>
<p style="font-weight: 400;">Si raggiungono poi il piccolo Museo del Lasciapassare/Prepustnica, lo storico Palazzo Attems Petzenstein, sede dei Musei Provinciali, la Fontana del Nettuno e la Chiesa di Sant&#8217;Ignazio, Palazzo Strassoldo e Palazzo Lantieri, fino al Duomo di Sant&#8217;Ilario e Taziano, Palazzo Attems Santacroce con il suo splendido giardino ottocentesco, sede del Municipio di Gorizia, e Teatro Verdi.</p>
<p style="font-weight: 400;">Per ulteriori informazioni e aggiornamenti sul progetto e su tutti i percorsi <span style="text-decoration: underline;"><a href="https://federsanita.anci.fvg.it/progetti" target="_blank" rel="noopener">https://federsanita.anci.fvg.it/progetti</a></span></p>
