{"id":67698,"date":"2025-09-02T18:18:28","date_gmt":"2025-09-02T16:18:28","guid":{"rendered":"https:\/\/imagazine.it\/home_desk\/?post_type=mec-events&#038;p=67698"},"modified":"2025-09-02T18:18:28","modified_gmt":"2025-09-02T16:18:28","slug":"a-monfalcone-la-marcia-solidarieta-e-vita","status":"publish","type":"mec-events","link":"https:\/\/imagazine.it\/home_desk\/events\/a-monfalcone-la-marcia-solidarieta-e-vita\/","title":{"rendered":"A Monfalcone la marcia &#8220;Solidariet\u00e0 e Vita&#8221;"},"content":{"rendered":"<p><span style=\"font-size: 10pt;\"><em>La presentazione dell&#8217;evento<\/em><\/span><\/p>\n<p><strong>Domenica 14 settembre<\/strong> <strong>Monfalcone<\/strong> ospiter\u00e0 la terza edizione della marcia <strong><em>Solidariet\u00e0 \u00e8 Vita<\/em><\/strong> (Trofeo Citt\u00e0 di Monfalcone \u2013 Memorial Gilberto Secco. Premi Umberto Cettul \u2013 Fausto Simonelli &#8211; Alessandra Calligaris \u2013 Nicoletta Magrin \u2013 Fabrizio Buiatti), <strong>evento ludico-motorio a passo libero<\/strong>, inserito nel calendario del Comitato Territoriale FIASP, organizzato dall\u2019Associazione Solidariet\u00e0 \u00e8 Vita ODV in collaborazione con il Comune di Monfalcone e la Fidas Isontina.<\/p>\n<p>Una manifestazione che alla promozione dei corretti stili di vita e del territorio unisce lo scopo benefico di raccogliere fondi per la realizzazione di una palestra riabilitativa presso la Casa di Riposo di via Crociera a Monfalcone e per iniziative di <em>Pet Therapy<\/em> all\u2019interno dell\u2019ospedale San Polo.<\/p>\n<p>\u201cLa marcia \u201c<em>Solidariet\u00e0 \u00e8 Vita<\/em>\u201d \u2013 ha evidenziato il sindaco di Monfalcone, <strong>Luca Fasan<\/strong> \u2013 rappresenta un evento di grande valore per Monfalcone, divenuto ormai appuntamento fisso proprio per la sua importante funzione sociale. Un\u2019iniziativa finalizzata alla solidariet\u00e0 che non solo promuove lo sport e il benessere come strumenti di salute e socialit\u00e0, ma rafforza anche il legame con il territorio, contribuendo a far riscoprire ai partecipanti il nostro passato custodito dal Carso. A questo proposito, per domenica 14 settembre abbiamo programmato l\u2019apertura straordinaria della Galleria Rifugio, per consentire ai partecipanti di visitare questo suggestivo luogo della memoria, recentemente riaperto al pubblico proprio per valorizzarne la storia\u201d.<\/p>\n<p>\u201cLa marcia \u2013 ha concluso il primo cittadino \u2013 rappresenta un\u2019esperienza unica tra natura, cultura e beneficenza, per la quale ringraziamo l\u2019associazione Solidariet\u00e0 \u00e8 Vita &#8211; anche per il grande impegno che dimostra tutto l\u2019anno nell\u2019affiancare il Comune in tante iniziative &#8211; e tutti coloro che rendono possibile lo svolgimento di questa manifestazione&#8221;.<\/p>\n<p>Si potr\u00e0 scegliere fra <strong>tre diversi percorsi<\/strong>: da 4 km (Percorso Verde), da 8 km (Percorso Rosso) e da 13 km (Percorso Blu), pensati per tutti &#8211; famiglie, camminatori, sportivi e appassionati di nordic walking &#8211; con le iscrizioni che potranno essere effettuate presso l\u2019atrio del municipio il giorno stesso della manifestazione e partenza libera prevista dalla Salita Granatieri tra le 8 e le 10.<\/p>\n<p>I tracciati si snoderanno lungo i sentieri del Carso, con particolare attenzione alle aree tematiche della Grande Guerra, offrendo un\u2019occasione unica per coniugare benessere fisico, natura e memoria storica. Per ampliare l\u2019esperienza culturale, la Galleria Rifugio sar\u00e0 aperta in via straordinaria, con due visite guidate per i partecipanti in programma per le ore 11.00 e le 12.00. Durante la giornata saranno inoltre aperti il museo Medievale e la Rocca Di Monfalcone.<\/p>\n<p>La Marcia, che lo scorso anno ha visto la partecipazione di circa 700 persone, prevede anche, alle 12, un\u2019esibizione in Piazza Unit\u00e0 d\u2019Italia dei cani addestrati della Sezione ANPS \u2013 Polizia di Stato, e un pasta party a partire dalle 11.45 a cura del Gruppo Alpini di Monfalcone.<\/p>\n<p>\u201cUna marcia di solidariet\u00e0 ma anche di socializzazione \u2013 ha specificato l\u2019assessore allo Sport, <strong>Fabio Banello<\/strong> \u2013 che fortifica lo spirito di squadra, oltre a promuovere stili di vita sani. Siamo vicini alle associazioni del territorio, che rappresentano uno strumento per il Comune di creare una rete di collaborazioni e rafforzare i rapporti con i cittadini. Un ringraziamento particolare va ai volontari, che con passione e dedizione rendono possibile tutto questo\u201d.<\/p>\n<p>Sempre nell\u2019ottica di promuovere il territorio, in Piazza Unit\u00e0 d\u2019Italia verranno allestiti stand per la vendita e l\u2019esposizione di prodotti tipici della zona e un\u2019area ristoro dedicata ai partecipanti.<\/p>\n<p>\u201cUn ringraziamento \u2013 espresso dal presidente dell\u2019Associazione Solidariet\u00e0 \u00e8 Vita, <strong>Stefano Ambrosini <\/strong>\u2013 a tutti coloro che lavorano per la buona riuscita dell\u2019evento, contribuendo, al contempo, a dare avvio al progetto di <em>Pet Therapy<\/em> nella Pediatria dell&#8217;ospedale San Polo attraverso attivit\u00e0 che non esistono nei nosocomi limitrofi e che contiamo in futuro di estendere anche ad altri reparti. Stiamo inoltre raccogliendo fondi per la realizzazione di una palestra riabilitativa presso la Casa Albergo di Monfalcone. La marcia \u00e8 una manifestazione che racchiude un grande lavoro di squadra finalizzato alla beneficenza ma anche al ricordo delle persone che ci sono state vicine in passato e che non ci sono pi\u00f9, ma che continuano a vivere attraverso l\u2019impegno e la solidariet\u00e0 di tanti\u201d.<\/p>\n<p>Presenti alla conferenza stampa di presentazione anche <strong>Renato Chittaro<\/strong>, in rappresentanza della Fidas Isontina, e <strong>Paolo Verdoliva<\/strong>, presidente dell\u2019Associazione Nazionale Alpini sezione di Gorizia. Alpini che avranno il compito di preparare il \u201cpasta party\u201d e che sostengono l\u2019iniziativa in ricordo dell\u2019alpino Gilberto Secco, cui \u00e8 dedicato il Trofeo Citt\u00e0 di Monfalcone.<\/p>\n","protected":false},"excerpt":{"rendered":"<p>Per promuovere il territorio e i corretti stili di vita. Con raccolta fondi per Casa di Risposo e pet therapy al San Polo<\/p>\n","protected":false},"author":28,"featured_media":67699,"comment_status":"closed","ping_status":"closed","template":"","tags":[263,51,145],"mec_category":[91],"class_list":["post-67698","mec-events","type-mec-events","status-publish","has-post-thumbnail","hentry","tag-marcia","tag-monfalcone","tag-solidarieta","mec_category-sport"],"_links":{"self":[{"href":"https:\/\/imagazine.it\/home_desk\/wp-json\/wp\/v2\/mec-events\/67698","targetHints":{"allow":["GET"]}}],"collection":[{"href":"https:\/\/imagazine.it\/home_desk\/wp-json\/wp\/v2\/mec-events"}],"about":[{"href":"https:\/\/imagazine.it\/home_desk\/wp-json\/wp\/v2\/types\/mec-events"}],"author":[{"embeddable":true,"href":"https:\/\/imagazine.it\/home_desk\/wp-json\/wp\/v2\/users\/28"}],"replies":[{"embeddable":true,"href":"https:\/\/imagazine.it\/home_desk\/wp-json\/wp\/v2\/comments?post=67698"}],"wp:featuredmedia":[{"embeddable":true,"href":"https:\/\/imagazine.it\/home_desk\/wp-json\/wp\/v2\/media\/67699"}],"wp:attachment":[{"href":"https:\/\/imagazine.it\/home_desk\/wp-json\/wp\/v2\/media?parent=67698"}],"wp:term":[{"taxonomy":"post_tag","embeddable":true,"href":"https:\/\/imagazine.it\/home_desk\/wp-json\/wp\/v2\/tags?post=67698"},{"taxonomy":"mec_category","embeddable":true,"href":"https:\/\/imagazine.it\/home_desk\/wp-json\/wp\/v2\/mec_category?post=67698"}],"curies":[{"name":"wp","href":"https:\/\/api.w.org\/{rel}","templated":true}]}}

A Monfalcone la marcia &#8220;Solidarietà e Vita&#8221;

<p><span style="font-size: 10pt;"><em>La presentazione dell&#8217;evento</em></span></p>
<p><strong>Domenica 14 settembre</strong> <strong>Monfalcone</strong> ospiterà la terza edizione della marcia <strong><em>Solidarietà è Vita</em></strong> (Trofeo Città di Monfalcone – Memorial Gilberto Secco. Premi Umberto Cettul – Fausto Simonelli &#8211; Alessandra Calligaris – Nicoletta Magrin – Fabrizio Buiatti), <strong>evento ludico-motorio a passo libero</strong>, inserito nel calendario del Comitato Territoriale FIASP, organizzato dall’Associazione Solidarietà è Vita ODV in collaborazione con il Comune di Monfalcone e la Fidas Isontina.</p>
<p>Una manifestazione che alla promozione dei corretti stili di vita e del territorio unisce lo scopo benefico di raccogliere fondi per la realizzazione di una palestra riabilitativa presso la Casa di Riposo di via Crociera a Monfalcone e per iniziative di <em>Pet Therapy</em> all’interno dell’ospedale San Polo.</p>
<p>“La marcia “<em>Solidarietà è Vita</em>” – ha evidenziato il sindaco di Monfalcone, <strong>Luca Fasan</strong> – rappresenta un evento di grande valore per Monfalcone, divenuto ormai appuntamento fisso proprio per la sua importante funzione sociale. Un’iniziativa finalizzata alla solidarietà che non solo promuove lo sport e il benessere come strumenti di salute e socialità, ma rafforza anche il legame con il territorio, contribuendo a far riscoprire ai partecipanti il nostro passato custodito dal Carso. A questo proposito, per domenica 14 settembre abbiamo programmato l’apertura straordinaria della Galleria Rifugio, per consentire ai partecipanti di visitare questo suggestivo luogo della memoria, recentemente riaperto al pubblico proprio per valorizzarne la storia”.</p>
<p>“La marcia – ha concluso il primo cittadino – rappresenta un’esperienza unica tra natura, cultura e beneficenza, per la quale ringraziamo l’associazione Solidarietà è Vita &#8211; anche per il grande impegno che dimostra tutto l’anno nell’affiancare il Comune in tante iniziative &#8211; e tutti coloro che rendono possibile lo svolgimento di questa manifestazione&#8221;.</p>
<p>Si potrà scegliere fra <strong>tre diversi percorsi</strong>: da 4 km (Percorso Verde), da 8 km (Percorso Rosso) e da 13 km (Percorso Blu), pensati per tutti &#8211; famiglie, camminatori, sportivi e appassionati di nordic walking &#8211; con le iscrizioni che potranno essere effettuate presso l’atrio del municipio il giorno stesso della manifestazione e partenza libera prevista dalla Salita Granatieri tra le 8 e le 10.</p>
<p>I tracciati si snoderanno lungo i sentieri del Carso, con particolare attenzione alle aree tematiche della Grande Guerra, offrendo un’occasione unica per coniugare benessere fisico, natura e memoria storica. Per ampliare l’esperienza culturale, la Galleria Rifugio sarà aperta in via straordinaria, con due visite guidate per i partecipanti in programma per le ore 11.00 e le 12.00. Durante la giornata saranno inoltre aperti il museo Medievale e la Rocca Di Monfalcone.</p>
<p>La Marcia, che lo scorso anno ha visto la partecipazione di circa 700 persone, prevede anche, alle 12, un’esibizione in Piazza Unità d’Italia dei cani addestrati della Sezione ANPS – Polizia di Stato, e un pasta party a partire dalle 11.45 a cura del Gruppo Alpini di Monfalcone.</p>
<p>“Una marcia di solidarietà ma anche di socializzazione – ha specificato l’assessore allo Sport, <strong>Fabio Banello</strong> – che fortifica lo spirito di squadra, oltre a promuovere stili di vita sani. Siamo vicini alle associazioni del territorio, che rappresentano uno strumento per il Comune di creare una rete di collaborazioni e rafforzare i rapporti con i cittadini. Un ringraziamento particolare va ai volontari, che con passione e dedizione rendono possibile tutto questo”.</p>
<p>Sempre nell’ottica di promuovere il territorio, in Piazza Unità d’Italia verranno allestiti stand per la vendita e l’esposizione di prodotti tipici della zona e un’area ristoro dedicata ai partecipanti.</p>
<p>“Un ringraziamento – espresso dal presidente dell’Associazione Solidarietà è Vita, <strong>Stefano Ambrosini </strong>– a tutti coloro che lavorano per la buona riuscita dell’evento, contribuendo, al contempo, a dare avvio al progetto di <em>Pet Therapy</em> nella Pediatria dell&#8217;ospedale San Polo attraverso attività che non esistono nei nosocomi limitrofi e che contiamo in futuro di estendere anche ad altri reparti. Stiamo inoltre raccogliendo fondi per la realizzazione di una palestra riabilitativa presso la Casa Albergo di Monfalcone. La marcia è una manifestazione che racchiude un grande lavoro di squadra finalizzato alla beneficenza ma anche al ricordo delle persone che ci sono state vicine in passato e che non ci sono più, ma che continuano a vivere attraverso l’impegno e la solidarietà di tanti”.</p>
<p>Presenti alla conferenza stampa di presentazione anche <strong>Renato Chittaro</strong>, in rappresentanza della Fidas Isontina, e <strong>Paolo Verdoliva</strong>, presidente dell’Associazione Nazionale Alpini sezione di Gorizia. Alpini che avranno il compito di preparare il “pasta party” e che sostengono l’iniziativa in ricordo dell’alpino Gilberto Secco, cui è dedicato il Trofeo Città di Monfalcone.</p>
