{"id":67637,"date":"2025-09-01T11:47:25","date_gmt":"2025-09-01T09:47:25","guid":{"rendered":"https:\/\/imagazine.it\/home_desk\/?post_type=mec-events&#038;p=67637"},"modified":"2025-09-01T11:47:25","modified_gmt":"2025-09-01T09:47:25","slug":"da-cervignano-il-finale-del-giro-del-fvg","status":"publish","type":"mec-events","link":"https:\/\/imagazine.it\/home_desk\/events\/da-cervignano-il-finale-del-giro-del-fvg\/","title":{"rendered":"Da Cervignano il finale del Giro del FVG"},"content":{"rendered":"<p>Partir\u00e0 da Cervignano del Friuli l\u2019ultima tappa del <strong>61\u00b0 Giro Ciclistico Internazionale della Regione Friuli Venezia Giulia <\/strong>per le categorie<strong> Elite e Under 23<\/strong>, in programma dal 4 al 7 settembre.<\/p>\n<p>Il percorso prevede due tappe iniziali pianeggianti: la prima, gioved\u00ec 4, andr\u00e0 <strong>da Palazzolo dello Stella a Buttrio<\/strong>, seguita il giorno dopo, venerd\u00ec 5, dalla <strong>Porpetto-Teor<\/strong>.<\/p>\n<p>Sabato 6, la terza tappa vedr\u00e0 i corridori affrontare le montagne friulane, con partenza <strong>da Ampezzo e arrivo a Ravascletto<\/strong>.<\/p>\n<p>La quarta e ultima tappa si svolger\u00e0 domenica 7 settembre nella Bassa Friulana.<\/p>\n<p>I ciclisti partiranno da <strong>Piazza Indipendenza a Cervignano del Friuli alle ore 12.30<\/strong> per poi percorrere 151 km e giungere a <strong>San Daniele del Friuli<\/strong> intorno alle 16.15, con l&#8217;arrivo previsto davanti al Duomo.<\/p>\n<p>Alla presentazione, il Comune di Cervignano \u00e8 stato rappresentato dagli assessori <strong>Giovanni Di Meglio<\/strong> (sport) e <strong>Barbara Nalon<\/strong> (politiche del territorio). L&#8217;assessore Nalon ha<\/p>\n<p>\u201cRingraziamo gli organizzatori per l&#8217;opportunit\u00e0 di valorizzare il territorio e le sue frazioni, sottolineando che l&#8217;evento sar\u00e0 trasmesso in televisione e in streaming, offrendo una visibilit\u00e0 non solo locale e regionale, ma anche internazionale\u201d, hanno commentato gli assessori comunali cervignanesi <strong>Giovanni Di Meglio<\/strong> e <strong>Barbara Nalon<\/strong>.<\/p>\n<p>Per l\u2019avvio della tappa conclusiva, il ritrovo per squadre e corridori in Piazza Indipendenza \u00e8 fissato per le ore 10, con la presentazione dei team che avr\u00e0 luogo un&#8217;ora dopo.<\/p>\n<p>Il percorso che i ciclisti affronteranno nel comune di Cervignano si snoda tra piazza Indipendenza, via XXIV Maggio e via Udine, per poi svoltare a destra su via Ramazzotti e imboccare la SS14 in direzione di <strong>Villa Vicentina<\/strong>.<\/p>\n<p>Da l\u00ec, il tragitto proseguir\u00e0 verso <strong>Aquileia<\/strong> e, dopo un&#8217;inversione di marcia, i ciclisti torneranno a Cervignano passando per via Aquileia, piazza Unit\u00e0, piazza Libert\u00e0, via XXIV Maggio e via Udine. Proseguiranno sulla SR352 per via Carnia e via Cisis, attraversando <strong>Strassoldo<\/strong>, per poi dirigersi verso <strong>Joannis<\/strong>, <strong>Aiello<\/strong> e <strong>Visco<\/strong>.<\/p>\n<p>L\u2019evento \u00e8 organizzato dalla <strong>Libertas Ceresetto<\/strong>.<\/p>\n<p><em>Livio Nonis<\/em><\/p>\n","protected":false},"excerpt":{"rendered":"<p>Dalla bassa friulana la partenza dell&#8217;ultima tappa della gara ciclistica internazionale per le categorie Elite e Under 23<\/p>\n","protected":false},"author":22,"featured_media":67638,"comment_status":"closed","ping_status":"closed","template":"","tags":[194,119,1512],"mec_category":[91],"class_list":["post-67637","mec-events","type-mec-events","status-publish","has-post-thumbnail","hentry","tag-bici","tag-cervignano","tag-ciclismo","mec_category-sport"],"_links":{"self":[{"href":"https:\/\/imagazine.it\/home_desk\/wp-json\/wp\/v2\/mec-events\/67637","targetHints":{"allow":["GET"]}}],"collection":[{"href":"https:\/\/imagazine.it\/home_desk\/wp-json\/wp\/v2\/mec-events"}],"about":[{"href":"https:\/\/imagazine.it\/home_desk\/wp-json\/wp\/v2\/types\/mec-events"}],"author":[{"embeddable":true,"href":"https:\/\/imagazine.it\/home_desk\/wp-json\/wp\/v2\/users\/22"}],"replies":[{"embeddable":true,"href":"https:\/\/imagazine.it\/home_desk\/wp-json\/wp\/v2\/comments?post=67637"}],"wp:featuredmedia":[{"embeddable":true,"href":"https:\/\/imagazine.it\/home_desk\/wp-json\/wp\/v2\/media\/67638"}],"wp:attachment":[{"href":"https:\/\/imagazine.it\/home_desk\/wp-json\/wp\/v2\/media?parent=67637"}],"wp:term":[{"taxonomy":"post_tag","embeddable":true,"href":"https:\/\/imagazine.it\/home_desk\/wp-json\/wp\/v2\/tags?post=67637"},{"taxonomy":"mec_category","embeddable":true,"href":"https:\/\/imagazine.it\/home_desk\/wp-json\/wp\/v2\/mec_category?post=67637"}],"curies":[{"name":"wp","href":"https:\/\/api.w.org\/{rel}","templated":true}]}}

<p>Partirà da Cervignano del Friuli l’ultima tappa del <strong>61° Giro Ciclistico Internazionale della Regione Friuli Venezia Giulia </strong>per le categorie<strong> Elite e Under 23</strong>, in programma dal 4 al 7 settembre.</p>
<p>Il percorso prevede due tappe iniziali pianeggianti: la prima, giovedì 4, andrà <strong>da Palazzolo dello Stella a Buttrio</strong>, seguita il giorno dopo, venerdì 5, dalla <strong>Porpetto-Teor</strong>.</p>
<p>Sabato 6, la terza tappa vedrà i corridori affrontare le montagne friulane, con partenza <strong>da Ampezzo e arrivo a Ravascletto</strong>.</p>
<p>La quarta e ultima tappa si svolgerà domenica 7 settembre nella Bassa Friulana.</p>
<p>I ciclisti partiranno da <strong>Piazza Indipendenza a Cervignano del Friuli alle ore 12.30</strong> per poi percorrere 151 km e giungere a <strong>San Daniele del Friuli</strong> intorno alle 16.15, con l&#8217;arrivo previsto davanti al Duomo.</p>
<p>Alla presentazione, il Comune di Cervignano è stato rappresentato dagli assessori <strong>Giovanni Di Meglio</strong> (sport) e <strong>Barbara Nalon</strong> (politiche del territorio). L&#8217;assessore Nalon ha</p>
<p>“Ringraziamo gli organizzatori per l&#8217;opportunità di valorizzare il territorio e le sue frazioni, sottolineando che l&#8217;evento sarà trasmesso in televisione e in streaming, offrendo una visibilità non solo locale e regionale, ma anche internazionale”, hanno commentato gli assessori comunali cervignanesi <strong>Giovanni Di Meglio</strong> e <strong>Barbara Nalon</strong>.</p>
<p>Per l’avvio della tappa conclusiva, il ritrovo per squadre e corridori in Piazza Indipendenza è fissato per le ore 10, con la presentazione dei team che avrà luogo un&#8217;ora dopo.</p>
<p>Il percorso che i ciclisti affronteranno nel comune di Cervignano si snoda tra piazza Indipendenza, via XXIV Maggio e via Udine, per poi svoltare a destra su via Ramazzotti e imboccare la SS14 in direzione di <strong>Villa Vicentina</strong>.</p>
<p>Da lì, il tragitto proseguirà verso <strong>Aquileia</strong> e, dopo un&#8217;inversione di marcia, i ciclisti torneranno a Cervignano passando per via Aquileia, piazza Unità, piazza Libertà, via XXIV Maggio e via Udine. Proseguiranno sulla SR352 per via Carnia e via Cisis, attraversando <strong>Strassoldo</strong>, per poi dirigersi verso <strong>Joannis</strong>, <strong>Aiello</strong> e <strong>Visco</strong>.</p>
<p>L’evento è organizzato dalla <strong>Libertas Ceresetto</strong>.</p>
<p><em>Livio Nonis</em></p>
