{"id":67626,"date":"2025-08-29T16:20:04","date_gmt":"2025-08-29T14:20:04","guid":{"rendered":"https:\/\/imagazine.it\/home_desk\/?post_type=mec-events&#038;p=67626"},"modified":"2025-08-29T16:20:04","modified_gmt":"2025-08-29T14:20:04","slug":"melodie-senza-confini-dal-friuli-alla-finlandia","status":"publish","type":"mec-events","link":"https:\/\/imagazine.it\/home_desk\/events\/melodie-senza-confini-dal-friuli-alla-finlandia\/","title":{"rendered":"Melodie Senza Confini: dal Friuli alla Finlandia"},"content":{"rendered":"<p><strong>Sabato 30 agosto<\/strong> gli amanti della musica bandistica avranno un appuntamento imperdibile in piazza.<\/p>\n<p>A <strong>Fiumicello Villa Vicentina<\/strong>, nel piazzale dei Tigli, si terr\u00e0 il concerto, &#8220;<strong><em>Melodie Senza Confini: dal Friuli alla Finlandia<\/em><\/strong>&#8220;.<\/p>\n<p>L&#8217;evento, che ha avuto il patrocinio del Comune di Fiumicello Villa Vicentina, avr\u00e0 inizio alle ore 20.30, offrir\u00e0 un viaggio sonoro attraverso culture e tradizioni lontane, unendo idealmente il Friuli e la Finlandia grazie al linguaggio universale della musica.<\/p>\n<p>Gli appassionati di musica avranno l&#8217;opportunit\u00e0 di assistere a un evento speciale, frutto della collaborazione tra due prestigiose realt\u00e0 musicali.<\/p>\n<p>Il concerto \u00e8 infatti organizzato e curato dalla <strong>Puhallinorkesteri Apollo<\/strong> di Helsinki, proveniente dalla Finlandia, e dal <strong>Gruppo Bandistico Tita Michel\u00e0s<\/strong> di Fiumicello Villa Vicentina.<\/p>\n<p>La serata sar\u00e0 un&#8217;occasione unica per apprezzare la sinergia tra i due gruppi, che si esibiranno sotto la direzione del rinomato maestro <strong>Jyri Nissila<\/strong>.<\/p>\n<p>In caso di condizioni meteorologiche avverse, l&#8217;evento non verr\u00e0 annullato, ma si sposter\u00e0 al chiuso, garantendo cos\u00ec la sua riuscita.<\/p>\n<p>La location alternativa sar\u00e0 la Sala Bison, pronta ad accogliere il pubblico e a offrire la giusta atmosfera per la serata.<\/p>\n<p><em>Livio Nonis<\/em><\/p>\n","protected":false},"excerpt":{"rendered":"<p>A Fiumicello Villa Vicentina il concerto bandistico con il Puhallinorkesteri Apollo e il &#8220;Tita Michel\u00e0s&#8221;<\/p>\n","protected":false},"author":22,"featured_media":67627,"comment_status":"closed","ping_status":"closed","template":"","tags":[3466,861,261,826,3545,393,55],"mec_category":[99],"class_list":["post-67626","mec-events","type-mec-events","status-publish","has-post-thumbnail","hentry","tag-bande","tag-concerti","tag-eventi","tag-eventi-fvg","tag-finlandia","tag-fiumicello","tag-musica","mec_category-music"],"_links":{"self":[{"href":"https:\/\/imagazine.it\/home_desk\/wp-json\/wp\/v2\/mec-events\/67626","targetHints":{"allow":["GET"]}}],"collection":[{"href":"https:\/\/imagazine.it\/home_desk\/wp-json\/wp\/v2\/mec-events"}],"about":[{"href":"https:\/\/imagazine.it\/home_desk\/wp-json\/wp\/v2\/types\/mec-events"}],"author":[{"embeddable":true,"href":"https:\/\/imagazine.it\/home_desk\/wp-json\/wp\/v2\/users\/22"}],"replies":[{"embeddable":true,"href":"https:\/\/imagazine.it\/home_desk\/wp-json\/wp\/v2\/comments?post=67626"}],"wp:featuredmedia":[{"embeddable":true,"href":"https:\/\/imagazine.it\/home_desk\/wp-json\/wp\/v2\/media\/67627"}],"wp:attachment":[{"href":"https:\/\/imagazine.it\/home_desk\/wp-json\/wp\/v2\/media?parent=67626"}],"wp:term":[{"taxonomy":"post_tag","embeddable":true,"href":"https:\/\/imagazine.it\/home_desk\/wp-json\/wp\/v2\/tags?post=67626"},{"taxonomy":"mec_category","embeddable":true,"href":"https:\/\/imagazine.it\/home_desk\/wp-json\/wp\/v2\/mec_category?post=67626"}],"curies":[{"name":"wp","href":"https:\/\/api.w.org\/{rel}","templated":true}]}}

<p><strong>Sabato 30 agosto</strong> gli amanti della musica bandistica avranno un appuntamento imperdibile in piazza.</p>
<p>A <strong>Fiumicello Villa Vicentina</strong>, nel piazzale dei Tigli, si terrà il concerto, &#8220;<strong><em>Melodie Senza Confini: dal Friuli alla Finlandia</em></strong>&#8220;.</p>
<p>L&#8217;evento, che ha avuto il patrocinio del Comune di Fiumicello Villa Vicentina, avrà inizio alle ore 20.30, offrirà un viaggio sonoro attraverso culture e tradizioni lontane, unendo idealmente il Friuli e la Finlandia grazie al linguaggio universale della musica.</p>
<p>Gli appassionati di musica avranno l&#8217;opportunità di assistere a un evento speciale, frutto della collaborazione tra due prestigiose realtà musicali.</p>
<p>Il concerto è infatti organizzato e curato dalla <strong>Puhallinorkesteri Apollo</strong> di Helsinki, proveniente dalla Finlandia, e dal <strong>Gruppo Bandistico Tita Michelàs</strong> di Fiumicello Villa Vicentina.</p>
<p>La serata sarà un&#8217;occasione unica per apprezzare la sinergia tra i due gruppi, che si esibiranno sotto la direzione del rinomato maestro <strong>Jyri Nissila</strong>.</p>
<p>In caso di condizioni meteorologiche avverse, l&#8217;evento non verrà annullato, ma si sposterà al chiuso, garantendo così la sua riuscita.</p>
<p>La location alternativa sarà la Sala Bison, pronta ad accogliere il pubblico e a offrire la giusta atmosfera per la serata.</p>
<p><em>Livio Nonis</em></p>

<p>A Fiumicello Villa Vicentina il concerto bandistico con il Puhallinorkesteri Apollo e il &#8220;Tita Michelàs&#8221;</p>
