{"id":67578,"date":"2025-08-27T16:41:05","date_gmt":"2025-08-27T14:41:05","guid":{"rendered":"https:\/\/imagazine.it\/home_desk\/?post_type=mec-events&#038;p=67578"},"modified":"2025-08-27T16:41:05","modified_gmt":"2025-08-27T14:41:05","slug":"duo-aequoreo-sax-a-la-francaise","status":"publish","type":"mec-events","link":"https:\/\/imagazine.it\/home_desk\/events\/duo-aequoreo-sax-a-la-francaise\/","title":{"rendered":"Duo Aequoreo: Sax \u00e0 la fran\u00e7aise"},"content":{"rendered":"<p><b>Venerd\u00ec 29 agosto<\/b>\u00a0alle <b>20.45<\/b>, ma questa volta ad\u00a0<b>Aiello del Friuli<\/b>, nell\u2019affascinante contesto del\u00a0<b>Chiostro dell\u2019Ex Convento Domenicano<\/b>, a emozionare il pubblico saranno il sassofonista\u00a0<b>Christian Summa<\/b>\u00a0e il pianista\u00a0<b>Vito Alessio Calianno<\/b>, che assieme formano il\u00a0<b>Duo Aequoreo<\/b>.<\/p>\n<p>I due giovani talenti proporranno un programma dal titolo \u201c<b>Sax \u00e0 la fran\u00e7aise<\/b>\u201d, che includer\u00e0 musiche e composizioni di Milhaud, Bozza, Desenclos, Koechlin, Fran\u00e7aix, Borne. Prima del concerto, alle 18.45, si terr\u00e0 la\u00a0<b>visita guidata<\/b>\u00a0gratuita alle celebri\u00a0<b>meridiane di Aiello del Friuli<\/b>.<\/p>\n<p>La Francia \u00e8 la patria d\u2019adozione del saxofono, lo strumento inventato dal belga Adolphe Sax e consacrato a Parigi, dove in Conservatorio si apr\u00ec la prima cattedra di insegnamento insieme a un fervido interesse compositivo.<\/p>\n<p>Il\u00a0<b>Duo Aequoreo<\/b>\u00a0propone un frizzante programma \u201c<i>\u00e0 la fran\u00e7aise<\/i>\u201d, nella Belle \u00c9poque del sax, tra brani celebri e gemme meno note.<\/p>\n<p>In apertura, la suite\u00a0<i>Scaramouche<\/i>\u00a0di\u00a0<b>Milhaud\u00a0<\/b>rende omaggio al teatro francese e alla sua vitalit\u00e0. Diverso il carattere dell\u2019intima e carezzevole<i>\u00a0Aria<\/i>\u00a0che\u00a0<b>Bozza<\/b>\u00a0compose durante la sua residenza romana.\u00a0<i>Preludio, Cadenza e Finale<\/i>\u00a0di\u00a0<b>Desenclos<\/b>\u00a0resta invece una delle pagine pi\u00f9 belle e significative per sax e pianoforte, in grado di valorizzare al contempo l\u2019espressivit\u00e0 e il brillante virtuosismo dei due strumenti.<\/p>\n<p>Completano il programma i raffinati\u00a0<i>Studi\u00a0<\/i>di\u00a0<b>Koechlin<\/b>, ispirati a Chopin, e le vivaci\u00a0<i>Danze esotiche<\/i>\u00a0di\u00a0<b>Fran\u00e7aix<\/b>.<\/p>\n<p>In chiusura, la <i>Fantasia brillante<\/i>\u00a0di\u00a0<b>Borne<\/b>\u00a0su temi dalla\u00a0<i>Carmen<\/i>\u00a0di\u00a0<b>Bizet<\/b>\u00a0ci regala un ultimo sentito omaggio alla Francia attraverso le arie dell\u2019opera pi\u00f9 famosa ed eseguita al mondo.<\/p>\n","protected":false},"excerpt":{"rendered":"<p>Il sassofonista Christian Summa e il pianista Vito Alessio Calianno portano ad Aiello la Belle \u00c9poque del sax, tra brani celebri e gemme meno note<\/p>\n","protected":false},"author":28,"featured_media":67579,"comment_status":"closed","ping_status":"closed","template":"","tags":[126,861,261,826,55],"mec_category":[99],"class_list":["post-67578","mec-events","type-mec-events","status-publish","has-post-thumbnail","hentry","tag-aiello","tag-concerti","tag-eventi","tag-eventi-fvg","tag-musica","mec_category-music"],"_links":{"self":[{"href":"https:\/\/imagazine.it\/home_desk\/wp-json\/wp\/v2\/mec-events\/67578","targetHints":{"allow":["GET"]}}],"collection":[{"href":"https:\/\/imagazine.it\/home_desk\/wp-json\/wp\/v2\/mec-events"}],"about":[{"href":"https:\/\/imagazine.it\/home_desk\/wp-json\/wp\/v2\/types\/mec-events"}],"author":[{"embeddable":true,"href":"https:\/\/imagazine.it\/home_desk\/wp-json\/wp\/v2\/users\/28"}],"replies":[{"embeddable":true,"href":"https:\/\/imagazine.it\/home_desk\/wp-json\/wp\/v2\/comments?post=67578"}],"wp:featuredmedia":[{"embeddable":true,"href":"https:\/\/imagazine.it\/home_desk\/wp-json\/wp\/v2\/media\/67579"}],"wp:attachment":[{"href":"https:\/\/imagazine.it\/home_desk\/wp-json\/wp\/v2\/media?parent=67578"}],"wp:term":[{"taxonomy":"post_tag","embeddable":true,"href":"https:\/\/imagazine.it\/home_desk\/wp-json\/wp\/v2\/tags?post=67578"},{"taxonomy":"mec_category","embeddable":true,"href":"https:\/\/imagazine.it\/home_desk\/wp-json\/wp\/v2\/mec_category?post=67578"}],"curies":[{"name":"wp","href":"https:\/\/api.w.org\/{rel}","templated":true}]}}

Duo Aequoreo: Sax à la française

<p><b>Venerdì 29 agosto</b> alle <b>20.45</b>, ma questa volta ad <b>Aiello del Friuli</b>, nell’affascinante contesto del <b>Chiostro dell’Ex Convento Domenicano</b>, a emozionare il pubblico saranno il sassofonista <b>Christian Summa</b> e il pianista <b>Vito Alessio Calianno</b>, che assieme formano il <b>Duo Aequoreo</b>.</p>
<p>I due giovani talenti proporranno un programma dal titolo “<b>Sax à la française</b>”, che includerà musiche e composizioni di Milhaud, Bozza, Desenclos, Koechlin, Françaix, Borne. Prima del concerto, alle 18.45, si terrà la <b>visita guidata</b> gratuita alle celebri <b>meridiane di Aiello del Friuli</b>.</p>
<p>La Francia è la patria d’adozione del saxofono, lo strumento inventato dal belga Adolphe Sax e consacrato a Parigi, dove in Conservatorio si aprì la prima cattedra di insegnamento insieme a un fervido interesse compositivo.</p>
<p>Il <b>Duo Aequoreo</b> propone un frizzante programma “<i>à la française</i>”, nella Belle Époque del sax, tra brani celebri e gemme meno note.</p>
<p>In apertura, la suite <i>Scaramouche</i> di <b>Milhaud </b>rende omaggio al teatro francese e alla sua vitalità. Diverso il carattere dell’intima e carezzevole<i> Aria</i> che <b>Bozza</b> compose durante la sua residenza romana. <i>Preludio, Cadenza e Finale</i> di <b>Desenclos</b> resta invece una delle pagine più belle e significative per sax e pianoforte, in grado di valorizzare al contempo l’espressività e il brillante virtuosismo dei due strumenti.</p>
<p>Completano il programma i raffinati <i>Studi </i>di <b>Koechlin</b>, ispirati a Chopin, e le vivaci <i>Danze esotiche</i> di <b>Françaix</b>.</p>
<p>In chiusura, la <i>Fantasia brillante</i> di <b>Borne</b> su temi dalla <i>Carmen</i> di <b>Bizet</b> ci regala un ultimo sentito omaggio alla Francia attraverso le arie dell’opera più famosa ed eseguita al mondo.</p>

<p>Il sassofonista Christian Summa e il pianista Vito Alessio Calianno portano ad Aiello la Belle Époque del sax, tra brani celebri e gemme meno note</p>
