{"id":67572,"date":"2025-08-27T15:12:18","date_gmt":"2025-08-27T13:12:18","guid":{"rendered":"https:\/\/imagazine.it\/home_desk\/?post_type=mec-events&#038;p=67572"},"modified":"2025-08-27T15:12:18","modified_gmt":"2025-08-27T13:12:18","slug":"gran-serata-futurista-a-trieste","status":"publish","type":"mec-events","link":"https:\/\/imagazine.it\/home_desk\/events\/gran-serata-futurista-a-trieste\/","title":{"rendered":"Gran Serata Futurista a Trieste"},"content":{"rendered":"<p><span style=\"font-size: 10pt;\"><em>Massimiliano Finazzer Flory<\/em><\/span><\/p>\n<p>\u201c<em>Gran Serata Futurista<\/em>\u201d di e con <strong>Massimiliano Finazzer Flory<\/strong>, in scena <strong>marted\u00ec 2 settembre<\/strong> alle ore 21 al <strong>Museo Sartorio<\/strong>, \u00e8 uno spettacolo-performance che tiene insieme letteratura, teatro, danza, musica e immagini con un ritmo unico e coinvolgente.<\/p>\n<p>Finazzer Flory con il suo monologo recita i Manifesti, il Discorso di Roma e Perch\u00e9 son futurista di Papini, interagendo intervallato dalla danza contemporanea di <strong>Marta Zacchigna<\/strong> offre il meglio dei testi Futuristi.<\/p>\n<p>La drammaturgia \u00e8 composta da testi di F. T. Marinetti, Luigi Russolo, Giovanni Papini e Aldo Palazzeschi tra il 1909 e il 1913.<\/p>\n<p>Le azioni coreografiche rappresentano un susseguirsi di personaggi, in un montaggio serrato di \u2018figurette\u2019, che si stagliano con forza e prendono vita ritmica nello spazio.<\/p>\n<p>\u00abLe nuove tecnologie sono tutte figlie degli antichi futurismi \u2013 dichiara Massimiliano Finazzer Flory \u2013. Senza Marinetti e i suoi non avremmo la comprensione estetica della rivoluzione digitale. L&#8217;immaginazione senza fili \u00e8 tra noi ma ha origine nella storia dell\u2019arte. L\u2019ubiquit\u00e0 auspicata di tempo e spazio nel 1909 tra noi \u00e8 realt\u00e0 di un\u2019epoca ora\u00bb.<\/p>\n<p>Marinetti venne a Trieste prima e dopo la pubblicazione dei Manifesti Futuristi. Nel marzo del 1908 la prima volta, e una seconda volta con una sua Serata Futurista al Politeama Rossetti, sempre nel marzo del 1909, e poi insieme ad Aldo Palazzeschi nel gennaio del 1910.<\/p>\n<p>Ingresso libero. In caso di maltempo lo spettacolo si svolger\u00e0 presso la Sala Luttazzi, Porto Vecchio<em>.<\/em><\/p>\n","protected":false},"excerpt":{"rendered":"<p>Massimiliano Finazzer Flory protagonista dello spettacolo-performance che tiene insieme letteratura, teatro, danza, musica e immagini<\/p>\n","protected":false},"author":28,"featured_media":67573,"comment_status":"closed","ping_status":"closed","template":"","tags":[261,826,821,52,65],"mec_category":[48],"class_list":["post-67572","mec-events","type-mec-events","status-publish","has-post-thumbnail","hentry","tag-eventi","tag-eventi-fvg","tag-spettacoli","tag-teatro","tag-trieste","mec_category-classic-art"],"_links":{"self":[{"href":"https:\/\/imagazine.it\/home_desk\/wp-json\/wp\/v2\/mec-events\/67572","targetHints":{"allow":["GET"]}}],"collection":[{"href":"https:\/\/imagazine.it\/home_desk\/wp-json\/wp\/v2\/mec-events"}],"about":[{"href":"https:\/\/imagazine.it\/home_desk\/wp-json\/wp\/v2\/types\/mec-events"}],"author":[{"embeddable":true,"href":"https:\/\/imagazine.it\/home_desk\/wp-json\/wp\/v2\/users\/28"}],"replies":[{"embeddable":true,"href":"https:\/\/imagazine.it\/home_desk\/wp-json\/wp\/v2\/comments?post=67572"}],"wp:featuredmedia":[{"embeddable":true,"href":"https:\/\/imagazine.it\/home_desk\/wp-json\/wp\/v2\/media\/67573"}],"wp:attachment":[{"href":"https:\/\/imagazine.it\/home_desk\/wp-json\/wp\/v2\/media?parent=67572"}],"wp:term":[{"taxonomy":"post_tag","embeddable":true,"href":"https:\/\/imagazine.it\/home_desk\/wp-json\/wp\/v2\/tags?post=67572"},{"taxonomy":"mec_category","embeddable":true,"href":"https:\/\/imagazine.it\/home_desk\/wp-json\/wp\/v2\/mec_category?post=67572"}],"curies":[{"name":"wp","href":"https:\/\/api.w.org\/{rel}","templated":true}]}}

<p><span style="font-size: 10pt;"><em>Massimiliano Finazzer Flory</em></span></p>
<p>“<em>Gran Serata Futurista</em>” di e con <strong>Massimiliano Finazzer Flory</strong>, in scena <strong>martedì 2 settembre</strong> alle ore 21 al <strong>Museo Sartorio</strong>, è uno spettacolo-performance che tiene insieme letteratura, teatro, danza, musica e immagini con un ritmo unico e coinvolgente.</p>
<p>Finazzer Flory con il suo monologo recita i Manifesti, il Discorso di Roma e Perché son futurista di Papini, interagendo intervallato dalla danza contemporanea di <strong>Marta Zacchigna</strong> offre il meglio dei testi Futuristi.</p>
<p>La drammaturgia è composta da testi di F. T. Marinetti, Luigi Russolo, Giovanni Papini e Aldo Palazzeschi tra il 1909 e il 1913.</p>
<p>Le azioni coreografiche rappresentano un susseguirsi di personaggi, in un montaggio serrato di ‘figurette’, che si stagliano con forza e prendono vita ritmica nello spazio.</p>
<p>«Le nuove tecnologie sono tutte figlie degli antichi futurismi – dichiara Massimiliano Finazzer Flory –. Senza Marinetti e i suoi non avremmo la comprensione estetica della rivoluzione digitale. L&#8217;immaginazione senza fili è tra noi ma ha origine nella storia dell’arte. L’ubiquità auspicata di tempo e spazio nel 1909 tra noi è realtà di un’epoca ora».</p>
<p>Marinetti venne a Trieste prima e dopo la pubblicazione dei Manifesti Futuristi. Nel marzo del 1908 la prima volta, e una seconda volta con una sua Serata Futurista al Politeama Rossetti, sempre nel marzo del 1909, e poi insieme ad Aldo Palazzeschi nel gennaio del 1910.</p>
<p>Ingresso libero. In caso di maltempo lo spettacolo si svolgerà presso la Sala Luttazzi, Porto Vecchio<em>.</em></p>
