{"id":67569,"date":"2025-08-27T14:36:42","date_gmt":"2025-08-27T12:36:42","guid":{"rendered":"https:\/\/imagazine.it\/home_desk\/?post_type=mec-events&#038;p=67569"},"modified":"2025-08-27T14:36:42","modified_gmt":"2025-08-27T12:36:42","slug":"tatuaggi-segni-sulla-pelle-tracce-di-identita","status":"publish","type":"mec-events","link":"https:\/\/imagazine.it\/home_desk\/events\/tatuaggi-segni-sulla-pelle-tracce-di-identita\/","title":{"rendered":"Tatuaggi. Segni sulla pelle, tracce di identit\u00e0"},"content":{"rendered":"<p><span style=\"font-size: 10pt;\"><em>Da sinistra Kocina, Gatta e Manto, con Cappitelli in collegamento<\/em><\/span><\/p>\n<p>Arriva a Gorizia \u201c<em>Tatuaggi. Segni sulla pelle, tracce di identit\u00e0<\/em>\u201d, progetto espositivo che esplora del tatuaggio, attraverso una selezione di materiali grafici, fotografici, video e testuali.<\/p>\n<p>L\u2019iniziativa, promossa dal Comune di Gorizia con la collaborazione di GECT GO\/EZTS GO, prende le mosse dalla mostra \u201c<em>Tatuaggio. Storie dal Mediterraneo<\/em>\u201d, prodotta da 24 ORE Cultura \u2013 Gruppo 24 ORE, presentata per la prima volta al MUDEC \u2013 Museo delle Culture di Milano nel 2024.<\/p>\n<p>L\u2019esposizione \u00e8 stata curata da <strong>Luisa Gnecchi Ruscone<\/strong> e <strong>Guido Guerzoni<\/strong>, con la collaborazione di <strong>Francesca Jurate Piacenti <\/strong>e <strong>Beatrice Corti<\/strong>.<\/p>\n<p>Dopo l\u2019esordio milanese, arricchito da importanti prestiti nazionali e da un\u2019approfondita ricerca storica e iconografica, la mostra ha intrapreso un tour europeo che ha toccato Marsiglia e Stoccolma, coinvolgendo istituzioni museali di rilievo.<\/p>\n<p>In occasione dell\u2019anno che vede Nova Gorica e Gorizia Capitale Europea della Cultura, \u201c<em>Tatuaggi<\/em>\u201d si apre alle citt\u00e0 e al loro tessuto urbano, proponendo una riflessione sul corpo come superficie narrativa, identitaria e sociale.<\/p>\n<p>La mostra sar\u00e0 ospitata dall\u2019<strong>Auditorium<\/strong> <strong>della cultura friulana<\/strong>, in via Roma 23, <strong>da domenica 7 a domenica 21 settembre<\/strong>, da marted\u00ec a domenica dalle 10 alle 13 e dalle 16 alle 19 con ingresso gratuito. L\u2019inaugurazione \u00e8 prevista alle 12 di domenica 7.<\/p>\n<p>La mostra \u00e8 stata presentata da <strong>Chiara Gatta<\/strong>, vicesindaco con delega alle Politiche Giovanili del Comune di Gorizia, dalla direttrice del GECT GO, <strong>Romina Kocina<\/strong>, alla presenza della dirigente del settore Politiche giovanili del Comune, <strong>Antonella Manto<\/strong>. <strong>Paola Cappitelli<\/strong> del Gruppo 24 ORE, intervenuta in collegamento.<\/p>\n<p>Ma cos\u2019\u00e8 davvero un tatuaggio? Perch\u00e9 oggi ci si tatua? Sono scelte personali dettate da istanze profonde o decisioni prese a cuor leggero, perch\u00e9 \u201coggi lo fanno tutti\u201d? E, soprattutto, quali storie si nascondono dietro un segno, per sempre \u201cnostro\u201d?<\/p>\n<p>Quella che oggi appare come tendenza globale \u00e8 in realt\u00e0 una pratica antica quanto l\u2019uomo: gi\u00e0 la preistoria ci restituisce corpi segnati, testimoni di rituali, identit\u00e0, credenze. Il tatuaggio, dunque, non \u00e8 semplice ornamento: \u00e8 rito, linguaggio, memoria che si tramanda nei secoli e attraversa culture, geografie, epoche e ci permette di conoscere la storia e di riconoscere segni e corrispondenze.<\/p>\n<p>Da queste considerazioni di carattere sociale oltre che culturale nasce l\u2019interesse di 24 Ore Cultura, che ha voluto approfondire la conoscenza di pratiche, ritualit\u00e0, forme ed espressioni che si ritrovano in qualsiasi epoca e in ogni angolo della terra. Il progetto espositivo affronta gli aspetti storici, antropologici e culturali, partendo dai luoghi in cui sono state rinvenute le prime inconfutabili testimonianze: il bacino del Mediterraneo.<\/p>\n<figure id=\"attachment_67570\" aria-describedby=\"caption-attachment-67570\" style=\"width: 800px\" class=\"wp-caption aligncenter\"><img loading=\"lazy\" decoding=\"async\" class=\"size-full wp-image-67570\" src=\"https:\/\/imagazine.it\/wp-content\/uploads\/2025\/08\/Jodi-Hilton-Last-Tattoed-Women-of-Kobane-Suruc-Sanliurfa-Turchia-2014_Courtesy-Jodi-Hilton.jpg\" alt=\"\" width=\"800\" height=\"921\" title=\"\" srcset=\"https:\/\/imagazine.it\/wp-content\/uploads\/2025\/08\/Jodi-Hilton-Last-Tattoed-Women-of-Kobane-Suruc-Sanliurfa-Turchia-2014_Courtesy-Jodi-Hilton.jpg 800w, https:\/\/imagazine.it\/wp-content\/uploads\/2025\/08\/Jodi-Hilton-Last-Tattoed-Women-of-Kobane-Suruc-Sanliurfa-Turchia-2014_Courtesy-Jodi-Hilton-261x300.jpg 261w, https:\/\/imagazine.it\/wp-content\/uploads\/2025\/08\/Jodi-Hilton-Last-Tattoed-Women-of-Kobane-Suruc-Sanliurfa-Turchia-2014_Courtesy-Jodi-Hilton-768x884.jpg 768w\" sizes=\"auto, (max-width: 800px) 100vw, 800px\" \/><figcaption id=\"caption-attachment-67570\" class=\"wp-caption-text\">Noyle Muzlem, 55 from El Ajak village of Kobani, at Rojava refugee camp in Suruc, Turkey, October 25, 2014<\/figcaption><\/figure>\n<p>Oggi il tatuaggio \u00e8 ovunque: attraversa stili, generazioni, generi, contesti e linguaggi. Ma se \u00e8 vero che tutti si tatuano di tutto, pochi conoscono le radici antichissime di questa pratica, che accompagna l\u2019umanit\u00e0 sin dalle sue origini.<\/p>\n<p>Dietro ogni tatuaggio c\u2019\u00e8 una storia: personale, culturale o collettiva, spesso tutte e tre insieme. Secondo uno studio europeo, nel 2015 il 12% degli adulti europei aveva almeno un tatuaggio, quasi il doppio rispetto al 2003, ma ancora meno che in paesi come Stati Uniti o Canada. In circa trent\u2019anni, il tatuaggio \u00e8 passato da pratica minoritaria a fenomeno di massa, senza pi\u00f9 distinzioni significative di genere, et\u00e0 o cultura.<\/p>\n","protected":false},"excerpt":{"rendered":"<p>Dopo Milano, Marsiglia e Stoccolma, arriva a Gorizia il progetto espositivo che ne esplora la dimensione culturale, simbolica e antropologica<\/p>\n","protected":false},"author":28,"featured_media":67571,"comment_status":"closed","ping_status":"closed","template":"","tags":[261,826,43,60,3543],"mec_category":[59],"class_list":["post-67569","mec-events","type-mec-events","status-publish","has-post-thumbnail","hentry","tag-eventi","tag-eventi-fvg","tag-gorizia","tag-mostre","tag-tatuaggi","mec_category-meeting"],"_links":{"self":[{"href":"https:\/\/imagazine.it\/home_desk\/wp-json\/wp\/v2\/mec-events\/67569","targetHints":{"allow":["GET"]}}],"collection":[{"href":"https:\/\/imagazine.it\/home_desk\/wp-json\/wp\/v2\/mec-events"}],"about":[{"href":"https:\/\/imagazine.it\/home_desk\/wp-json\/wp\/v2\/types\/mec-events"}],"author":[{"embeddable":true,"href":"https:\/\/imagazine.it\/home_desk\/wp-json\/wp\/v2\/users\/28"}],"replies":[{"embeddable":true,"href":"https:\/\/imagazine.it\/home_desk\/wp-json\/wp\/v2\/comments?post=67569"}],"wp:featuredmedia":[{"embeddable":true,"href":"https:\/\/imagazine.it\/home_desk\/wp-json\/wp\/v2\/media\/67571"}],"wp:attachment":[{"href":"https:\/\/imagazine.it\/home_desk\/wp-json\/wp\/v2\/media?parent=67569"}],"wp:term":[{"taxonomy":"post_tag","embeddable":true,"href":"https:\/\/imagazine.it\/home_desk\/wp-json\/wp\/v2\/tags?post=67569"},{"taxonomy":"mec_category","embeddable":true,"href":"https:\/\/imagazine.it\/home_desk\/wp-json\/wp\/v2\/mec_category?post=67569"}],"curies":[{"name":"wp","href":"https:\/\/api.w.org\/{rel}","templated":true}]}}

Tatuaggi. Segni sulla pelle, tracce di identità

<p><span style="font-size: 10pt;"><em>Da sinistra Kocina, Gatta e Manto, con Cappitelli in collegamento</em></span></p>
<p>Arriva a Gorizia “<em>Tatuaggi. Segni sulla pelle, tracce di identità</em>”, progetto espositivo che esplora del tatuaggio, attraverso una selezione di materiali grafici, fotografici, video e testuali.</p>
<p>L’iniziativa, promossa dal Comune di Gorizia con la collaborazione di GECT GO/EZTS GO, prende le mosse dalla mostra “<em>Tatuaggio. Storie dal Mediterraneo</em>”, prodotta da 24 ORE Cultura – Gruppo 24 ORE, presentata per la prima volta al MUDEC – Museo delle Culture di Milano nel 2024.</p>
<p>L’esposizione è stata curata da <strong>Luisa Gnecchi Ruscone</strong> e <strong>Guido Guerzoni</strong>, con la collaborazione di <strong>Francesca Jurate Piacenti </strong>e <strong>Beatrice Corti</strong>.</p>
<p>Dopo l’esordio milanese, arricchito da importanti prestiti nazionali e da un’approfondita ricerca storica e iconografica, la mostra ha intrapreso un tour europeo che ha toccato Marsiglia e Stoccolma, coinvolgendo istituzioni museali di rilievo.</p>
<p>In occasione dell’anno che vede Nova Gorica e Gorizia Capitale Europea della Cultura, “<em>Tatuaggi</em>” si apre alle città e al loro tessuto urbano, proponendo una riflessione sul corpo come superficie narrativa, identitaria e sociale.</p>
<p>La mostra sarà ospitata dall’<strong>Auditorium</strong> <strong>della cultura friulana</strong>, in via Roma 23, <strong>da domenica 7 a domenica 21 settembre</strong>, da martedì a domenica dalle 10 alle 13 e dalle 16 alle 19 con ingresso gratuito. L’inaugurazione è prevista alle 12 di domenica 7.</p>
<p>La mostra è stata presentata da <strong>Chiara Gatta</strong>, vicesindaco con delega alle Politiche Giovanili del Comune di Gorizia, dalla direttrice del GECT GO, <strong>Romina Kocina</strong>, alla presenza della dirigente del settore Politiche giovanili del Comune, <strong>Antonella Manto</strong>. <strong>Paola Cappitelli</strong> del Gruppo 24 ORE, intervenuta in collegamento.</p>
<p>Ma cos’è davvero un tatuaggio? Perché oggi ci si tatua? Sono scelte personali dettate da istanze profonde o decisioni prese a cuor leggero, perché “oggi lo fanno tutti”? E, soprattutto, quali storie si nascondono dietro un segno, per sempre “nostro”?</p>
<p>Quella che oggi appare come tendenza globale è in realtà una pratica antica quanto l’uomo: già la preistoria ci restituisce corpi segnati, testimoni di rituali, identità, credenze. Il tatuaggio, dunque, non è semplice ornamento: è rito, linguaggio, memoria che si tramanda nei secoli e attraversa culture, geografie, epoche e ci permette di conoscere la storia e di riconoscere segni e corrispondenze.</p>
<p>Da queste considerazioni di carattere sociale oltre che culturale nasce l’interesse di 24 Ore Cultura, che ha voluto approfondire la conoscenza di pratiche, ritualità, forme ed espressioni che si ritrovano in qualsiasi epoca e in ogni angolo della terra. Il progetto espositivo affronta gli aspetti storici, antropologici e culturali, partendo dai luoghi in cui sono state rinvenute le prime inconfutabili testimonianze: il bacino del Mediterraneo.</p>
<figure id="attachment_67570" aria-describedby="caption-attachment-67570" style="width: 800px" class="wp-caption aligncenter"><img loading="lazy" decoding="async" class="size-full wp-image-67570" src="https://imagazine.it/wp-content/uploads/2025/08/Jodi-Hilton-Last-Tattoed-Women-of-Kobane-Suruc-Sanliurfa-Turchia-2014_Courtesy-Jodi-Hilton.jpg" alt="" width="800" height="921" title="" srcset="https://imagazine.it/wp-content/uploads/2025/08/Jodi-Hilton-Last-Tattoed-Women-of-Kobane-Suruc-Sanliurfa-Turchia-2014_Courtesy-Jodi-Hilton.jpg 800w, https://imagazine.it/wp-content/uploads/2025/08/Jodi-Hilton-Last-Tattoed-Women-of-Kobane-Suruc-Sanliurfa-Turchia-2014_Courtesy-Jodi-Hilton-261x300.jpg 261w, https://imagazine.it/wp-content/uploads/2025/08/Jodi-Hilton-Last-Tattoed-Women-of-Kobane-Suruc-Sanliurfa-Turchia-2014_Courtesy-Jodi-Hilton-768x884.jpg 768w" sizes="auto, (max-width: 800px) 100vw, 800px" /><figcaption id="caption-attachment-67570" class="wp-caption-text">Noyle Muzlem, 55 from El Ajak village of Kobani, at Rojava refugee camp in Suruc, Turkey, October 25, 2014</figcaption></figure>
<p>Oggi il tatuaggio è ovunque: attraversa stili, generazioni, generi, contesti e linguaggi. Ma se è vero che tutti si tatuano di tutto, pochi conoscono le radici antichissime di questa pratica, che accompagna l’umanità sin dalle sue origini.</p>
<p>Dietro ogni tatuaggio c’è una storia: personale, culturale o collettiva, spesso tutte e tre insieme. Secondo uno studio europeo, nel 2015 il 12% degli adulti europei aveva almeno un tatuaggio, quasi il doppio rispetto al 2003, ma ancora meno che in paesi come Stati Uniti o Canada. In circa trent’anni, il tatuaggio è passato da pratica minoritaria a fenomeno di massa, senza più distinzioni significative di genere, età o cultura.</p>
