{"id":67543,"date":"2025-08-26T12:52:15","date_gmt":"2025-08-26T10:52:15","guid":{"rendered":"https:\/\/imagazine.it\/home_desk\/?post_type=mec-events&#038;p=67543"},"modified":"2025-08-26T12:52:15","modified_gmt":"2025-08-26T10:52:15","slug":"i-giovani-talenti-del-morgen-piano-trio","status":"publish","type":"mec-events","link":"https:\/\/imagazine.it\/home_desk\/events\/i-giovani-talenti-del-morgen-piano-trio\/","title":{"rendered":"I giovani talenti del Morgen Piano Trio"},"content":{"rendered":"<p><span style=\"font-size: 10pt;\"><em>Morgen Piano Trio<\/em><\/span><\/p>\n<p style=\"font-weight: 400;\">Talenti emergenti della musica classica selezionati fra gli allievi di Conservatori, Accademie e Scuole di alto perfezionamento musicale protagonisti del nuovo appuntamento del festival internazionale di musica e territori\u00a0<strong>Nei Suoni Dei Luoghi<\/strong>.<\/p>\n<p style=\"font-weight: 400;\"><strong>Mercoled\u00ec 27 agosto<\/strong>, alle\u00a0<strong>20.45<\/strong>\u00a0negli spazi dell\u2019<strong>Azienda Agricola Brunner<\/strong>\u00a0di\u00a0<strong>Chiopris Viscone<\/strong>, a emozionare il pubblico con un programma con musiche di Bernstein, Grieg e Ghedini sar\u00e0 il <strong>Morgen Piano Trio<\/strong>, ensemble formato dal violinista\u00a0<strong>Nicola Marvulli<\/strong>, dalla violoncellista\u00a0<strong>Camilla Patria<\/strong>\u00a0e dalla pianista\u00a0<strong>Tiziana Columbro<\/strong>. Dopo il concerto seguir\u00e0 un momento conviviale con degustazione di vini tipici locali offerti dell&#8217;Azienda Agricola Brunner.<\/p>\n<p style=\"font-weight: 400;\"><strong>Ingresso libero<\/strong>.\u00a0Il calendario completo del festival su\u00a0<span style=\"text-decoration: underline;\"><a href=\"http:\/\/www.neisuonideiluoghi.it\/\" data-saferedirecturl=\"https:\/\/www.google.com\/url?q=http:\/\/www.neisuonideiluoghi.it&amp;source=gmail&amp;ust=1756287637096000&amp;usg=AOvVaw3Ii3u6-S6EuXN5VYh_9MMj\" target=\"_blank\" rel=\"noopener\">www.neisuonideiluoghi.it<\/a><\/span>.<\/p>\n<p style=\"font-weight: 400;\">Il programma si muove attraverso diverse stagioni di un secolo di musica, presentando un confronto originale fra il Vecchio e il Nuovo Mondo.<\/p>\n<p style=\"font-weight: 400;\">Dall\u2019Europa viene presentato il\u00a0<em>Trio op. 1<\/em>\u00a0del norvegese\u00a0<strong>Edvard Grieg<\/strong>\u00a0(1878), scritto in un movimento unico: si tratta di una pagina giovanile ancora vicina ai modelli mitteleuropei, ma gi\u00e0 proiettata verso una voce personale che fonder\u00e0 lirismo romantico e identit\u00e0 nordica.<\/p>\n<p style=\"font-weight: 400;\"><em>I Sette Ricercari<\/em>\u00a0di\u00a0<strong>Giorgio Federico Ghedini<\/strong>\u00a0(1951), sono invece brevi meditazioni dal carattere contrappuntistico in cui lo spirito del passato (il ricercare \u00e8 una forma musicale nata nel Rinascimento) riaffiora attraverso un linguaggio moderno, intenso e introspettivo.<\/p>\n<p style=\"font-weight: 400;\">Il\u00a0<em>Trio<\/em>\u00a0che lo statunitense\u00a0<strong>Leonard Bernstein<\/strong>\u00a0scrisse nel 1937 a soli vent\u2019anni alterna malinconia, marce ironiche e freschezza ritmica, presentando spunti jazzistici e caratteri teatrali: con quest\u2019opera il compositore americano, noto principalmente per\u00a0<em>West Side Story<\/em>\u00a0(scritto vent\u2019anni pi\u00f9 tardi), ci anticipa gi\u00e0 la sua vivacissima personalit\u00e0 musicale.<\/p>\n<p style=\"font-weight: 400;\">Prossimo appuntamento del festival sar\u00e0\u00a0<strong>gioved\u00ec 28 agosto<\/strong>\u00a0con il\u00a0<strong>Melodie del folklore<\/strong> a Villa Marcotti Chiozza di Campolongo Tapogliano.<\/p>\n","protected":false},"excerpt":{"rendered":"<p>In concerto a Chiopris Viscone con musiche di Grieg, Ghedini e Bernstein nell\u2019ambito del festival \u201cNei Suoni dei Luoghi\u201d<\/p>\n","protected":false},"author":28,"featured_media":67544,"comment_status":"closed","ping_status":"closed","template":"","tags":[2808,861,261,826,55],"mec_category":[99],"class_list":["post-67543","mec-events","type-mec-events","status-publish","has-post-thumbnail","hentry","tag-chiopris","tag-concerti","tag-eventi","tag-eventi-fvg","tag-musica","mec_category-music"],"_links":{"self":[{"href":"https:\/\/imagazine.it\/home_desk\/wp-json\/wp\/v2\/mec-events\/67543","targetHints":{"allow":["GET"]}}],"collection":[{"href":"https:\/\/imagazine.it\/home_desk\/wp-json\/wp\/v2\/mec-events"}],"about":[{"href":"https:\/\/imagazine.it\/home_desk\/wp-json\/wp\/v2\/types\/mec-events"}],"author":[{"embeddable":true,"href":"https:\/\/imagazine.it\/home_desk\/wp-json\/wp\/v2\/users\/28"}],"replies":[{"embeddable":true,"href":"https:\/\/imagazine.it\/home_desk\/wp-json\/wp\/v2\/comments?post=67543"}],"wp:featuredmedia":[{"embeddable":true,"href":"https:\/\/imagazine.it\/home_desk\/wp-json\/wp\/v2\/media\/67544"}],"wp:attachment":[{"href":"https:\/\/imagazine.it\/home_desk\/wp-json\/wp\/v2\/media?parent=67543"}],"wp:term":[{"taxonomy":"post_tag","embeddable":true,"href":"https:\/\/imagazine.it\/home_desk\/wp-json\/wp\/v2\/tags?post=67543"},{"taxonomy":"mec_category","embeddable":true,"href":"https:\/\/imagazine.it\/home_desk\/wp-json\/wp\/v2\/mec_category?post=67543"}],"curies":[{"name":"wp","href":"https:\/\/api.w.org\/{rel}","templated":true}]}}

<p><span style="font-size: 10pt;"><em>Morgen Piano Trio</em></span></p>
<p style="font-weight: 400;">Talenti emergenti della musica classica selezionati fra gli allievi di Conservatori, Accademie e Scuole di alto perfezionamento musicale protagonisti del nuovo appuntamento del festival internazionale di musica e territori <strong>Nei Suoni Dei Luoghi</strong>.</p>
<p style="font-weight: 400;"><strong>Mercoledì 27 agosto</strong>, alle <strong>20.45</strong> negli spazi dell’<strong>Azienda Agricola Brunner</strong> di <strong>Chiopris Viscone</strong>, a emozionare il pubblico con un programma con musiche di Bernstein, Grieg e Ghedini sarà il <strong>Morgen Piano Trio</strong>, ensemble formato dal violinista <strong>Nicola Marvulli</strong>, dalla violoncellista <strong>Camilla Patria</strong> e dalla pianista <strong>Tiziana Columbro</strong>. Dopo il concerto seguirà un momento conviviale con degustazione di vini tipici locali offerti dell&#8217;Azienda Agricola Brunner.</p>
<p style="font-weight: 400;"><strong>Ingresso libero</strong>. Il calendario completo del festival su <span style="text-decoration: underline;"><a href="http://www.neisuonideiluoghi.it/" data-saferedirecturl="https://www.google.com/url?q=http://www.neisuonideiluoghi.it&amp;source=gmail&amp;ust=1756287637096000&amp;usg=AOvVaw3Ii3u6-S6EuXN5VYh_9MMj" target="_blank" rel="noopener">www.neisuonideiluoghi.it</a></span>.</p>
<p style="font-weight: 400;">Il programma si muove attraverso diverse stagioni di un secolo di musica, presentando un confronto originale fra il Vecchio e il Nuovo Mondo.</p>
<p style="font-weight: 400;">Dall’Europa viene presentato il <em>Trio op. 1</em> del norvegese <strong>Edvard Grieg</strong> (1878), scritto in un movimento unico: si tratta di una pagina giovanile ancora vicina ai modelli mitteleuropei, ma già proiettata verso una voce personale che fonderà lirismo romantico e identità nordica.</p>
<p style="font-weight: 400;"><em>I Sette Ricercari</em> di <strong>Giorgio Federico Ghedini</strong> (1951), sono invece brevi meditazioni dal carattere contrappuntistico in cui lo spirito del passato (il ricercare è una forma musicale nata nel Rinascimento) riaffiora attraverso un linguaggio moderno, intenso e introspettivo.</p>
<p style="font-weight: 400;">Il <em>Trio</em> che lo statunitense <strong>Leonard Bernstein</strong> scrisse nel 1937 a soli vent’anni alterna malinconia, marce ironiche e freschezza ritmica, presentando spunti jazzistici e caratteri teatrali: con quest’opera il compositore americano, noto principalmente per <em>West Side Story</em> (scritto vent’anni più tardi), ci anticipa già la sua vivacissima personalità musicale.</p>
<p style="font-weight: 400;">Prossimo appuntamento del festival sarà <strong>giovedì 28 agosto</strong> con il <strong>Melodie del folklore</strong> a Villa Marcotti Chiozza di Campolongo Tapogliano.</p>
