{"id":67401,"date":"2025-08-20T18:17:20","date_gmt":"2025-08-20T16:17:20","guid":{"rendered":"https:\/\/imagazine.it\/home_desk\/?post_type=mec-events&#038;p=67401"},"modified":"2025-08-20T18:19:03","modified_gmt":"2025-08-20T16:19:03","slug":"figure-del-sacro-nel-disegno-di-renzo-tubaro","status":"publish","type":"mec-events","link":"https:\/\/imagazine.it\/home_desk\/events\/figure-del-sacro-nel-disegno-di-renzo-tubaro\/","title":{"rendered":"Figure del sacro nel disegno di Renzo Tubaro"},"content":{"rendered":"<p><span style=\"font-size: 10pt;\"><em>Renzo Tubaro, Nativit\u00e0<\/em><\/span><\/p>\n<p>Il tema della Via Crucis e la figura di Cristo sono il filo rosso delle mostre progettate per l\u2019autunno 2025 nell\u2019ambito della 34\u00aa edizione del Festival Internazionale di Musica Sacra dedicato quest\u2019anno alla \u201cFede\u201d.<\/p>\n<p>A cominciare dall\u2019omaggio espositivo al pittore e affreschista friulano Renzo Tubaro, nel 2025 che segna il centenario della sua nascita.<\/p>\n<p>Nativo di Codroipo, Renzo Tubaro ha coltivato un rapporto con la tradizione veneta da Veronese a Tiepolo. I suoi temi preferiti &#8211; maternit\u00e0, nature morte, ritratti e paesaggi &#8211; vivono attraverso un colore che li traduce in termini di visione pi\u00f9 che di realt\u00e0.<\/p>\n<p>Protagonista frequente alla Quadriennale di Roma, ha partecipato a molte mostre e realizzato vari cicli di affreschi in diverse chiese friulane (Goricizza, Gradiscutta, San Daniele del Friuli, Castions di Strada, Codroipo, etc.).<\/p>\n<p>A celebrare la sua arte, questa volta, \u00e8 la mostra<strong> <em>Figure del sacro nel disegno di Renzo Tubaro<\/em><\/strong>: un percorso espositivo che propone<strong> 30 opere dell\u2019artista<\/strong>, realizzate con tecnica mista e, soprattutto, tutte inedite.<\/p>\n<p>Un\u2019iniziativa a cura del critico dell\u2019arte <strong>Giancarlo Pauletto<\/strong>, promossa dall\u2019associazione Centro Iniziative Culturali Pordenone con Presenza e Cultura, in collaborazione con il Comune di Cordenons, dove \u2013 al Centro culturale Aldo Moro \u2013 la mostra si aprir\u00e0 sabato 6 settembre, alle 17.30, e dove rester\u00e0 visitabile fino al 27 settembre 2025, il mercoled\u00ec, venerd\u00ec e sabato dalle 16 alle 19, con ingresso gratuito (info: <span style=\"text-decoration: underline;\"><a href=\"http:\/\/www.centroculturapordenone.it\/cicp\" target=\"_blank\" rel=\"noopener\">www.centroculturapordenone.it\/cicp<\/a><\/span>).<\/p>\n<p>In occasione della vernice della mostra, <strong>sabato 6 settembre<\/strong>, \u00e8 in programma il concerto della violista montenegrina <strong>Milena Petkovic<\/strong>.<\/p>\n","protected":false},"excerpt":{"rendered":"<p>La mostra omaggio al pittore friulano, nel centenario della sua nascita: un percorso espositivo che propone 30 opere inedite<\/p>\n","protected":false},"author":28,"featured_media":67402,"comment_status":"closed","ping_status":"closed","template":"","tags":[165,188,261,826,60],"mec_category":[59],"class_list":["post-67401","mec-events","type-mec-events","status-publish","has-post-thumbnail","hentry","tag-arte","tag-cordenons","tag-eventi","tag-eventi-fvg","tag-mostre","mec_category-meeting"],"_links":{"self":[{"href":"https:\/\/imagazine.it\/home_desk\/wp-json\/wp\/v2\/mec-events\/67401","targetHints":{"allow":["GET"]}}],"collection":[{"href":"https:\/\/imagazine.it\/home_desk\/wp-json\/wp\/v2\/mec-events"}],"about":[{"href":"https:\/\/imagazine.it\/home_desk\/wp-json\/wp\/v2\/types\/mec-events"}],"author":[{"embeddable":true,"href":"https:\/\/imagazine.it\/home_desk\/wp-json\/wp\/v2\/users\/28"}],"replies":[{"embeddable":true,"href":"https:\/\/imagazine.it\/home_desk\/wp-json\/wp\/v2\/comments?post=67401"}],"wp:featuredmedia":[{"embeddable":true,"href":"https:\/\/imagazine.it\/home_desk\/wp-json\/wp\/v2\/media\/67402"}],"wp:attachment":[{"href":"https:\/\/imagazine.it\/home_desk\/wp-json\/wp\/v2\/media?parent=67401"}],"wp:term":[{"taxonomy":"post_tag","embeddable":true,"href":"https:\/\/imagazine.it\/home_desk\/wp-json\/wp\/v2\/tags?post=67401"},{"taxonomy":"mec_category","embeddable":true,"href":"https:\/\/imagazine.it\/home_desk\/wp-json\/wp\/v2\/mec_category?post=67401"}],"curies":[{"name":"wp","href":"https:\/\/api.w.org\/{rel}","templated":true}]}}

<p><span style="font-size: 10pt;"><em>Renzo Tubaro, Natività</em></span></p>
<p>Il tema della Via Crucis e la figura di Cristo sono il filo rosso delle mostre progettate per l’autunno 2025 nell’ambito della 34ª edizione del Festival Internazionale di Musica Sacra dedicato quest’anno alla “Fede”.</p>
<p>A cominciare dall’omaggio espositivo al pittore e affreschista friulano Renzo Tubaro, nel 2025 che segna il centenario della sua nascita.</p>
<p>Nativo di Codroipo, Renzo Tubaro ha coltivato un rapporto con la tradizione veneta da Veronese a Tiepolo. I suoi temi preferiti &#8211; maternità, nature morte, ritratti e paesaggi &#8211; vivono attraverso un colore che li traduce in termini di visione più che di realtà.</p>
<p>Protagonista frequente alla Quadriennale di Roma, ha partecipato a molte mostre e realizzato vari cicli di affreschi in diverse chiese friulane (Goricizza, Gradiscutta, San Daniele del Friuli, Castions di Strada, Codroipo, etc.).</p>
<p>A celebrare la sua arte, questa volta, è la mostra<strong> <em>Figure del sacro nel disegno di Renzo Tubaro</em></strong>: un percorso espositivo che propone<strong> 30 opere dell’artista</strong>, realizzate con tecnica mista e, soprattutto, tutte inedite.</p>
<p>Un’iniziativa a cura del critico dell’arte <strong>Giancarlo Pauletto</strong>, promossa dall’associazione Centro Iniziative Culturali Pordenone con Presenza e Cultura, in collaborazione con il Comune di Cordenons, dove – al Centro culturale Aldo Moro – la mostra si aprirà sabato 6 settembre, alle 17.30, e dove resterà visitabile fino al 27 settembre 2025, il mercoledì, venerdì e sabato dalle 16 alle 19, con ingresso gratuito (info: <span style="text-decoration: underline;"><a href="http://www.centroculturapordenone.it/cicp" target="_blank" rel="noopener">www.centroculturapordenone.it/cicp</a></span>).</p>
<p>In occasione della vernice della mostra, <strong>sabato 6 settembre</strong>, è in programma il concerto della violista montenegrina <strong>Milena Petkovic</strong>.</p>
