{"id":67368,"date":"2025-08-19T15:11:06","date_gmt":"2025-08-19T13:11:06","guid":{"rendered":"https:\/\/imagazine.it\/home_desk\/?post_type=mec-events&#038;p=67368"},"modified":"2025-08-19T15:11:06","modified_gmt":"2025-08-19T13:11:06","slug":"fabrizio-bosso-bebo-ferra","status":"publish","type":"mec-events","link":"https:\/\/imagazine.it\/home_desk\/events\/fabrizio-bosso-bebo-ferra\/","title":{"rendered":"Fabrizio Bosso &#038; Bebo Ferra"},"content":{"rendered":"<p><span style=\"font-size: 10pt;\"><em>Bosso e Ferra<\/em><\/span><\/p>\n<p>Sar\u00e0 <strong>Fabrizio Bosso<\/strong> uno dei protagonisti di Polcenigo Jazz River 2025: il trombettista torinese arriver\u00e0 insieme al chitarrista <strong>Bebo Ferra<\/strong> per il concerto \u201c<em>Fabrizio Bosso &amp; Bebo Ferra<\/em>\u201d, in programma <strong>sabato 13 settembre<\/strong>, nel Teatro di Polcenigo, alle 21.<\/p>\n<p>Il duo proporr\u00e0 un repertorio che unisce brani originali, standard e incursioni nella musica brasiliana, con l\u2019obiettivo di creare nuove sintesi fra tradizione e innovazione.<\/p>\n<p>La tromba di Bosso e la chitarra di Ferra dialogheranno con intensit\u00e0, alternando lirismo e energia, in un intreccio che riflette la loro profonda conoscenza della tradizione jazzistica e al tempo stesso la voglia di superarne i confini.<\/p>\n<p>Bosso \u00e8 da tempo una figura centrale della scena jazz italiana, noto per la sua versatilit\u00e0 e la capacit\u00e0 di raggiungere un vasto pubblico senza mai rinunciare al rigore musicale.<\/p>\n<p>Dall\u2019esordio con \u201cFast Flight\u201d nel 2000 alle collaborazioni con Paolo Fresu, Enrico Rava e la London Symphony Orchestra, fino ai progetti come lo Spiritual Trio o il Latin Mood, la sua carriera si \u00e8 sempre distinta per qualit\u00e0 e originalit\u00e0.<\/p>\n<p>Accanto a lui, Bebo Ferra porta la sua cifra chitarristica raffinata e passionale, frutto di esperienze che vanno dagli Area al lungo sodalizio con Paolo Fresu, fino a collaborazioni con artisti come Javier Girotto ed Enrico Pieranunzi.<\/p>\n","protected":false},"excerpt":{"rendered":"<p>Il trombettista e il chitarrista saranno i protagonisti dell&#8217;anteprima di Polcenigo Jazz River<\/p>\n","protected":false},"author":28,"featured_media":67369,"comment_status":"closed","ping_status":"closed","template":"","tags":[861,261,826,55,2372],"mec_category":[99],"class_list":["post-67368","mec-events","type-mec-events","status-publish","has-post-thumbnail","hentry","tag-concerti","tag-eventi","tag-eventi-fvg","tag-musica","tag-polcenigo","mec_category-music"],"_links":{"self":[{"href":"https:\/\/imagazine.it\/home_desk\/wp-json\/wp\/v2\/mec-events\/67368","targetHints":{"allow":["GET"]}}],"collection":[{"href":"https:\/\/imagazine.it\/home_desk\/wp-json\/wp\/v2\/mec-events"}],"about":[{"href":"https:\/\/imagazine.it\/home_desk\/wp-json\/wp\/v2\/types\/mec-events"}],"author":[{"embeddable":true,"href":"https:\/\/imagazine.it\/home_desk\/wp-json\/wp\/v2\/users\/28"}],"replies":[{"embeddable":true,"href":"https:\/\/imagazine.it\/home_desk\/wp-json\/wp\/v2\/comments?post=67368"}],"wp:featuredmedia":[{"embeddable":true,"href":"https:\/\/imagazine.it\/home_desk\/wp-json\/wp\/v2\/media\/67369"}],"wp:attachment":[{"href":"https:\/\/imagazine.it\/home_desk\/wp-json\/wp\/v2\/media?parent=67368"}],"wp:term":[{"taxonomy":"post_tag","embeddable":true,"href":"https:\/\/imagazine.it\/home_desk\/wp-json\/wp\/v2\/tags?post=67368"},{"taxonomy":"mec_category","embeddable":true,"href":"https:\/\/imagazine.it\/home_desk\/wp-json\/wp\/v2\/mec_category?post=67368"}],"curies":[{"name":"wp","href":"https:\/\/api.w.org\/{rel}","templated":true}]}}

<p><span style="font-size: 10pt;"><em>Bosso e Ferra</em></span></p>
<p>Sarà <strong>Fabrizio Bosso</strong> uno dei protagonisti di Polcenigo Jazz River 2025: il trombettista torinese arriverà insieme al chitarrista <strong>Bebo Ferra</strong> per il concerto “<em>Fabrizio Bosso &amp; Bebo Ferra</em>”, in programma <strong>sabato 13 settembre</strong>, nel Teatro di Polcenigo, alle 21.</p>
<p>Il duo proporrà un repertorio che unisce brani originali, standard e incursioni nella musica brasiliana, con l’obiettivo di creare nuove sintesi fra tradizione e innovazione.</p>
<p>La tromba di Bosso e la chitarra di Ferra dialogheranno con intensità, alternando lirismo e energia, in un intreccio che riflette la loro profonda conoscenza della tradizione jazzistica e al tempo stesso la voglia di superarne i confini.</p>
<p>Bosso è da tempo una figura centrale della scena jazz italiana, noto per la sua versatilità e la capacità di raggiungere un vasto pubblico senza mai rinunciare al rigore musicale.</p>
<p>Dall’esordio con “Fast Flight” nel 2000 alle collaborazioni con Paolo Fresu, Enrico Rava e la London Symphony Orchestra, fino ai progetti come lo Spiritual Trio o il Latin Mood, la sua carriera si è sempre distinta per qualità e originalità.</p>
<p>Accanto a lui, Bebo Ferra porta la sua cifra chitarristica raffinata e passionale, frutto di esperienze che vanno dagli Area al lungo sodalizio con Paolo Fresu, fino a collaborazioni con artisti come Javier Girotto ed Enrico Pieranunzi.</p>
