{"id":67180,"date":"2025-08-06T11:59:14","date_gmt":"2025-08-06T09:59:14","guid":{"rendered":"https:\/\/imagazine.it\/home_desk\/?post_type=mec-events&#038;p=67180"},"modified":"2025-08-06T11:59:14","modified_gmt":"2025-08-06T09:59:14","slug":"il-confine-e-un-bosco","status":"publish","type":"mec-events","link":"https:\/\/imagazine.it\/home_desk\/events\/il-confine-e-un-bosco\/","title":{"rendered":"Il confine \u00e8 un bosco"},"content":{"rendered":"<p><span style=\"font-size: 10pt;\"><em>Una scena del cortometraggio<\/em><\/span><\/p>\n<p>C\u2019\u00e8 anche\u00a0<strong>Torviscosa<\/strong>, con i suoi edifici razionalisti e i mattoni rossi, sullo sfondo de\u00a0<strong>\u201c<em>Il confine \u00e8 un bosco<\/em>\u201d<\/strong>, un cortometraggio del\u00a0regista friulano<strong> Giorgio Milocco<\/strong>\u00a0prodotto nel 2020, che sar\u00e0 proiettato\u00a0<strong>gioved\u00ec 7 agosto<\/strong>, alle<strong> ore 21.00 <\/strong>a Torviscosa<strong> in viale Villa<\/strong>.<\/p>\n<p>Un\u2019occasione speciale grazie soprattutto alla\u00a0<strong>presenza dell\u2019autore<\/strong>, che introdurr\u00e0 il cortometraggio al pubblico.<\/p>\n<p><strong>La proiezione \u00e8 all&#8217;aperto ed \u00e8 gratuita, ma \u00e8\u00a0<span style=\"text-decoration: underline;\"><a href=\"https:\/\/ilconfineeunbosco_torviscosa.eventbrite.it\/\" target=\"_blank\" rel=\"noopener\">consigliata la prenotazione<\/a><\/span>\u00a0<\/strong>per poter essere avvisati in caso di rinvii dovuti al maltempo.<\/p>\n<p>Il film racconta la storia di Ivan, un operaio nato nella ex Jugoslavia dove a un certo punto della sua vita decide di ritornare: \u00e8 un viaggio che lo costringe a superare diversi confini, geografici ma soprattutto personali.<\/p>\n<p>Ivan parte dal Friuli e precisamente da Torviscosa, dove vive e lavora ormai da molti anni.<\/p>\n<p>Il\u00a0film \u00e8 stato perci\u00f2 girato anche qui, all\u2019interno dell\u2019area industriale e nel paese, ma a Torviscosa non \u00e8 mai stato presentato nonostante l\u2019ottima accoglienza e i riconoscimenti ottenuti in questi anni: \u00e8 stato selezionato e proiettato nei pi\u00f9\u00a0<strong>prestigiosi festival<\/strong>\u00a0(Los Angeles International film Festival (USA), Drama international Film Festival (Grecia), International Film Festival of Kerala (India), Rome Independent Film Festival (Italia), ShorTS International Film Festival (Italia).<\/p>\n<p>Ha inoltre vinto\u00a0<strong>diversi premi<\/strong>\u00a0(miglior attore Branko Zavr\u0161an al Roma Film Corto 2020 e al Movievalley Festival 2021, miglior film al Cinemadamare Film Festival 2021, miglior sceneggiatura all\u2019Onirica Film Festival 2021).<\/p>\n<p>\u00c8 quindi per il legame con il territorio, ma anche per l\u2019indiscussa qualit\u00e0 del prodotto, che la <strong>Pro Torviscosa<\/strong> ha deciso di proiettarlo nell\u2019ambito dei \u201c<em>Racconti industriali<\/em>\u201d, rassegna arrivata ormai alla quinta edizione che ha il sostegno economico del comitato UNPLI regionale e della Regione Friuli Venezia Giulia e il patrocinio del Comune di Torviscosa.<\/p>\n","protected":false},"excerpt":{"rendered":"<p>Per la prima volta a Torviscosa la proiezione del cortometraggio del regista friulano Giorgio Milocco, ambientato nell&#8217;area industriale del paese<\/p>\n","protected":false},"author":28,"featured_media":67181,"comment_status":"closed","ping_status":"closed","template":"","tags":[261,826,1410,821,1270],"mec_category":[59],"class_list":["post-67180","mec-events","type-mec-events","status-publish","has-post-thumbnail","hentry","tag-eventi","tag-eventi-fvg","tag-film","tag-spettacoli","tag-torviscosa","mec_category-meeting"],"_links":{"self":[{"href":"https:\/\/imagazine.it\/home_desk\/wp-json\/wp\/v2\/mec-events\/67180","targetHints":{"allow":["GET"]}}],"collection":[{"href":"https:\/\/imagazine.it\/home_desk\/wp-json\/wp\/v2\/mec-events"}],"about":[{"href":"https:\/\/imagazine.it\/home_desk\/wp-json\/wp\/v2\/types\/mec-events"}],"author":[{"embeddable":true,"href":"https:\/\/imagazine.it\/home_desk\/wp-json\/wp\/v2\/users\/28"}],"replies":[{"embeddable":true,"href":"https:\/\/imagazine.it\/home_desk\/wp-json\/wp\/v2\/comments?post=67180"}],"wp:featuredmedia":[{"embeddable":true,"href":"https:\/\/imagazine.it\/home_desk\/wp-json\/wp\/v2\/media\/67181"}],"wp:attachment":[{"href":"https:\/\/imagazine.it\/home_desk\/wp-json\/wp\/v2\/media?parent=67180"}],"wp:term":[{"taxonomy":"post_tag","embeddable":true,"href":"https:\/\/imagazine.it\/home_desk\/wp-json\/wp\/v2\/tags?post=67180"},{"taxonomy":"mec_category","embeddable":true,"href":"https:\/\/imagazine.it\/home_desk\/wp-json\/wp\/v2\/mec_category?post=67180"}],"curies":[{"name":"wp","href":"https:\/\/api.w.org\/{rel}","templated":true}]}}

Il confine è un bosco

<p><span style="font-size: 10pt;"><em>Una scena del cortometraggio</em></span></p>
<p>C’è anche <strong>Torviscosa</strong>, con i suoi edifici razionalisti e i mattoni rossi, sullo sfondo de <strong>“<em>Il confine è un bosco</em>”</strong>, un cortometraggio del regista friulano<strong> Giorgio Milocco</strong> prodotto nel 2020, che sarà proiettato <strong>giovedì 7 agosto</strong>, alle<strong> ore 21.00 </strong>a Torviscosa<strong> in viale Villa</strong>.</p>
<p>Un’occasione speciale grazie soprattutto alla <strong>presenza dell’autore</strong>, che introdurrà il cortometraggio al pubblico.</p>
<p><strong>La proiezione è all&#8217;aperto ed è gratuita, ma è <span style="text-decoration: underline;"><a href="https://ilconfineeunbosco_torviscosa.eventbrite.it/" target="_blank" rel="noopener">consigliata la prenotazione</a></span> </strong>per poter essere avvisati in caso di rinvii dovuti al maltempo.</p>
<p>Il film racconta la storia di Ivan, un operaio nato nella ex Jugoslavia dove a un certo punto della sua vita decide di ritornare: è un viaggio che lo costringe a superare diversi confini, geografici ma soprattutto personali.</p>
<p>Ivan parte dal Friuli e precisamente da Torviscosa, dove vive e lavora ormai da molti anni.</p>
<p>Il film è stato perciò girato anche qui, all’interno dell’area industriale e nel paese, ma a Torviscosa non è mai stato presentato nonostante l’ottima accoglienza e i riconoscimenti ottenuti in questi anni: è stato selezionato e proiettato nei più <strong>prestigiosi festival</strong> (Los Angeles International film Festival (USA), Drama international Film Festival (Grecia), International Film Festival of Kerala (India), Rome Independent Film Festival (Italia), ShorTS International Film Festival (Italia).</p>
<p>Ha inoltre vinto <strong>diversi premi</strong> (miglior attore Branko Završan al Roma Film Corto 2020 e al Movievalley Festival 2021, miglior film al Cinemadamare Film Festival 2021, miglior sceneggiatura all’Onirica Film Festival 2021).</p>
<p>È quindi per il legame con il territorio, ma anche per l’indiscussa qualità del prodotto, che la <strong>Pro Torviscosa</strong> ha deciso di proiettarlo nell’ambito dei “<em>Racconti industriali</em>”, rassegna arrivata ormai alla quinta edizione che ha il sostegno economico del comitato UNPLI regionale e della Regione Friuli Venezia Giulia e il patrocinio del Comune di Torviscosa.</p>
