{"id":67073,"date":"2025-08-01T16:04:26","date_gmt":"2025-08-01T14:04:26","guid":{"rendered":"https:\/\/imagazine.it\/home_desk\/?post_type=mec-events&#038;p=67073"},"modified":"2025-08-01T16:04:26","modified_gmt":"2025-08-01T14:04:26","slug":"a-gradisca-la-mostra-sui-formentini","status":"publish","type":"mec-events","link":"https:\/\/imagazine.it\/home_desk\/events\/a-gradisca-la-mostra-sui-formentini\/","title":{"rendered":"A Gradisca la mostra sui Formentini"},"content":{"rendered":"<p>Il ruolo politico e diplomatico che i Formentini ebbero con la Corte Imperiale, con il Patriarcato di Aquileia e con l\u2019Ordine Teutonico, ma anche con la citt\u00e0 di Gradisca.<\/p>\n<p>\u00c8 quanto documenta la mostra inaugurata nell&#8217;atrio di <strong>Palazzo Torriani<\/strong>, sede del Comune di Gradisca. L&#8217;esposizione, che rientra nel progetto \u201c<em>I Formentini tra XVI e XVII secolo: ruoli politici e religiosi nell\u2019Ordine Teutonico e nel Patriarcato di Aquileia, fra Gorizia, Lubiana e la Corte viennese<\/em>\u201d, organizzato dall\u2019Associazione Culturale Musei Formentini della Vita Rurale Onlus, sar\u00e0 <strong>visitabile fino a domenica 10 agosto<\/strong>, con ingresso gratuito.<\/p>\n<p>Composta da dieci pannelli in italiano e altrettanti in tedesco, con descrizioni e immagini che ripercorrono le vicende di una delle famiglie storiche della nobilt\u00e0 friulana, l\u2019esposizione rende omaggio ai personaggi pi\u00f9 rilevanti &#8211; Leonardo, Francesco e Giuseppe Formentini -, in un percorso tra intriganti aspetti diplomatici e religiosi che racconta la presenza dell\u2019aristocrazia locale a Corte e nell\u2019Ordine Teutonico, la storia e le memorie dell&#8217;epoca.<\/p>\n<p>Sia Leonardo che Francesco furono a capo di commende,\u00a0fra cui Precenicco,\u00a0e baliaggi dell&#8217;Ordine Teutonico ed ebbero relazioni e corrispondenze con Imperatori e arciduchi. Inoltre, Francesco Formentini,\u00a0dal 1592 fino al 1613,\u00a0fu proprio Capitano di Gradisca che amministr\u00f2 con rigore, difendendone gli Statuti e le prerogative, spesso in contrasto con gli Stati Provinciali goriziani.<\/p>\n<p>I ritratti di Francesco e di Leonardo andarono distrutti durante la Grande Guerra, ma fortunatamente nel 1895 Giuseppe Caprin, per il suo libro &#8220;<em>Alpi Giulie<\/em>&#8220;, fece fare delle copie ad acquerello dall&#8217;artista triestino <strong>Giulio De Franceschi<\/strong>.<\/p>\n<p>Il loro cugino Giuseppe Formentini fu, invece, arcidiacono di Gorizia (1594-1597) e Vicario imperiale presso il Patriarca di Aquileia.<\/p>\n<p>Un aspetto mai studiato in passato, a cui \u00e8 dedicato un pannello, \u00e8 il ruolo avuto dalle donne Formentini a Corte. La prima di queste fu la baronessa Anna Maria Formentini, nata von Rohrbach, che fu maggiordoma maggiore dell\u2019imperatrice Eleonora Gonzaga (1622-1625).<\/p>\n<p>Anche le figlie furono damigelle d&#8217;onore, mentre altre entrarono nell&#8217;Ordine delle Dame della Croce Stellata, istituito nel 1668 dall&#8217;imperatrice.<\/p>\n<p>Inquadrando il <em>qr-code<\/em> riprodotto sui pannelli \u00e8 possibile ascoltare 10 podcast (<span style=\"text-decoration: underline;\"><a href=\"http:\/\/www.topvoice.it\/formentini\/\" target=\"_blank\" rel=\"noopener\">www.topvoice.it\/formentini\/<\/a><\/span>).<\/p>\n<p>Il progetto \u00e8 stato realizzato grazie al sostegno della Regione Friuli Venezia Giulia, con i fondi per la divulgazione umanistica, e fra i partner annovera il Comune di Gorizia, il Comune di Gradisca, la Fondazione Aquileia e l\u2019Accademia Jaufr\u00e8 Rudel. I pannelli, gi\u00e0 esposti a Gorizia e al Museo della Civilt\u00e0 Contadina del Friuli Imperiale di Aiello, saranno prossimamente portati negli spazi della Fondazione Aquileia.<\/p>\n<p>All\u2019inaugurazione sono intervenuti il sindaco di Gradisca, <strong>Alessandro Pagotto<\/strong>, il vicesindaco <strong>Enzo Boscarol<\/strong>, il presidente dei Musei <strong>Michele Formentini<\/strong> e il curatore <strong>Stefano Cosma<\/strong>.<\/p>\n","protected":false},"excerpt":{"rendered":"<p>A Palazzo Torriani le vicende di una delle famiglie storiche della nobilt\u00e0 friulana: un percorso tra intriganti aspetti diplomatici e religiosi <\/p>\n","protected":false},"author":28,"featured_media":67074,"comment_status":"closed","ping_status":"closed","template":"","tags":[261,826,3511,254,60],"mec_category":[],"class_list":["post-67073","mec-events","type-mec-events","status-publish","has-post-thumbnail","hentry","tag-eventi","tag-eventi-fvg","tag-formenti","tag-gradisca","tag-mostre"],"_links":{"self":[{"href":"https:\/\/imagazine.it\/home_desk\/wp-json\/wp\/v2\/mec-events\/67073","targetHints":{"allow":["GET"]}}],"collection":[{"href":"https:\/\/imagazine.it\/home_desk\/wp-json\/wp\/v2\/mec-events"}],"about":[{"href":"https:\/\/imagazine.it\/home_desk\/wp-json\/wp\/v2\/types\/mec-events"}],"author":[{"embeddable":true,"href":"https:\/\/imagazine.it\/home_desk\/wp-json\/wp\/v2\/users\/28"}],"replies":[{"embeddable":true,"href":"https:\/\/imagazine.it\/home_desk\/wp-json\/wp\/v2\/comments?post=67073"}],"wp:featuredmedia":[{"embeddable":true,"href":"https:\/\/imagazine.it\/home_desk\/wp-json\/wp\/v2\/media\/67074"}],"wp:attachment":[{"href":"https:\/\/imagazine.it\/home_desk\/wp-json\/wp\/v2\/media?parent=67073"}],"wp:term":[{"taxonomy":"post_tag","embeddable":true,"href":"https:\/\/imagazine.it\/home_desk\/wp-json\/wp\/v2\/tags?post=67073"},{"taxonomy":"mec_category","embeddable":true,"href":"https:\/\/imagazine.it\/home_desk\/wp-json\/wp\/v2\/mec_category?post=67073"}],"curies":[{"name":"wp","href":"https:\/\/api.w.org\/{rel}","templated":true}]}}

<p>Il ruolo politico e diplomatico che i Formentini ebbero con la Corte Imperiale, con il Patriarcato di Aquileia e con l’Ordine Teutonico, ma anche con la città di Gradisca.</p>
<p>È quanto documenta la mostra inaugurata nell&#8217;atrio di <strong>Palazzo Torriani</strong>, sede del Comune di Gradisca. L&#8217;esposizione, che rientra nel progetto “<em>I Formentini tra XVI e XVII secolo: ruoli politici e religiosi nell’Ordine Teutonico e nel Patriarcato di Aquileia, fra Gorizia, Lubiana e la Corte viennese</em>”, organizzato dall’Associazione Culturale Musei Formentini della Vita Rurale Onlus, sarà <strong>visitabile fino a domenica 10 agosto</strong>, con ingresso gratuito.</p>
<p>Composta da dieci pannelli in italiano e altrettanti in tedesco, con descrizioni e immagini che ripercorrono le vicende di una delle famiglie storiche della nobiltà friulana, l’esposizione rende omaggio ai personaggi più rilevanti &#8211; Leonardo, Francesco e Giuseppe Formentini -, in un percorso tra intriganti aspetti diplomatici e religiosi che racconta la presenza dell’aristocrazia locale a Corte e nell’Ordine Teutonico, la storia e le memorie dell&#8217;epoca.</p>
<p>Sia Leonardo che Francesco furono a capo di commende, fra cui Precenicco, e baliaggi dell&#8217;Ordine Teutonico ed ebbero relazioni e corrispondenze con Imperatori e arciduchi. Inoltre, Francesco Formentini, dal 1592 fino al 1613, fu proprio Capitano di Gradisca che amministrò con rigore, difendendone gli Statuti e le prerogative, spesso in contrasto con gli Stati Provinciali goriziani.</p>
<p>I ritratti di Francesco e di Leonardo andarono distrutti durante la Grande Guerra, ma fortunatamente nel 1895 Giuseppe Caprin, per il suo libro &#8220;<em>Alpi Giulie</em>&#8220;, fece fare delle copie ad acquerello dall&#8217;artista triestino <strong>Giulio De Franceschi</strong>.</p>
<p>Il loro cugino Giuseppe Formentini fu, invece, arcidiacono di Gorizia (1594-1597) e Vicario imperiale presso il Patriarca di Aquileia.</p>
<p>Un aspetto mai studiato in passato, a cui è dedicato un pannello, è il ruolo avuto dalle donne Formentini a Corte. La prima di queste fu la baronessa Anna Maria Formentini, nata von Rohrbach, che fu maggiordoma maggiore dell’imperatrice Eleonora Gonzaga (1622-1625).</p>
<p>Anche le figlie furono damigelle d&#8217;onore, mentre altre entrarono nell&#8217;Ordine delle Dame della Croce Stellata, istituito nel 1668 dall&#8217;imperatrice.</p>
<p>Inquadrando il <em>qr-code</em> riprodotto sui pannelli è possibile ascoltare 10 podcast (<span style="text-decoration: underline;"><a href="http://www.topvoice.it/formentini/" target="_blank" rel="noopener">www.topvoice.it/formentini/</a></span>).</p>
<p>Il progetto è stato realizzato grazie al sostegno della Regione Friuli Venezia Giulia, con i fondi per la divulgazione umanistica, e fra i partner annovera il Comune di Gorizia, il Comune di Gradisca, la Fondazione Aquileia e l’Accademia Jaufrè Rudel. I pannelli, già esposti a Gorizia e al Museo della Civiltà Contadina del Friuli Imperiale di Aiello, saranno prossimamente portati negli spazi della Fondazione Aquileia.</p>
<p>All’inaugurazione sono intervenuti il sindaco di Gradisca, <strong>Alessandro Pagotto</strong>, il vicesindaco <strong>Enzo Boscarol</strong>, il presidente dei Musei <strong>Michele Formentini</strong> e il curatore <strong>Stefano Cosma</strong>.</p>

<p>A Palazzo Torriani le vicende di una delle famiglie storiche della nobiltà friulana: un percorso tra intriganti aspetti diplomatici e religiosi </p>
