{"id":66975,"date":"2025-07-25T12:21:07","date_gmt":"2025-07-25T10:21:07","guid":{"rendered":"https:\/\/imagazine.it\/home_desk\/?post_type=mec-events&#038;p=66975"},"modified":"2025-07-25T12:21:07","modified_gmt":"2025-07-25T10:21:07","slug":"le-animelle-di-stefano-benni-a-gorizia","status":"publish","type":"mec-events","link":"https:\/\/imagazine.it\/home_desk\/events\/le-animelle-di-stefano-benni-a-gorizia\/","title":{"rendered":"Le animelle di Stefano Benni a Gorizia"},"content":{"rendered":"<p><span style=\"font-size: 10pt;\"><em>I cinque protagonisti<\/em><\/span><\/p>\n<p>\u00c8 con la penna tagliente, visionaria e irresistibilmente ironica di <strong>Stefano Benni<\/strong> che si apre la settima edizione di <strong><em>Musiche dal Mondo | Glasbe sveta<\/em><\/strong>.<\/p>\n<p>Domenica 27 luglio alle 21, nel parco di Palazzo Coronini, a Gorizia, va in scena <strong>&#8220;<em>Frattaglie \u2013 Le animelle di Stefano Benni<\/em>&#8220;<\/strong>, uno spettacolo teatral-musicale che unisce letteratura, musica jazz e teatro in un affresco surreale dell\u2019Italia contemporanea.<\/p>\n<p>Non uno spettacolo qualsiasi, ma un viaggio dentro l\u2019universo grottesco e poetico del grande scrittore bolognese, autore dalla comicit\u00e0 feroce e dal lirismo inconfondibile, capace di leggere i vizi e le virt\u00f9 del nostro Paese con sguardo lucido, affilato e profondamente umano.<\/p>\n<p><strong><em>Frattaglie<\/em><\/strong> \u00e8 una nuova tappa di questo percorso, una commedia umana in miniatura fatta di personaggi improbabili, tic collettivi, alienazioni quotidiane e paradossi che rivelano pi\u00f9 di quanto sembri.<\/p>\n<p>Una carrellata di figure deformate e deformanti, espressione di un\u2019Italietta a volte tragicomica, a volte patetica, sempre vera.<\/p>\n<p>In scena, <strong>Sonia Barbadoro<\/strong> e <strong>Lorenzo Acquaviva<\/strong>, anche autori della drammaturgia e della regia, danno voce e corpo a questo carosello satirico, accompagnati dalle raffinate atmosfere <em>manouche<\/em> del<strong> trio jazz Lune Troublante<\/strong> (<strong>Matteo Sgobino <\/strong>alla chitarra,<strong> Alessandro Turchet <\/strong>al contrabbasso, <strong>Didier Ortolan <\/strong>al clarinetto), che con le loro musiche originali \u2013 alcune tratte dalle ballate dello stesso Benni \u2013 trasformano le parole in melodia, le battute in swing, il disincanto in poesia.<\/p>\n<p>Lo spettacolo \u00e8 una coproduzione tra l\u2019associazione Controtempo e il festival Approdi di Vitamina T, che prosegue una collaborazione artistica nata nel 2009 con lo spettacolo \u201c<em>Un paese di carta<\/em>\u201d, debuttato a Onna, epicentro simbolico del sisma dell\u2019Aquila, con testi dello stesso Benni.<\/p>\n<p>\u201c<em>Frattaglie<\/em>\u201d \u00e8 un titolo che non nasconde nulla: va a scavare nelle interiora dell\u2019Italia, tra ci\u00f2 che spesso non si vuole vedere n\u00e9 ascoltare, e lo fa con un linguaggio affilato e al tempo stesso lieve, con quella forza teatrale e visionaria che \u00e8 cifra distintiva di Benni. La musica di Lune Troublante diventa contrappunto e amplificazione, trasforma il teatro in concerto e viceversa, regalando al pubblico un\u2019esperienza insieme raffinata, divertente e spiazzante.<\/p>\n<p><strong>&#8220;<em>Frattaglie \u2013 Le animelle di Stefano Benni<\/em>&#8220;<\/strong> \u00e8 dunque <strong>il primo appuntamento di Musiche dal Mondo 2025<\/strong>, festival che da sette anni rompe i confini geografici e culturali, portando sul palco artisti da ogni angolo del pianeta in uno scambio creativo e aperto, tra generi e tradizioni, visioni e sonorit\u00e0. Un festival dove la musica si fa linguaggio universale, capace di unire, raccontare e reinventare il mondo.<\/p>\n","protected":false},"excerpt":{"rendered":"<p>Lo spettacolo teatral-musicale che unisce letteratura, musica jazz e teatro in un affresco surreale dell\u2019Italia contemporanea<\/p>\n","protected":false},"author":28,"featured_media":66976,"comment_status":"closed","ping_status":"closed","template":"","tags":[861,261,826,43,55,821],"mec_category":[99],"class_list":["post-66975","mec-events","type-mec-events","status-publish","has-post-thumbnail","hentry","tag-concerti","tag-eventi","tag-eventi-fvg","tag-gorizia","tag-musica","tag-spettacoli","mec_category-music"],"_links":{"self":[{"href":"https:\/\/imagazine.it\/home_desk\/wp-json\/wp\/v2\/mec-events\/66975","targetHints":{"allow":["GET"]}}],"collection":[{"href":"https:\/\/imagazine.it\/home_desk\/wp-json\/wp\/v2\/mec-events"}],"about":[{"href":"https:\/\/imagazine.it\/home_desk\/wp-json\/wp\/v2\/types\/mec-events"}],"author":[{"embeddable":true,"href":"https:\/\/imagazine.it\/home_desk\/wp-json\/wp\/v2\/users\/28"}],"replies":[{"embeddable":true,"href":"https:\/\/imagazine.it\/home_desk\/wp-json\/wp\/v2\/comments?post=66975"}],"wp:featuredmedia":[{"embeddable":true,"href":"https:\/\/imagazine.it\/home_desk\/wp-json\/wp\/v2\/media\/66976"}],"wp:attachment":[{"href":"https:\/\/imagazine.it\/home_desk\/wp-json\/wp\/v2\/media?parent=66975"}],"wp:term":[{"taxonomy":"post_tag","embeddable":true,"href":"https:\/\/imagazine.it\/home_desk\/wp-json\/wp\/v2\/tags?post=66975"},{"taxonomy":"mec_category","embeddable":true,"href":"https:\/\/imagazine.it\/home_desk\/wp-json\/wp\/v2\/mec_category?post=66975"}],"curies":[{"name":"wp","href":"https:\/\/api.w.org\/{rel}","templated":true}]}}

<p><span style="font-size: 10pt;"><em>I cinque protagonisti</em></span></p>
<p>È con la penna tagliente, visionaria e irresistibilmente ironica di <strong>Stefano Benni</strong> che si apre la settima edizione di <strong><em>Musiche dal Mondo | Glasbe sveta</em></strong>.</p>
<p>Domenica 27 luglio alle 21, nel parco di Palazzo Coronini, a Gorizia, va in scena <strong>&#8220;<em>Frattaglie – Le animelle di Stefano Benni</em>&#8220;</strong>, uno spettacolo teatral-musicale che unisce letteratura, musica jazz e teatro in un affresco surreale dell’Italia contemporanea.</p>
<p>Non uno spettacolo qualsiasi, ma un viaggio dentro l’universo grottesco e poetico del grande scrittore bolognese, autore dalla comicità feroce e dal lirismo inconfondibile, capace di leggere i vizi e le virtù del nostro Paese con sguardo lucido, affilato e profondamente umano.</p>
<p><strong><em>Frattaglie</em></strong> è una nuova tappa di questo percorso, una commedia umana in miniatura fatta di personaggi improbabili, tic collettivi, alienazioni quotidiane e paradossi che rivelano più di quanto sembri.</p>
<p>Una carrellata di figure deformate e deformanti, espressione di un’Italietta a volte tragicomica, a volte patetica, sempre vera.</p>
<p>In scena, <strong>Sonia Barbadoro</strong> e <strong>Lorenzo Acquaviva</strong>, anche autori della drammaturgia e della regia, danno voce e corpo a questo carosello satirico, accompagnati dalle raffinate atmosfere <em>manouche</em> del<strong> trio jazz Lune Troublante</strong> (<strong>Matteo Sgobino </strong>alla chitarra,<strong> Alessandro Turchet </strong>al contrabbasso, <strong>Didier Ortolan </strong>al clarinetto), che con le loro musiche originali – alcune tratte dalle ballate dello stesso Benni – trasformano le parole in melodia, le battute in swing, il disincanto in poesia.</p>
<p>Lo spettacolo è una coproduzione tra l’associazione Controtempo e il festival Approdi di Vitamina T, che prosegue una collaborazione artistica nata nel 2009 con lo spettacolo “<em>Un paese di carta</em>”, debuttato a Onna, epicentro simbolico del sisma dell’Aquila, con testi dello stesso Benni.</p>
<p>“<em>Frattaglie</em>” è un titolo che non nasconde nulla: va a scavare nelle interiora dell’Italia, tra ciò che spesso non si vuole vedere né ascoltare, e lo fa con un linguaggio affilato e al tempo stesso lieve, con quella forza teatrale e visionaria che è cifra distintiva di Benni. La musica di Lune Troublante diventa contrappunto e amplificazione, trasforma il teatro in concerto e viceversa, regalando al pubblico un’esperienza insieme raffinata, divertente e spiazzante.</p>
<p><strong>&#8220;<em>Frattaglie – Le animelle di Stefano Benni</em>&#8220;</strong> è dunque <strong>il primo appuntamento di Musiche dal Mondo 2025</strong>, festival che da sette anni rompe i confini geografici e culturali, portando sul palco artisti da ogni angolo del pianeta in uno scambio creativo e aperto, tra generi e tradizioni, visioni e sonorità. Un festival dove la musica si fa linguaggio universale, capace di unire, raccontare e reinventare il mondo.</p>
