{"id":66673,"date":"2025-07-07T17:32:20","date_gmt":"2025-07-07T15:32:20","guid":{"rendered":"https:\/\/imagazine.it\/home_desk\/?post_type=mec-events&#038;p=66673"},"modified":"2025-07-07T17:32:20","modified_gmt":"2025-07-07T15:32:20","slug":"confini-riflessioni-bibliche","status":"publish","type":"mec-events","link":"https:\/\/imagazine.it\/home_desk\/events\/confini-riflessioni-bibliche\/","title":{"rendered":"Confini: riflessioni bibliche"},"content":{"rendered":"<p>La <strong>Pro Loco Amici di Strassoldo<\/strong> e l\u2019<strong>Auser<\/strong> di Cervignano del Friuli invitano la cittadinanza alla presentazione del libro: &#8220;<em>Confini: Riflessioni Bibliche<\/em>&#8220;.<\/p>\n<p>L&#8217;incontro vedr\u00e0 protagonista il professor <strong>don Santi Grasso<\/strong>, figura di spicco nel panorama teologico e accademico.<\/p>\n<p>L&#8217;appuntamento \u00e8 fissato per <strong>venerd\u00ec 11 luglio alle ore 18.30<\/strong> e si terr\u00e0 presso la sala conferenze climatizzata della sede della Pro Loco, situata in Borgo Nuovo, in via dei Castelli 3 a Strassoldo.<\/p>\n<p>Un&#8217;opportunit\u00e0 per approfondire tematiche attuali attraverso una lente di lettura biblica, in un ambiente confortevole e accogliente.<\/p>\n<p>Don Santi Grasso \u00e8 scrittore e autore di numerosi articoli su riviste scientifiche. \u00c8 docente di esegesi del Nuovo Testamento presso la Facolt\u00e0 Teologica del Triveneto e presso l&#8217;Istituto di Scienze Religiose del Friuli Venezia Giulia, oltre a ricoprire il ruolo di Vicario Episcopale per la cultura e la parola di Dio nell&#8217;Arcidiocesi di Gorizia.<\/p>\n<p>Il tema della serata sar\u00e0: &#8220;<em>Capitale Europea della Cultura 2025 GORIZIA \u2014 NOVA GORICA Confini: patirli o scavalcarli? La Bibbia ci insegna<\/em>&#8220;.<\/p>\n<p>Il dialogo con l&#8217;autore sar\u00e0 curato da <strong>don Manuel Millo<\/strong>, con intermezzi musicali a cura di <strong>Max Piran<\/strong>.<\/p>\n<p>L&#8217;ingresso \u00e8 libero fino ad esaurimento posti. Per maggiori informazioni, \u00e8 possibile contattare il numero 340-6052865.<\/p>\n<p><em>Livio Nonis<\/em><\/p>\n<p>&nbsp;<\/p>\n","protected":false},"excerpt":{"rendered":"<p>A Strassoldo la presentazione del libro di don Santi Grasso. In dialogo con don Manuel Millo e la musica di Max Piran<\/p>\n","protected":false},"author":22,"featured_media":66674,"comment_status":"closed","ping_status":"closed","template":"","tags":[119,1611,261,826,273,120],"mec_category":[59],"class_list":["post-66673","mec-events","type-mec-events","status-publish","has-post-thumbnail","hentry","tag-cervignano","tag-confini","tag-eventi","tag-eventi-fvg","tag-libri","tag-strassoldo","mec_category-meeting"],"_links":{"self":[{"href":"https:\/\/imagazine.it\/home_desk\/wp-json\/wp\/v2\/mec-events\/66673","targetHints":{"allow":["GET"]}}],"collection":[{"href":"https:\/\/imagazine.it\/home_desk\/wp-json\/wp\/v2\/mec-events"}],"about":[{"href":"https:\/\/imagazine.it\/home_desk\/wp-json\/wp\/v2\/types\/mec-events"}],"author":[{"embeddable":true,"href":"https:\/\/imagazine.it\/home_desk\/wp-json\/wp\/v2\/users\/22"}],"replies":[{"embeddable":true,"href":"https:\/\/imagazine.it\/home_desk\/wp-json\/wp\/v2\/comments?post=66673"}],"wp:featuredmedia":[{"embeddable":true,"href":"https:\/\/imagazine.it\/home_desk\/wp-json\/wp\/v2\/media\/66674"}],"wp:attachment":[{"href":"https:\/\/imagazine.it\/home_desk\/wp-json\/wp\/v2\/media?parent=66673"}],"wp:term":[{"taxonomy":"post_tag","embeddable":true,"href":"https:\/\/imagazine.it\/home_desk\/wp-json\/wp\/v2\/tags?post=66673"},{"taxonomy":"mec_category","embeddable":true,"href":"https:\/\/imagazine.it\/home_desk\/wp-json\/wp\/v2\/mec_category?post=66673"}],"curies":[{"name":"wp","href":"https:\/\/api.w.org\/{rel}","templated":true}]}}

<p>La <strong>Pro Loco Amici di Strassoldo</strong> e l’<strong>Auser</strong> di Cervignano del Friuli invitano la cittadinanza alla presentazione del libro: &#8220;<em>Confini: Riflessioni Bibliche</em>&#8220;.</p>
<p>L&#8217;incontro vedrà protagonista il professor <strong>don Santi Grasso</strong>, figura di spicco nel panorama teologico e accademico.</p>
<p>L&#8217;appuntamento è fissato per <strong>venerdì 11 luglio alle ore 18.30</strong> e si terrà presso la sala conferenze climatizzata della sede della Pro Loco, situata in Borgo Nuovo, in via dei Castelli 3 a Strassoldo.</p>
<p>Un&#8217;opportunità per approfondire tematiche attuali attraverso una lente di lettura biblica, in un ambiente confortevole e accogliente.</p>
<p>Don Santi Grasso è scrittore e autore di numerosi articoli su riviste scientifiche. È docente di esegesi del Nuovo Testamento presso la Facoltà Teologica del Triveneto e presso l&#8217;Istituto di Scienze Religiose del Friuli Venezia Giulia, oltre a ricoprire il ruolo di Vicario Episcopale per la cultura e la parola di Dio nell&#8217;Arcidiocesi di Gorizia.</p>
<p>Il tema della serata sarà: &#8220;<em>Capitale Europea della Cultura 2025 GORIZIA — NOVA GORICA Confini: patirli o scavalcarli? La Bibbia ci insegna</em>&#8220;.</p>
<p>Il dialogo con l&#8217;autore sarà curato da <strong>don Manuel Millo</strong>, con intermezzi musicali a cura di <strong>Max Piran</strong>.</p>
<p>L&#8217;ingresso è libero fino ad esaurimento posti. Per maggiori informazioni, è possibile contattare il numero 340-6052865.</p>
<p><em>Livio Nonis</em></p>
<p>&nbsp;</p>
