{"id":66636,"date":"2025-07-04T16:52:45","date_gmt":"2025-07-04T14:52:45","guid":{"rendered":"https:\/\/imagazine.it\/home_desk\/?post_type=mec-events&#038;p=66636"},"modified":"2025-07-04T16:52:45","modified_gmt":"2025-07-04T14:52:45","slug":"viaggio-nella-lacrima-del-buddha","status":"publish","type":"mec-events","link":"https:\/\/imagazine.it\/home_desk\/events\/viaggio-nella-lacrima-del-buddha\/","title":{"rendered":"Viaggio nella lacrima del Buddha"},"content":{"rendered":"<p><span style=\"font-size: 10pt;\"><em>I due fotografi<\/em><\/span><\/p>\n<p><strong>Dal 13 al 27 luglio 2025<\/strong>, gli spazi del DoubleTree by Hilton di Trieste ospiteranno la mostra fotografica personale di\u00a0<strong>Fabio Vit<\/strong>\u00a0e\u00a0<strong>Patrizio Logar<\/strong>, intitolata\u00a0<em>Sri Lanka \u2013 Viaggio nella lacrima del Buddha<\/em>.<\/p>\n<p>L\u2019inaugurazione \u00e8 prevista per\u00a0<strong>domenica 13 luglio alle ore 18<\/strong>, presso la sede dell\u2019hotel in Piazza della Repubblica 1.<\/p>\n<p>Questa esposizione si inserisce all\u2019interno della rassegna\u00a0<em>Le vie delle Foto<\/em>, con la quale da anni proponiamo percorsi visivi capaci di raccontare mondi vicini e lontani, con uno sguardo autentico, personale e profondo.<\/p>\n<p>Il progetto nasce da un viaggio attraverso lo Sri Lanka, un\u2019isola nel cuore dell\u2019Oceano Indiano che gli autori descrivono come un luogo in cui il tempo sembra danzare al ritmo del vento e dove la natura, i colori e i volti raccontano storie silenziose ma potenti. Con la macchina fotografica al collo e l\u2019anima aperta, Fabio e Patrizio hanno attraversato terre di spezie e sorrisi, cogliendo dettagli e suggestioni che restituiscono l\u2019intensit\u00e0 di un viaggio interiore prima ancora che geografico.<\/p>\n<p>Fabio Vit e Patrizio Logar sono fondatori dello\u00a0<strong>Studio Fotografico Immagini<\/strong>, nato nel 1997 a San Daniele del Friuli. La loro lunga collaborazione professionale e personale si \u00e8 trasformata negli anni in un riferimento per chi desidera servizi fotografici di qualit\u00e0, in particolare nei settori del ritratto, del reportage e della fotografia di matrimonio. Il loro stile caldo, naturale ed empatico ha saputo conquistare un pubblico affezionato e attento.<\/p>\n<p>Appassionati di viaggio e scoperta, hanno documentato attraverso la fotografia esperienze vissute in diversi paesi, tra cui India, Nepal, Messico, Marocco, Algeria, Burkina Faso, Vietnam e, appunto, Sri Lanka. Le loro immagini sono state presentate in numerose mostre fotografiche, sempre con l\u2019intento di creare un dialogo tra sguardi, culture e mondi apparentemente distanti.<\/p>\n<p>La mostra\u00a0<em>Sri Lanka \u2013 Viaggio nella lacrima del Buddha<\/em>\u00a0invita il visitatore a condividere uno sguardo intimo sul mondo, un incontro tra \u201ci nostri occhi\u201d e \u201ci vostri occhi\u201d, dove ogni fotografia diventa un ponte tra chi osserva e chi ha vissuto il momento dello scatto.<\/p>\n<p>Un\u2019occasione preziosa per avvicinarsi, attraverso la fotografia, alla poesia del viaggio e alla profondit\u00e0 dello sguardo umano.<\/p>\n<p>&#8220;Sono orgogliosa &#8211; commenta la curatrice, <strong>Linda Simeone<\/strong> &#8211; di far parte dello staff di una struttura cos\u00ec prestigiosa e unica per la preziosit\u00e0 delle sue sale e delle opere racchiuse in questo scrigno che cos\u00ec bene racchiude e rappresenta il meglio dell&#8217;arte e dell&#8217;architettura triestina del Novecento&#8221;.<\/p>\n","protected":false},"excerpt":{"rendered":"<p>A Trieste la mostra personale di Fabio Vit e Patrizio Logar: uno sguardo autentico, personale e profondo sullo Sri Lanka <\/p>\n","protected":false},"author":28,"featured_media":66637,"comment_status":"closed","ping_status":"closed","template":"","tags":[261,826,293,60,3487,65],"mec_category":[59],"class_list":["post-66636","mec-events","type-mec-events","status-publish","has-post-thumbnail","hentry","tag-eventi","tag-eventi-fvg","tag-fotografia","tag-mostre","tag-sri-lanka","tag-trieste","mec_category-meeting"],"_links":{"self":[{"href":"https:\/\/imagazine.it\/home_desk\/wp-json\/wp\/v2\/mec-events\/66636","targetHints":{"allow":["GET"]}}],"collection":[{"href":"https:\/\/imagazine.it\/home_desk\/wp-json\/wp\/v2\/mec-events"}],"about":[{"href":"https:\/\/imagazine.it\/home_desk\/wp-json\/wp\/v2\/types\/mec-events"}],"author":[{"embeddable":true,"href":"https:\/\/imagazine.it\/home_desk\/wp-json\/wp\/v2\/users\/28"}],"replies":[{"embeddable":true,"href":"https:\/\/imagazine.it\/home_desk\/wp-json\/wp\/v2\/comments?post=66636"}],"wp:featuredmedia":[{"embeddable":true,"href":"https:\/\/imagazine.it\/home_desk\/wp-json\/wp\/v2\/media\/66637"}],"wp:attachment":[{"href":"https:\/\/imagazine.it\/home_desk\/wp-json\/wp\/v2\/media?parent=66636"}],"wp:term":[{"taxonomy":"post_tag","embeddable":true,"href":"https:\/\/imagazine.it\/home_desk\/wp-json\/wp\/v2\/tags?post=66636"},{"taxonomy":"mec_category","embeddable":true,"href":"https:\/\/imagazine.it\/home_desk\/wp-json\/wp\/v2\/mec_category?post=66636"}],"curies":[{"name":"wp","href":"https:\/\/api.w.org\/{rel}","templated":true}]}}

<p><span style="font-size: 10pt;"><em>I due fotografi</em></span></p>
<p><strong>Dal 13 al 27 luglio 2025</strong>, gli spazi del DoubleTree by Hilton di Trieste ospiteranno la mostra fotografica personale di <strong>Fabio Vit</strong> e <strong>Patrizio Logar</strong>, intitolata <em>Sri Lanka – Viaggio nella lacrima del Buddha</em>.</p>
<p>L’inaugurazione è prevista per <strong>domenica 13 luglio alle ore 18</strong>, presso la sede dell’hotel in Piazza della Repubblica 1.</p>
<p>Questa esposizione si inserisce all’interno della rassegna <em>Le vie delle Foto</em>, con la quale da anni proponiamo percorsi visivi capaci di raccontare mondi vicini e lontani, con uno sguardo autentico, personale e profondo.</p>
<p>Il progetto nasce da un viaggio attraverso lo Sri Lanka, un’isola nel cuore dell’Oceano Indiano che gli autori descrivono come un luogo in cui il tempo sembra danzare al ritmo del vento e dove la natura, i colori e i volti raccontano storie silenziose ma potenti. Con la macchina fotografica al collo e l’anima aperta, Fabio e Patrizio hanno attraversato terre di spezie e sorrisi, cogliendo dettagli e suggestioni che restituiscono l’intensità di un viaggio interiore prima ancora che geografico.</p>
<p>Fabio Vit e Patrizio Logar sono fondatori dello <strong>Studio Fotografico Immagini</strong>, nato nel 1997 a San Daniele del Friuli. La loro lunga collaborazione professionale e personale si è trasformata negli anni in un riferimento per chi desidera servizi fotografici di qualità, in particolare nei settori del ritratto, del reportage e della fotografia di matrimonio. Il loro stile caldo, naturale ed empatico ha saputo conquistare un pubblico affezionato e attento.</p>
<p>Appassionati di viaggio e scoperta, hanno documentato attraverso la fotografia esperienze vissute in diversi paesi, tra cui India, Nepal, Messico, Marocco, Algeria, Burkina Faso, Vietnam e, appunto, Sri Lanka. Le loro immagini sono state presentate in numerose mostre fotografiche, sempre con l’intento di creare un dialogo tra sguardi, culture e mondi apparentemente distanti.</p>
<p>La mostra <em>Sri Lanka – Viaggio nella lacrima del Buddha</em> invita il visitatore a condividere uno sguardo intimo sul mondo, un incontro tra “i nostri occhi” e “i vostri occhi”, dove ogni fotografia diventa un ponte tra chi osserva e chi ha vissuto il momento dello scatto.</p>
<p>Un’occasione preziosa per avvicinarsi, attraverso la fotografia, alla poesia del viaggio e alla profondità dello sguardo umano.</p>
<p>&#8220;Sono orgogliosa &#8211; commenta la curatrice, <strong>Linda Simeone</strong> &#8211; di far parte dello staff di una struttura così prestigiosa e unica per la preziosità delle sue sale e delle opere racchiuse in questo scrigno che così bene racchiude e rappresenta il meglio dell&#8217;arte e dell&#8217;architettura triestina del Novecento&#8221;.</p>
