{"id":66624,"date":"2025-07-04T15:23:15","date_gmt":"2025-07-04T13:23:15","guid":{"rendered":"https:\/\/imagazine.it\/home_desk\/?post_type=mec-events&#038;p=66624"},"modified":"2025-07-04T15:23:15","modified_gmt":"2025-07-04T13:23:15","slug":"il-solco-di-tranquillo-marangoni-nella-scia-delle-grandi-navi","status":"publish","type":"mec-events","link":"https:\/\/imagazine.it\/home_desk\/events\/il-solco-di-tranquillo-marangoni-nella-scia-delle-grandi-navi\/","title":{"rendered":"Il solco di Tranquillo Marangoni nella scia delle grandi navi"},"content":{"rendered":"<p><span style=\"font-size: 10pt;\"><em>L&#8217;inaugurazione della mostra<\/em><\/span><\/p>\n<p>Un omaggio a un grande artista friulano, che ha saputo raccontare e valorizzare una parte importante dell&#8217;identit\u00e0 culturale della citt\u00e0 di Monfalcone.<\/p>\n<p>Il Museo della Cantieristica ospita la mostra &#8220;<em>Il solco di Tranquillo Marangoni nella scia delle grandi navi<\/em>&#8220;, un evento capace di intrecciare arte, memoria e identit\u00e0 collettiva.<\/p>\n<p>L&#8217;iniziativa, promossa e sostenuta dal Comune di Monfalcone e dal Comune di Pozzuolo del Friuli, \u00e8 stata ideata e realizzata dall&#8217;associazione <em>Aghe di Poc<\/em> in collaborazione con la famiglia Marangoni.<\/p>\n<p>Alla cerimonia del taglio del nastro hanno preso parte numerosi rappresentanti delle istituzioni, tra cui il sindaco di Monfalcone, <strong>Luca Fasan<\/strong>, e il sindaco di Pozzuolo del Friuli, <strong>Gabriele Bressan<\/strong>. Tra il pubblico, presenti molti appassionati d&#8217;arte ma anche cittadini della comunit\u00e0 locale e zone limitrofe, uniti dalla volont\u00e0 di riscoprire l&#8217;opera di Marangoni e il suo legame con la storia cantieristica della citt\u00e0.<\/p>\n<p>Uno degli elementi che ha colpito maggiormente i visitatori \u00e8 stata la ricostruzione dello studio dell&#8217;artista, allestita all&#8217;interno del MuCa: un&#8217;esperienza immersiva e coinvolgente che ha permesso di entrare in contatto diretto con il suo universo creativo.<\/p>\n<p>Ma non solo: sono esposti per la prima volta in assoluto i cartoni preparatori dei grandi pannelli lignei eseguiti dall&#8217;incisore nel 1952, raffiguranti le quattro stagioni, parti di un pi\u00f9 importante complesso decorativo per la Motonave Victoria costruita presso i cantieri locali.<\/p>\n<p>\u00abUno degli aspetti della mostra che vorrei sottolineare \u00e8 l&#8217;unicit\u00e0 del luogo in cui si svolge: simbolicamente legato a mio nonno che, dipendente dei Cantieri per pi\u00f9 di vent&#8217;anni, iniziava proprio in questa Azienda il suo percorso artistico &#8211; racconta <strong>Massimiliano Marangoni<\/strong>, nipote dell&#8217;artista e curatore della mostra assieme all&#8217;associazione Aghe di Poc &#8211; A poche centinaia di metri da questi edifici, nel suo studio del rione di Panzano, dove viveva con la sua famiglia e dove anch&#8217;io sono nato e cresciuto, incideva i primi solchi nelle matrici delle xilografie che raccontavano l&#8217;operosit\u00e0 e la vita del Cantiere\u00bb.<\/p>\n<p>La mostra rester\u00e0 aperta al pubblico fino al 1\u00b0 settembre, negli orari di apertura del museo: da venerd\u00ec a luned\u00ec, dalle 10 alle 19, presso il MuCa &#8211; Museo della Cantieristica, in via del Mercato 3.<\/p>\n","protected":false},"excerpt":{"rendered":"<p>Al Museo della Cantieristica di Monfalcone la mostra che intreccia arte, memoria e identit\u00e0 collettiva<\/p>\n","protected":false},"author":28,"featured_media":66625,"comment_status":"closed","ping_status":"closed","template":"","tags":[261,826,51,60,519],"mec_category":[59],"class_list":["post-66624","mec-events","type-mec-events","status-publish","has-post-thumbnail","hentry","tag-eventi","tag-eventi-fvg","tag-monfalcone","tag-mostre","tag-nautica","mec_category-meeting"],"_links":{"self":[{"href":"https:\/\/imagazine.it\/home_desk\/wp-json\/wp\/v2\/mec-events\/66624","targetHints":{"allow":["GET"]}}],"collection":[{"href":"https:\/\/imagazine.it\/home_desk\/wp-json\/wp\/v2\/mec-events"}],"about":[{"href":"https:\/\/imagazine.it\/home_desk\/wp-json\/wp\/v2\/types\/mec-events"}],"author":[{"embeddable":true,"href":"https:\/\/imagazine.it\/home_desk\/wp-json\/wp\/v2\/users\/28"}],"replies":[{"embeddable":true,"href":"https:\/\/imagazine.it\/home_desk\/wp-json\/wp\/v2\/comments?post=66624"}],"wp:featuredmedia":[{"embeddable":true,"href":"https:\/\/imagazine.it\/home_desk\/wp-json\/wp\/v2\/media\/66625"}],"wp:attachment":[{"href":"https:\/\/imagazine.it\/home_desk\/wp-json\/wp\/v2\/media?parent=66624"}],"wp:term":[{"taxonomy":"post_tag","embeddable":true,"href":"https:\/\/imagazine.it\/home_desk\/wp-json\/wp\/v2\/tags?post=66624"},{"taxonomy":"mec_category","embeddable":true,"href":"https:\/\/imagazine.it\/home_desk\/wp-json\/wp\/v2\/mec_category?post=66624"}],"curies":[{"name":"wp","href":"https:\/\/api.w.org\/{rel}","templated":true}]}}

<p><span style="font-size: 10pt;"><em>L&#8217;inaugurazione della mostra</em></span></p>
<p>Un omaggio a un grande artista friulano, che ha saputo raccontare e valorizzare una parte importante dell&#8217;identità culturale della città di Monfalcone.</p>
<p>Il Museo della Cantieristica ospita la mostra &#8220;<em>Il solco di Tranquillo Marangoni nella scia delle grandi navi</em>&#8220;, un evento capace di intrecciare arte, memoria e identità collettiva.</p>
<p>L&#8217;iniziativa, promossa e sostenuta dal Comune di Monfalcone e dal Comune di Pozzuolo del Friuli, è stata ideata e realizzata dall&#8217;associazione <em>Aghe di Poc</em> in collaborazione con la famiglia Marangoni.</p>
<p>Alla cerimonia del taglio del nastro hanno preso parte numerosi rappresentanti delle istituzioni, tra cui il sindaco di Monfalcone, <strong>Luca Fasan</strong>, e il sindaco di Pozzuolo del Friuli, <strong>Gabriele Bressan</strong>. Tra il pubblico, presenti molti appassionati d&#8217;arte ma anche cittadini della comunità locale e zone limitrofe, uniti dalla volontà di riscoprire l&#8217;opera di Marangoni e il suo legame con la storia cantieristica della città.</p>
<p>Uno degli elementi che ha colpito maggiormente i visitatori è stata la ricostruzione dello studio dell&#8217;artista, allestita all&#8217;interno del MuCa: un&#8217;esperienza immersiva e coinvolgente che ha permesso di entrare in contatto diretto con il suo universo creativo.</p>
<p>Ma non solo: sono esposti per la prima volta in assoluto i cartoni preparatori dei grandi pannelli lignei eseguiti dall&#8217;incisore nel 1952, raffiguranti le quattro stagioni, parti di un più importante complesso decorativo per la Motonave Victoria costruita presso i cantieri locali.</p>
<p>«Uno degli aspetti della mostra che vorrei sottolineare è l&#8217;unicità del luogo in cui si svolge: simbolicamente legato a mio nonno che, dipendente dei Cantieri per più di vent&#8217;anni, iniziava proprio in questa Azienda il suo percorso artistico &#8211; racconta <strong>Massimiliano Marangoni</strong>, nipote dell&#8217;artista e curatore della mostra assieme all&#8217;associazione Aghe di Poc &#8211; A poche centinaia di metri da questi edifici, nel suo studio del rione di Panzano, dove viveva con la sua famiglia e dove anch&#8217;io sono nato e cresciuto, incideva i primi solchi nelle matrici delle xilografie che raccontavano l&#8217;operosità e la vita del Cantiere».</p>
<p>La mostra resterà aperta al pubblico fino al 1° settembre, negli orari di apertura del museo: da venerdì a lunedì, dalle 10 alle 19, presso il MuCa &#8211; Museo della Cantieristica, in via del Mercato 3.</p>

<p>Al Museo della Cantieristica di Monfalcone la mostra che intreccia arte, memoria e identità collettiva</p>
