{"id":66440,"date":"2025-06-30T10:56:34","date_gmt":"2025-06-30T08:56:34","guid":{"rendered":"https:\/\/imagazine.it\/home_desk\/?post_type=mec-events&#038;p=66440"},"modified":"2025-06-30T10:57:31","modified_gmt":"2025-06-30T08:57:31","slug":"memorial-stefano-saccavino","status":"publish","type":"mec-events","link":"https:\/\/imagazine.it\/home_desk\/events\/memorial-stefano-saccavino\/","title":{"rendered":"Memorial Stefano Saccavino"},"content":{"rendered":"<p>Anche quest&#8217;anno il <strong>Gruppo Alpini di San Vito al Torre<\/strong> organizza il torneo di calcio a sette, giunto alla sua tredicesima edizione e al settimo <strong><em>Memorial Stefano Saccavino<\/em><\/strong>.<\/p>\n<p>La manifestazione si terr\u00e0 al campo sportivo &#8220;Fabio Zuccheri&#8221; di San Vito al Torre nei giorni <strong>30 giugno e 1, 2, 4 luglio<\/strong>.<\/p>\n<p>Stefano Saccavino, prematuramente scomparso nel 2015, fu uno degli ideatori del torneo ed era molto conosciuto nell&#8217;ambito del calcio dilettantistico regionale.<\/p>\n<p>Nelle ultime edizioni, il Comitato Iniziative Locali (C.I.L.) si \u00e8 affiancato al Gruppo Alpini nell&#8217;organizzazione del torneo nell&#8217;ambito di una collaborazione che si estende a diverse manifestazioni nel territorio.<\/p>\n<p>Al torneo partecipano atleti di squadre dilettantistiche di buon livello, garantendo cos\u00ec un&#8217;elevata qualit\u00e0 tecnica. \u00c8 importante sottolineare che parte del ricavato viene tradizionalmente devoluto in beneficenza.<\/p>\n<p>Negli ultimi due anni, in particolare, i fondi sono stati destinati alla Fondazione Besta, che si occupa di ricerche scientifiche nel campo delle malattie rare pediatriche, e a istituzioni locali come asili e scuole.<\/p>\n<p>Il calcio d&#8217;inizio delle serate \u00e8 previsto per le ore 19.30, mentre la serata finale si terr\u00e0 venerd\u00ec 4 luglio, con la finalissima alle ore 22.30.<\/p>\n<h3>Le squadre partecipanti<\/h3>\n<p>Girone A: TUZZI SERRAMENTI, FRASCA ROSSI, AM TEAM, FATTORIA IN TORTUGA<\/p>\n<p>Girone B: BAR LA\u2019 DI LORR, SISILOS, ANA SAN VITO, RUDA<\/p>\n<p><em>Livio Nonis<\/em><\/p>\n","protected":false},"excerpt":{"rendered":"<p>A San Vito al Torre la tredicesima edizione del torneo di calcio a sette organizzato dal locale Gruppo Alpini<\/p>\n","protected":false},"author":28,"featured_media":66441,"comment_status":"closed","ping_status":"closed","template":"","tags":[213,947,282,1516],"mec_category":[91],"class_list":["post-66440","mec-events","type-mec-events","status-publish","has-post-thumbnail","hentry","tag-alpini","tag-calcio","tag-san-vito","tag-torneo","mec_category-sport"],"_links":{"self":[{"href":"https:\/\/imagazine.it\/home_desk\/wp-json\/wp\/v2\/mec-events\/66440","targetHints":{"allow":["GET"]}}],"collection":[{"href":"https:\/\/imagazine.it\/home_desk\/wp-json\/wp\/v2\/mec-events"}],"about":[{"href":"https:\/\/imagazine.it\/home_desk\/wp-json\/wp\/v2\/types\/mec-events"}],"author":[{"embeddable":true,"href":"https:\/\/imagazine.it\/home_desk\/wp-json\/wp\/v2\/users\/28"}],"replies":[{"embeddable":true,"href":"https:\/\/imagazine.it\/home_desk\/wp-json\/wp\/v2\/comments?post=66440"}],"wp:featuredmedia":[{"embeddable":true,"href":"https:\/\/imagazine.it\/home_desk\/wp-json\/wp\/v2\/media\/66441"}],"wp:attachment":[{"href":"https:\/\/imagazine.it\/home_desk\/wp-json\/wp\/v2\/media?parent=66440"}],"wp:term":[{"taxonomy":"post_tag","embeddable":true,"href":"https:\/\/imagazine.it\/home_desk\/wp-json\/wp\/v2\/tags?post=66440"},{"taxonomy":"mec_category","embeddable":true,"href":"https:\/\/imagazine.it\/home_desk\/wp-json\/wp\/v2\/mec_category?post=66440"}],"curies":[{"name":"wp","href":"https:\/\/api.w.org\/{rel}","templated":true}]}}

<p>Anche quest&#8217;anno il <strong>Gruppo Alpini di San Vito al Torre</strong> organizza il torneo di calcio a sette, giunto alla sua tredicesima edizione e al settimo <strong><em>Memorial Stefano Saccavino</em></strong>.</p>
<p>La manifestazione si terrà al campo sportivo &#8220;Fabio Zuccheri&#8221; di San Vito al Torre nei giorni <strong>30 giugno e 1, 2, 4 luglio</strong>.</p>
<p>Stefano Saccavino, prematuramente scomparso nel 2015, fu uno degli ideatori del torneo ed era molto conosciuto nell&#8217;ambito del calcio dilettantistico regionale.</p>
<p>Nelle ultime edizioni, il Comitato Iniziative Locali (C.I.L.) si è affiancato al Gruppo Alpini nell&#8217;organizzazione del torneo nell&#8217;ambito di una collaborazione che si estende a diverse manifestazioni nel territorio.</p>
<p>Al torneo partecipano atleti di squadre dilettantistiche di buon livello, garantendo così un&#8217;elevata qualità tecnica. È importante sottolineare che parte del ricavato viene tradizionalmente devoluto in beneficenza.</p>
<p>Negli ultimi due anni, in particolare, i fondi sono stati destinati alla Fondazione Besta, che si occupa di ricerche scientifiche nel campo delle malattie rare pediatriche, e a istituzioni locali come asili e scuole.</p>
<p>Il calcio d&#8217;inizio delle serate è previsto per le ore 19.30, mentre la serata finale si terrà venerdì 4 luglio, con la finalissima alle ore 22.30.</p>
<h3>Le squadre partecipanti</h3>
<p>Girone A: TUZZI SERRAMENTI, FRASCA ROSSI, AM TEAM, FATTORIA IN TORTUGA</p>
<p>Girone B: BAR LA’ DI LORR, SISILOS, ANA SAN VITO, RUDA</p>
<p><em>Livio Nonis</em></p>
