{"id":66107,"date":"2025-06-18T11:53:15","date_gmt":"2025-06-18T09:53:15","guid":{"rendered":"https:\/\/imagazine.it\/home_desk\/?post_type=mec-events&#038;p=66107"},"modified":"2025-06-18T11:53:15","modified_gmt":"2025-06-18T09:53:15","slug":"notte-romantica-con-il-piccolo-coro-artemia","status":"publish","type":"mec-events","link":"https:\/\/imagazine.it\/home_desk\/events\/notte-romantica-con-il-piccolo-coro-artemia\/","title":{"rendered":"Notte romantica con il Piccolo Coro Artemia"},"content":{"rendered":"<p><span style=\"font-size: 10pt;\"><em>Il Castello di Sotto di Strassoldo<\/em><\/span><\/p>\n<p>Sabato <strong>21 giugno<\/strong> si terr\u00e0 &#8220;<em>La Notte Romantica<\/em>&#8221; a Strassoldo, borgo tra i pi\u00f9 belli d\u2019Italia.<\/p>\n<p>Alle <strong>ore 21<\/strong>, presso il Castello di Sotto, si esibir\u00e0 il <strong>Piccolo Coro Artem\u00eca di Torviscosa<\/strong>. Sar\u00e0 accompagnato da <strong>Luca Zanon<\/strong> al pianoforte, <strong>Massimo Bonano<\/strong> al basso e <strong>Mattia Martincigh<\/strong> alle percussioni.<\/p>\n<p>A dirigere il coro sar\u00e0 il maestro <strong>Denis Monte<\/strong>.<\/p>\n<p>Il <strong>Piccolo Coro Artem\u00eca<\/strong> \u00e8 composto da coriste e coristi di et\u00e0 compresa tra i <strong>14 e i 29 anni<\/strong>. Si sta affermando nel panorama musicale, calcando palchi importanti in rassegne e festival corali sia in Italia che all&#8217;estero. Il coro vanta numerosi riconoscimenti e significative collaborazioni con artisti di primo livello, tra i quali Ligabue, Elisa, Giorgia, Annalisa e Mario Biondi.<\/p>\n<p>Queste partnership di alto livello evidenziano la versatilit\u00e0 e l&#8217;abilit\u00e0 del coro nello spaziare tra generi e stili diversi, confermando la loro professionalit\u00e0 e il loro impatto nel mondo della musica.<\/p>\n<p>Sabato 21 giugno il Castello di Sotto sar\u00e0 aperto per le visite guidate a pagamento alle ore 17-18-19.<\/p>\n<p><em>Livio Nonis<\/em><\/p>\n<p><img loading=\"lazy\" decoding=\"async\" class=\"aligncenter size-large wp-image-66109\" src=\"https:\/\/imagazine.it\/wp-content\/uploads\/2025\/06\/notte-rom-724x1024.jpeg\" alt=\"\" width=\"640\" height=\"905\" title=\"\" srcset=\"https:\/\/imagazine.it\/wp-content\/uploads\/2025\/06\/notte-rom-724x1024.jpeg 724w, https:\/\/imagazine.it\/wp-content\/uploads\/2025\/06\/notte-rom-212x300.jpeg 212w, https:\/\/imagazine.it\/wp-content\/uploads\/2025\/06\/notte-rom-768x1087.jpeg 768w, https:\/\/imagazine.it\/wp-content\/uploads\/2025\/06\/notte-rom.jpeg 800w\" sizes=\"auto, (max-width: 640px) 100vw, 640px\" \/><\/p>\n","protected":false},"excerpt":{"rendered":"<p>Diretto da Denis Monte animer\u00e0 il Castello di Strassoldo nella serata evento che coinvolge i Borghi pi\u00f9 belli d&#8217;Italia<\/p>\n","protected":false},"author":22,"featured_media":66108,"comment_status":"closed","ping_status":"closed","template":"","tags":[119,861,261,826,55,120],"mec_category":[99],"class_list":["post-66107","mec-events","type-mec-events","status-publish","has-post-thumbnail","hentry","tag-cervignano","tag-concerti","tag-eventi","tag-eventi-fvg","tag-musica","tag-strassoldo","mec_category-music"],"_links":{"self":[{"href":"https:\/\/imagazine.it\/home_desk\/wp-json\/wp\/v2\/mec-events\/66107","targetHints":{"allow":["GET"]}}],"collection":[{"href":"https:\/\/imagazine.it\/home_desk\/wp-json\/wp\/v2\/mec-events"}],"about":[{"href":"https:\/\/imagazine.it\/home_desk\/wp-json\/wp\/v2\/types\/mec-events"}],"author":[{"embeddable":true,"href":"https:\/\/imagazine.it\/home_desk\/wp-json\/wp\/v2\/users\/22"}],"replies":[{"embeddable":true,"href":"https:\/\/imagazine.it\/home_desk\/wp-json\/wp\/v2\/comments?post=66107"}],"wp:featuredmedia":[{"embeddable":true,"href":"https:\/\/imagazine.it\/home_desk\/wp-json\/wp\/v2\/media\/66108"}],"wp:attachment":[{"href":"https:\/\/imagazine.it\/home_desk\/wp-json\/wp\/v2\/media?parent=66107"}],"wp:term":[{"taxonomy":"post_tag","embeddable":true,"href":"https:\/\/imagazine.it\/home_desk\/wp-json\/wp\/v2\/tags?post=66107"},{"taxonomy":"mec_category","embeddable":true,"href":"https:\/\/imagazine.it\/home_desk\/wp-json\/wp\/v2\/mec_category?post=66107"}],"curies":[{"name":"wp","href":"https:\/\/api.w.org\/{rel}","templated":true}]}}

<p><span style="font-size: 10pt;"><em>Il Castello di Sotto di Strassoldo</em></span></p>
<p>Sabato <strong>21 giugno</strong> si terrà &#8220;<em>La Notte Romantica</em>&#8221; a Strassoldo, borgo tra i più belli d’Italia.</p>
<p>Alle <strong>ore 21</strong>, presso il Castello di Sotto, si esibirà il <strong>Piccolo Coro Artemìa di Torviscosa</strong>. Sarà accompagnato da <strong>Luca Zanon</strong> al pianoforte, <strong>Massimo Bonano</strong> al basso e <strong>Mattia Martincigh</strong> alle percussioni.</p>
<p>A dirigere il coro sarà il maestro <strong>Denis Monte</strong>.</p>
<p>Il <strong>Piccolo Coro Artemìa</strong> è composto da coriste e coristi di età compresa tra i <strong>14 e i 29 anni</strong>. Si sta affermando nel panorama musicale, calcando palchi importanti in rassegne e festival corali sia in Italia che all&#8217;estero. Il coro vanta numerosi riconoscimenti e significative collaborazioni con artisti di primo livello, tra i quali Ligabue, Elisa, Giorgia, Annalisa e Mario Biondi.</p>
<p>Queste partnership di alto livello evidenziano la versatilità e l&#8217;abilità del coro nello spaziare tra generi e stili diversi, confermando la loro professionalità e il loro impatto nel mondo della musica.</p>
<p>Sabato 21 giugno il Castello di Sotto sarà aperto per le visite guidate a pagamento alle ore 17-18-19.</p>
<p><em>Livio Nonis</em></p>
<p><img loading="lazy" decoding="async" class="aligncenter size-large wp-image-66109" src="https://imagazine.it/wp-content/uploads/2025/06/notte-rom-724x1024.jpeg" alt="" width="640" height="905" title="" srcset="https://imagazine.it/wp-content/uploads/2025/06/notte-rom-724x1024.jpeg 724w, https://imagazine.it/wp-content/uploads/2025/06/notte-rom-212x300.jpeg 212w, https://imagazine.it/wp-content/uploads/2025/06/notte-rom-768x1087.jpeg 768w, https://imagazine.it/wp-content/uploads/2025/06/notte-rom.jpeg 800w" sizes="auto, (max-width: 640px) 100vw, 640px" /></p>

<p>Diretto da Denis Monte animerà il Castello di Strassoldo nella serata evento che coinvolge i Borghi più belli d&#8217;Italia</p>
