{"id":65843,"date":"2025-06-09T16:52:19","date_gmt":"2025-06-09T14:52:19","guid":{"rendered":"https:\/\/imagazine.it\/home_desk\/?post_type=mec-events&#038;p=65843"},"modified":"2025-06-09T16:52:19","modified_gmt":"2025-06-09T14:52:19","slug":"da-aquileia-a-gorizia-il-tesoro-dellarcidiocesi","status":"publish","type":"mec-events","link":"https:\/\/imagazine.it\/home_desk\/events\/da-aquileia-a-gorizia-il-tesoro-dellarcidiocesi\/","title":{"rendered":"Da Aquileia a Gorizia. Il tesoro dell\u2019arcidiocesi"},"content":{"rendered":"<p style=\"font-weight: 400;\">La mostra \u00e8 allestita al <strong>Museo Santa Chiara<\/strong> (Corso Verdi 18\/A) a Gorizia.<\/p>\n<p style=\"font-weight: 400;\">L\u2019esposizione, realizzata dal <strong>Comune di Gorizia<\/strong>, in collaborazione con l\u2019<strong>Arcidiocesi di Gorizia<\/strong> e con il contributo della <strong>Regione FVG<\/strong>, presenter\u00e0 <strong>oltre 200 opere<\/strong> tra preziosi e antichi oggetti d\u2019arte sacra provenienti dal tesoro del Patriarcato d\u2019Aquileia (l\u2019antica istituzione soppressa nel 1751 da papa Benedetto XIV da cui sorsero le diocesi di Gorizia e di Udine), paramenti liturgici, rarissimi antifonari medievali, dipinti, incisioni di grande formato, strumenti musicali, manoscritti di rilevante importanza storica e rari libri.<\/p>\n<p style=\"font-weight: 400;\">Le principali istituzioni culturali goriziane e regionali parteciperanno con propri prestiti alla realizzazione della rassegna.<\/p>\n<p style=\"font-weight: 400;\">L\u2019esposizione traccer\u00e0, in estrema sintesi, il percorso plurisecolare del Patriarcato d\u2019Aquileia, Principato ecclesiastico istituito dall\u2019imperatore Enrico IV nel 1077, con la conseguente assunzione dei poteri temporali.<\/p>\n<p style=\"font-weight: 400;\">Particolare attenzione sar\u00e0 data alla sua fondamentale autorit\u00e0 metropolitica, che si estendeva a ovest, a nord e a est, arricchita dalle numerose arcidiocesi suffraganee anche assai lontane (si pensi, ad esempio, che Como fu diocesi suffraganea di Gorizia fino al 1789, cio\u00e8 ben dopo la soppressione dello stesso Patriarcato di Aquileia).<\/p>\n<p style=\"font-weight: 400;\">Saranno in specie documentate le vicende successive alla conquista veneziana del Friuli nel 1420, che priv\u00f2 il Patriarcato del potere temporale e il passaggio di Gorizia e della sua Contea agli Asburgo nel 1500.<\/p>\n<p style=\"font-weight: 400;\">La separazione politica fra settore veneziano e austriaco della Diocesi aquileiese, ormai retta da Patriarchi solo veneziani residenti a Udine, risult\u00f2 acuita, e tanto pi\u00f9 le differenze si accrebbero a met\u00e0 Cinquecento per la diffusione della Riforma luterana soprattutto in Carinzia e Carniola.<\/p>\n<p style=\"font-weight: 400;\">In territorio austriaco, tuttavia, l\u2019applicazione del Concilio di Trento non fu immediata e la repressione del dissenso religioso avvenne principalmente su iniziativa delle autorit\u00e0 politiche; in tale contesto gi\u00e0 dal 1564 fu perci\u00f2 chiesta l\u2019istituzione di un vescovado a Gorizia per la parte austriaca della diocesi aquileiese, sempre negata dalle autorit\u00e0 veneziane, col risultato che, morto il patriarca Francesco Barbaro (1616), fu di fatto impedito alla Curia udinese di operare a Gorizia.<\/p>\n<p style=\"font-weight: 400;\">La mostra \u00e8 curata da <strong>Alessio Persic<\/strong>\u00a0dell\u2019Universit\u00e0 Cattolica di Milano:<\/p>\n<p style=\"font-weight: 400;\">Particolare attenzione sar\u00e0 dedicata agli aspetti didascalici anche con le pi\u00f9 moderne tecniche informatiche. Direttore della mostra \u00e8 Marino De Grassi.<\/p>\n<p style=\"font-weight: 400;\">L\u2019esposizione sar\u00e0 aperta <strong>da venerd\u00ec 21 giugno al 28 settembre<\/strong> <strong>da mercoled\u00ec a domenica dalle 10 alle 13 e dalle 17 alle 23<\/strong>.<\/p>\n<p style=\"font-weight: 400;\">\u00c8 previsto un biglietto d\u2019ingresso unico a 5 euro.<\/p>\n","protected":false},"excerpt":{"rendered":"<p>Esposte al Museo di Santa Chiara oltre 200 opere tra preziosi e antichi oggetti d\u2019arte sacra provenienti dal tesoro del Patriarcato d\u2019Aquileia<\/p>\n","protected":false},"author":28,"featured_media":65844,"comment_status":"closed","ping_status":"closed","template":"","tags":[349,261,826,43,60],"mec_category":[59],"class_list":["post-65843","mec-events","type-mec-events","status-publish","has-post-thumbnail","hentry","tag-aquileia","tag-eventi","tag-eventi-fvg","tag-gorizia","tag-mostre","mec_category-meeting"],"_links":{"self":[{"href":"https:\/\/imagazine.it\/home_desk\/wp-json\/wp\/v2\/mec-events\/65843","targetHints":{"allow":["GET"]}}],"collection":[{"href":"https:\/\/imagazine.it\/home_desk\/wp-json\/wp\/v2\/mec-events"}],"about":[{"href":"https:\/\/imagazine.it\/home_desk\/wp-json\/wp\/v2\/types\/mec-events"}],"author":[{"embeddable":true,"href":"https:\/\/imagazine.it\/home_desk\/wp-json\/wp\/v2\/users\/28"}],"replies":[{"embeddable":true,"href":"https:\/\/imagazine.it\/home_desk\/wp-json\/wp\/v2\/comments?post=65843"}],"wp:featuredmedia":[{"embeddable":true,"href":"https:\/\/imagazine.it\/home_desk\/wp-json\/wp\/v2\/media\/65844"}],"wp:attachment":[{"href":"https:\/\/imagazine.it\/home_desk\/wp-json\/wp\/v2\/media?parent=65843"}],"wp:term":[{"taxonomy":"post_tag","embeddable":true,"href":"https:\/\/imagazine.it\/home_desk\/wp-json\/wp\/v2\/tags?post=65843"},{"taxonomy":"mec_category","embeddable":true,"href":"https:\/\/imagazine.it\/home_desk\/wp-json\/wp\/v2\/mec_category?post=65843"}],"curies":[{"name":"wp","href":"https:\/\/api.w.org\/{rel}","templated":true}]}}

<p style="font-weight: 400;">La mostra è allestita al <strong>Museo Santa Chiara</strong> (Corso Verdi 18/A) a Gorizia.</p>
<p style="font-weight: 400;">L’esposizione, realizzata dal <strong>Comune di Gorizia</strong>, in collaborazione con l’<strong>Arcidiocesi di Gorizia</strong> e con il contributo della <strong>Regione FVG</strong>, presenterà <strong>oltre 200 opere</strong> tra preziosi e antichi oggetti d’arte sacra provenienti dal tesoro del Patriarcato d’Aquileia (l’antica istituzione soppressa nel 1751 da papa Benedetto XIV da cui sorsero le diocesi di Gorizia e di Udine), paramenti liturgici, rarissimi antifonari medievali, dipinti, incisioni di grande formato, strumenti musicali, manoscritti di rilevante importanza storica e rari libri.</p>
<p style="font-weight: 400;">Le principali istituzioni culturali goriziane e regionali parteciperanno con propri prestiti alla realizzazione della rassegna.</p>
<p style="font-weight: 400;">L’esposizione traccerà, in estrema sintesi, il percorso plurisecolare del Patriarcato d’Aquileia, Principato ecclesiastico istituito dall’imperatore Enrico IV nel 1077, con la conseguente assunzione dei poteri temporali.</p>
<p style="font-weight: 400;">Particolare attenzione sarà data alla sua fondamentale autorità metropolitica, che si estendeva a ovest, a nord e a est, arricchita dalle numerose arcidiocesi suffraganee anche assai lontane (si pensi, ad esempio, che Como fu diocesi suffraganea di Gorizia fino al 1789, cioè ben dopo la soppressione dello stesso Patriarcato di Aquileia).</p>
<p style="font-weight: 400;">Saranno in specie documentate le vicende successive alla conquista veneziana del Friuli nel 1420, che privò il Patriarcato del potere temporale e il passaggio di Gorizia e della sua Contea agli Asburgo nel 1500.</p>
<p style="font-weight: 400;">La separazione politica fra settore veneziano e austriaco della Diocesi aquileiese, ormai retta da Patriarchi solo veneziani residenti a Udine, risultò acuita, e tanto più le differenze si accrebbero a metà Cinquecento per la diffusione della Riforma luterana soprattutto in Carinzia e Carniola.</p>
<p style="font-weight: 400;">In territorio austriaco, tuttavia, l’applicazione del Concilio di Trento non fu immediata e la repressione del dissenso religioso avvenne principalmente su iniziativa delle autorità politiche; in tale contesto già dal 1564 fu perciò chiesta l’istituzione di un vescovado a Gorizia per la parte austriaca della diocesi aquileiese, sempre negata dalle autorità veneziane, col risultato che, morto il patriarca Francesco Barbaro (1616), fu di fatto impedito alla Curia udinese di operare a Gorizia.</p>
<p style="font-weight: 400;">La mostra è curata da <strong>Alessio Persic</strong> dell’Università Cattolica di Milano:</p>
<p style="font-weight: 400;">Particolare attenzione sarà dedicata agli aspetti didascalici anche con le più moderne tecniche informatiche. Direttore della mostra è Marino De Grassi.</p>
<p style="font-weight: 400;">L’esposizione sarà aperta <strong>da venerdì 21 giugno al 28 settembre</strong> <strong>da mercoledì a domenica dalle 10 alle 13 e dalle 17 alle 23</strong>.</p>
<p style="font-weight: 400;">È previsto un biglietto d’ingresso unico a 5 euro.</p>
