{"id":65739,"date":"2025-06-05T10:37:32","date_gmt":"2025-06-05T08:37:32","guid":{"rendered":"https:\/\/imagazine.it\/home_desk\/?post_type=mec-events&#038;p=65739"},"modified":"2025-06-05T10:37:32","modified_gmt":"2025-06-05T08:37:32","slug":"campane-a-festa-tra-gorizia-e-nova-gorica","status":"publish","type":"mec-events","link":"https:\/\/imagazine.it\/home_desk\/events\/campane-a-festa-tra-gorizia-e-nova-gorica\/","title":{"rendered":"Campane a festa tra Gorizia e Nova Gorica"},"content":{"rendered":"<p><span style=\"font-size: 10pt;\"><em>Chiesa di Sant&#8217;Ignazio a Gorizia (ph. Fabio Bergamasco)<\/em><\/span><\/p>\n<p>Sabato 7 giugno in occasione della Capitale Europea della cultura, l\u2019associazione <strong>Campanari del Goriziano<\/strong> organizza l\u2019iniziativa \u201c<strong><em>Campane a festa tra Nova Gorica e Gorizia<\/em><\/strong>\u201d, con il patrocinio del Comune e in collaborazione con le parrocchie di Gorizia e Nova Gorica.<\/p>\n<p>Si inizier\u00e0 alle 16 nella sala del \u2018700 della parrocchia di Sant\u2019Ignazio con un dialogo a pi\u00f9 voci incentrato sui 300 anni (1725-2025) dei caratteristici campanili di Sant\u2019Ignazio, uno dei simboli pi\u00f9 noti della citt\u00e0 di Gorizia.<\/p>\n<p>Interverranno <strong>Vanni Feresin<\/strong> sul tema \u201c<em>La chiesa e i campanili di Sant\u2019Ignazio nella Gorizia del \u2018700<\/em>\u201d e <strong>Giacomo Pantanali<\/strong> su \u201c<em>Architettura e tradizione campanaria nel Goriziano<\/em>\u201d.<\/p>\n<p>A seguire, tra le 17 e le 18 ci sar\u00e0 un <strong>concerto di campane<\/strong> che coinvolger\u00e0 tutti i campanili di Gorizia e Nova Gorica in un suono d\u2019assieme oltre i confini.<\/p>\n<p>A suonare le campane a mano secondo la tradizione saranno i campanari del territorio. Ci si ritrover\u00e0 poi alle 18.30 davanti alla <strong>Fontana del Nettuno<\/strong> per una foto insieme.<\/p>\n<p>Sabato 7 giugno \u00e8 anche la vigilia di Pentecoste, per cui il suono delle campane tra le due citt\u00e0 e con campanari di lingua slovena e italiana avr\u00e0 un significato del tutto particolare: la Chiesa, infatti, ricorda la discesa dello Spirito Santo sugli apostoli che permise loro di parlare in pi\u00f9 lingue.<\/p>\n<p>Il pomeriggio si concluder\u00e0 in comunione con la Chiesa diocesana con la Veglia di preghiera alle 20.30 in cattedrale.<\/p>\n<p>Saranno dieci i campanili coinvolti: a dare il primo tocco, alle 17, sar\u00e0 il campanile della <strong>chiesa di Sant\u2019Ignazio <\/strong>in Piazza Vittoria con quello del<strong> borgo di San Rocco<\/strong>, seguito alle 17.10 da<strong> San Giovanni <\/strong>(Centro pastorale sloveno) e<strong> Sant\u2019Anna <\/strong>mentre alle 17.15 inizieranno<strong> Sant\u2019Antonio <\/strong>e<strong> Straccis<\/strong>. Alle 17.25 sar\u00e0 il momento di<strong> Castagnavizza <\/strong>e<strong> Piazzutta <\/strong>per concludere con la<strong> Cattedrale di Gorizia <\/strong>e la<strong> Concattedrale di Nova Gorica<\/strong>.<\/p>\n<p><em>Livio Nonis<\/em><\/p>\n","protected":false},"excerpt":{"rendered":"<p>Nella vigilia di Pentecoste appuntamento transfrontaliero con rintocchi da 10 diversi campanili della Capitale Europea della Cultura<\/p>\n","protected":false},"author":22,"featured_media":65740,"comment_status":"closed","ping_status":"closed","template":"","tags":[2508,123,43,184],"mec_category":[131],"class_list":["post-65739","mec-events","type-mec-events","status-publish","has-post-thumbnail","hentry","tag-campanari","tag-go2025","tag-gorizia","tag-nova-gorica","mec_category-discovery"],"_links":{"self":[{"href":"https:\/\/imagazine.it\/home_desk\/wp-json\/wp\/v2\/mec-events\/65739","targetHints":{"allow":["GET"]}}],"collection":[{"href":"https:\/\/imagazine.it\/home_desk\/wp-json\/wp\/v2\/mec-events"}],"about":[{"href":"https:\/\/imagazine.it\/home_desk\/wp-json\/wp\/v2\/types\/mec-events"}],"author":[{"embeddable":true,"href":"https:\/\/imagazine.it\/home_desk\/wp-json\/wp\/v2\/users\/22"}],"replies":[{"embeddable":true,"href":"https:\/\/imagazine.it\/home_desk\/wp-json\/wp\/v2\/comments?post=65739"}],"wp:featuredmedia":[{"embeddable":true,"href":"https:\/\/imagazine.it\/home_desk\/wp-json\/wp\/v2\/media\/65740"}],"wp:attachment":[{"href":"https:\/\/imagazine.it\/home_desk\/wp-json\/wp\/v2\/media?parent=65739"}],"wp:term":[{"taxonomy":"post_tag","embeddable":true,"href":"https:\/\/imagazine.it\/home_desk\/wp-json\/wp\/v2\/tags?post=65739"},{"taxonomy":"mec_category","embeddable":true,"href":"https:\/\/imagazine.it\/home_desk\/wp-json\/wp\/v2\/mec_category?post=65739"}],"curies":[{"name":"wp","href":"https:\/\/api.w.org\/{rel}","templated":true}]}}

<p><span style="font-size: 10pt;"><em>Chiesa di Sant&#8217;Ignazio a Gorizia (ph. Fabio Bergamasco)</em></span></p>
<p>Sabato 7 giugno in occasione della Capitale Europea della cultura, l’associazione <strong>Campanari del Goriziano</strong> organizza l’iniziativa “<strong><em>Campane a festa tra Nova Gorica e Gorizia</em></strong>”, con il patrocinio del Comune e in collaborazione con le parrocchie di Gorizia e Nova Gorica.</p>
<p>Si inizierà alle 16 nella sala del ‘700 della parrocchia di Sant’Ignazio con un dialogo a più voci incentrato sui 300 anni (1725-2025) dei caratteristici campanili di Sant’Ignazio, uno dei simboli più noti della città di Gorizia.</p>
<p>Interverranno <strong>Vanni Feresin</strong> sul tema “<em>La chiesa e i campanili di Sant’Ignazio nella Gorizia del ‘700</em>” e <strong>Giacomo Pantanali</strong> su “<em>Architettura e tradizione campanaria nel Goriziano</em>”.</p>
<p>A seguire, tra le 17 e le 18 ci sarà un <strong>concerto di campane</strong> che coinvolgerà tutti i campanili di Gorizia e Nova Gorica in un suono d’assieme oltre i confini.</p>
<p>A suonare le campane a mano secondo la tradizione saranno i campanari del territorio. Ci si ritroverà poi alle 18.30 davanti alla <strong>Fontana del Nettuno</strong> per una foto insieme.</p>
<p>Sabato 7 giugno è anche la vigilia di Pentecoste, per cui il suono delle campane tra le due città e con campanari di lingua slovena e italiana avrà un significato del tutto particolare: la Chiesa, infatti, ricorda la discesa dello Spirito Santo sugli apostoli che permise loro di parlare in più lingue.</p>
<p>Il pomeriggio si concluderà in comunione con la Chiesa diocesana con la Veglia di preghiera alle 20.30 in cattedrale.</p>
<p>Saranno dieci i campanili coinvolti: a dare il primo tocco, alle 17, sarà il campanile della <strong>chiesa di Sant’Ignazio </strong>in Piazza Vittoria con quello del<strong> borgo di San Rocco</strong>, seguito alle 17.10 da<strong> San Giovanni </strong>(Centro pastorale sloveno) e<strong> Sant’Anna </strong>mentre alle 17.15 inizieranno<strong> Sant’Antonio </strong>e<strong> Straccis</strong>. Alle 17.25 sarà il momento di<strong> Castagnavizza </strong>e<strong> Piazzutta </strong>per concludere con la<strong> Cattedrale di Gorizia </strong>e la<strong> Concattedrale di Nova Gorica</strong>.</p>
<p><em>Livio Nonis</em></p>
