{"id":65729,"date":"2025-06-05T10:03:43","date_gmt":"2025-06-05T08:03:43","guid":{"rendered":"https:\/\/imagazine.it\/home_desk\/?post_type=mec-events&#038;p=65729"},"modified":"2025-06-05T10:03:43","modified_gmt":"2025-06-05T08:03:43","slug":"la-felicita","status":"publish","type":"mec-events","link":"https:\/\/imagazine.it\/home_desk\/events\/la-felicita\/","title":{"rendered":"La Felicit\u00e0"},"content":{"rendered":"<p><span style=\"font-size: 10pt;\"><em>Marzia Postogna e Maurizio Repetto<\/em><\/span><\/p>\n<p>Ancora un debutto targato La Contrada nell&#8217;ambito della quinta edizione LET\u2019S PLAY, la rassegna teatrale inserita nel cartellone di Trieste Estate 2025 e realizzata grazie alla collaborazione tra i teatri La Contrada, Bonawentura\/Teatro Miela e il Teatro Stabile Sloveno e alla collaborazione di Comune di Trieste e Civici Musei.<\/p>\n<p><strong>Da venerd\u00ec 6 a domenica 8 giugno<\/strong> negli <strong>spazi esterni del Museo Sartorio di Trieste<\/strong>, alle <strong>21<\/strong>, andr\u00e0 in scena la nuova produzione Contrada \u201cLa Felicit\u00e0\u201d, un\u2019opera di Eric Assous con la regia di <strong>Marcela Serli<\/strong>.<\/p>\n<p>Sul palco gli attori <strong>Marzia Postogna<\/strong> e <strong>Maurizio Repetto<\/strong> daranno vita a una commedia che sa essere al contempo vivace e intensa, capace di sorprendere con i suoi numerosi sviluppi inattesi.<\/p>\n<p>I protagonisti sono Luisa e Alessandro, non pi\u00f9 nel fiore degli anni, che condividono una notte in seguito a un incontro fortuito. I due amanti si trovano a dover affrontare le incertezze, le falsit\u00e0 e i piccoli compromessi che inevitabilmente emergono in simili circostanze, dove il disincanto portato dall&#8217;et\u00e0 adulta rende l&#8217;esperienza amorosa qualcosa di tutt&#8217;altro che semplice. Attraverso un dialogo che oscilla tra diversi registri, la pi\u00e8ce svela le fragilit\u00e0 molto umane di ciascun personaggio.<\/p>\n<p>\u00abIl mio pensiero registico per questo studio preliminare &#8211; spiega Marcela Serli &#8211; si muove proprio su questa linea sottile, cercando di far emergere il ritmo serrato, la tensione nei non detti, e l\u2019assurdit\u00e0 che a volte prende il sopravvento sul sentimento. Lavorando con gli attori, ho scelto di mantenere visibile il dispositivo teatrale: lo spazio della <em>mise en espace<\/em> non nasconde nulla, anzi, espone tutto \u2014 corpi, voci, dinamiche. \u00c8 un invito a guardare da vicino l\u2019anatomia fragile e comica dei nostri legami. Perch\u00e9 forse la felicit\u00e0, pi\u00f9 che uno stato dell\u2019essere, \u00e8 un malinteso ben costruito\u00bb.<\/p>\n<p>In caso di maltempo lo spettacolo si terr\u00e0 al Teatro Orazio Bobbio.<\/p>\n","protected":false},"excerpt":{"rendered":"<p>Il disincanto dell&#8217;et\u00e0 adulta rende l&#8217;esperienza amorosa qualcosa di tutt&#8217;altro che semplice. A Trieste l&#8217;esordio della commedia di Marcela Serli<\/p>\n","protected":false},"author":28,"featured_media":65730,"comment_status":"closed","ping_status":"closed","template":"","tags":[492,261,826,821,52,65],"mec_category":[48],"class_list":["post-65729","mec-events","type-mec-events","status-publish","has-post-thumbnail","hentry","tag-contrada","tag-eventi","tag-eventi-fvg","tag-spettacoli","tag-teatro","tag-trieste","mec_category-classic-art"],"_links":{"self":[{"href":"https:\/\/imagazine.it\/home_desk\/wp-json\/wp\/v2\/mec-events\/65729","targetHints":{"allow":["GET"]}}],"collection":[{"href":"https:\/\/imagazine.it\/home_desk\/wp-json\/wp\/v2\/mec-events"}],"about":[{"href":"https:\/\/imagazine.it\/home_desk\/wp-json\/wp\/v2\/types\/mec-events"}],"author":[{"embeddable":true,"href":"https:\/\/imagazine.it\/home_desk\/wp-json\/wp\/v2\/users\/28"}],"replies":[{"embeddable":true,"href":"https:\/\/imagazine.it\/home_desk\/wp-json\/wp\/v2\/comments?post=65729"}],"wp:featuredmedia":[{"embeddable":true,"href":"https:\/\/imagazine.it\/home_desk\/wp-json\/wp\/v2\/media\/65730"}],"wp:attachment":[{"href":"https:\/\/imagazine.it\/home_desk\/wp-json\/wp\/v2\/media?parent=65729"}],"wp:term":[{"taxonomy":"post_tag","embeddable":true,"href":"https:\/\/imagazine.it\/home_desk\/wp-json\/wp\/v2\/tags?post=65729"},{"taxonomy":"mec_category","embeddable":true,"href":"https:\/\/imagazine.it\/home_desk\/wp-json\/wp\/v2\/mec_category?post=65729"}],"curies":[{"name":"wp","href":"https:\/\/api.w.org\/{rel}","templated":true}]}}

La Felicità

<p><span style="font-size: 10pt;"><em>Marzia Postogna e Maurizio Repetto</em></span></p>
<p>Ancora un debutto targato La Contrada nell&#8217;ambito della quinta edizione LET’S PLAY, la rassegna teatrale inserita nel cartellone di Trieste Estate 2025 e realizzata grazie alla collaborazione tra i teatri La Contrada, Bonawentura/Teatro Miela e il Teatro Stabile Sloveno e alla collaborazione di Comune di Trieste e Civici Musei.</p>
<p><strong>Da venerdì 6 a domenica 8 giugno</strong> negli <strong>spazi esterni del Museo Sartorio di Trieste</strong>, alle <strong>21</strong>, andrà in scena la nuova produzione Contrada “La Felicità”, un’opera di Eric Assous con la regia di <strong>Marcela Serli</strong>.</p>
<p>Sul palco gli attori <strong>Marzia Postogna</strong> e <strong>Maurizio Repetto</strong> daranno vita a una commedia che sa essere al contempo vivace e intensa, capace di sorprendere con i suoi numerosi sviluppi inattesi.</p>
<p>I protagonisti sono Luisa e Alessandro, non più nel fiore degli anni, che condividono una notte in seguito a un incontro fortuito. I due amanti si trovano a dover affrontare le incertezze, le falsità e i piccoli compromessi che inevitabilmente emergono in simili circostanze, dove il disincanto portato dall&#8217;età adulta rende l&#8217;esperienza amorosa qualcosa di tutt&#8217;altro che semplice. Attraverso un dialogo che oscilla tra diversi registri, la pièce svela le fragilità molto umane di ciascun personaggio.</p>
<p>«Il mio pensiero registico per questo studio preliminare &#8211; spiega Marcela Serli &#8211; si muove proprio su questa linea sottile, cercando di far emergere il ritmo serrato, la tensione nei non detti, e l’assurdità che a volte prende il sopravvento sul sentimento. Lavorando con gli attori, ho scelto di mantenere visibile il dispositivo teatrale: lo spazio della <em>mise en espace</em> non nasconde nulla, anzi, espone tutto — corpi, voci, dinamiche. È un invito a guardare da vicino l’anatomia fragile e comica dei nostri legami. Perché forse la felicità, più che uno stato dell’essere, è un malinteso ben costruito».</p>
<p>In caso di maltempo lo spettacolo si terrà al Teatro Orazio Bobbio.</p>

<p>Il disincanto dell&#8217;età adulta rende l&#8217;esperienza amorosa qualcosa di tutt&#8217;altro che semplice. A Trieste l&#8217;esordio della commedia di Marcela Serli</p>
