{"id":65593,"date":"2025-05-29T10:15:30","date_gmt":"2025-05-29T08:15:30","guid":{"rendered":"https:\/\/imagazine.it\/home_desk\/?post_type=mec-events&#038;p=65593"},"modified":"2025-05-29T10:15:30","modified_gmt":"2025-05-29T08:15:30","slug":"note-di-carta","status":"publish","type":"mec-events","link":"https:\/\/imagazine.it\/home_desk\/events\/note-di-carta\/","title":{"rendered":"Note di carta"},"content":{"rendered":"<p>&nbsp;<\/p>\n<p>Alla base di <strong><em>NOTE DI CARTA | racconti e musiche dalla terrazza<\/em><\/strong>, il nuovo progetto culturale del Circolo Arci Cervignano APS, c\u2019\u00e8 il pensiero di ritrovare il senso della comunit\u00e0, di riunirsi attorno a una storia \u2013 narrata o musicata \u2014 che richiama un gesto antico come quello del focolare domestico o delle risate in cortile quando ancora era uno dei luoghi in cui nascevano grandi rapporti di vicinanza e fratellanza fin da bambini.<\/p>\n<p>Due incontri pilota, realizzati in collaborazione con <strong>NGSP<\/strong> (Nessun Giorno Senza Poesia) e presentati dal poeta <strong>Francesco Zorzenon<\/strong>, che per due venerd\u00ec, nel tardo pomeriggio animeranno, la <strong>corte interna della Casa del Popolo di Cervignano del Friuli<\/strong>.<\/p>\n<p>\u201cLa dimensione del racconto scelta per questi incontri \u2013 spiegano gli organizzatori \u2013, che proseguiranno nei prossimi mesi con una nuova programmazione, \u00e8 un modo per riscoprire l&#8217;empatia, per mettersi nei panni degli altri, per recuperare la dimensione dell\u2019ascolto. Fermarsi ad ascoltare qualcuno che racconta, infatti, \u00e8 un atto di resistenza, \u00e8 qualcosa che ci insegna a rallentare, a prestare attenzione, a dare valore alla parola e al silenzio\u201d.<\/p>\n<p>La prima storia la racconteranno <strong>venerd\u00ec 30 maggio<\/strong> dalle ore 18.20 <strong>Emilio Rigatti<\/strong> con <em>Il viaggio come tatuaggio dell\u2019anima dal Sudamerica all\u2019Afghanistan senza scendere<\/em>, <strong>Nicole Coceancig<\/strong> con voce e chitarra e <strong>Pietro Sponton<\/strong> con le percussioni.<\/p>\n<p>Durante l\u2019incontro sar\u00e0 possibile sostenere una campagna di raccolta fondi per Asif Naveed, musicista di fama nazionale in Afghanistan, uno dei tanti giovani hazara costretti a nascondersi perch\u00e9 ritenuti non in linea con il fondamentalismo religioso che vige nel paese.<\/p>\n<p>\u201cLa raccolta \u2013 precisano gli organizzatori \u2013 serve per finanziare le spese viaggio per raggiungere l\u2019Italia e poter partecipare a un festival dove fare quello che sogna e che sa fare meglio da quando ha 9 anni: suonare, fuori dal paese in cui \u00e8 perseguitato per il solo fatto di essere artista, far conoscere la sua arte, sensibilizzare il pubblico sull\u2019attuale contesto sociale in Afghanistan e scambiare esperienze artistiche con altri musicisti\u201d.<\/p>\n<p><strong>Venerd\u00ec 6 giugno<\/strong> dalle ore 18.20, invece, si potr\u00e0 ascoltare il racconto di <strong>Edson Moukoko<\/strong> (scrittore camerunese di nascita, con cittadinanza italiana, che vive in Italia) con <em>La danza degli infedeli. vite al limite tra speranza ed emarginazione <\/em>e di <strong>Paolo Pascolo<\/strong> con flauto e sax tenore.<\/p>\n<p>\u201c<em>NOTE DI CARTA | racconti e musiche dalla terrazza<\/em> \u2013 concludono gli organizzatori \u2013 va vissuto come un momento di crescita personale e culturale perch\u00e9 ogni racconto e ogni musica, anche i pi\u00f9 semplici, portano con s\u00e9 un mondo\u201d.<\/p>\n<p>Gli incontri sono a ingresso con offerta libera.<\/p>\n<p>&nbsp;<\/p>\n<p><strong>Venerd\u00ec 30 maggio ore 18.20<\/strong><\/p>\n<p>I racconti di Emilio Rigatti<\/p>\n<p>IL VIAGGIO COME TATUAGGIO DELL\u2019ANIMA DAL SUDAMERICA ALL\u2019 AFGHANISTAN SENZA SCENDERE<\/p>\n<p>Le musiche di Nicole Coceancig (voce e chitarra) e Pietro Sponton (percussioni)<\/p>\n<p><strong>Venerd\u00ec 6 giugno, ore 18.20<\/strong><\/p>\n<p>I racconti di Edson Moukoko<\/p>\n<p>LA DANZA DEGLI INFEDELI VITE AL LIMITE TRA SPERANZA ED EMARGINAZIONE<\/p>\n<p>Le musiche di Paolo Pascolo (flauto e sax tenore)<\/p>\n","protected":false},"excerpt":{"rendered":"<p>A Cervignano arrivano racconti e musiche dalla terrazza: due appuntamenti per riscoprire il piacere di riunirsi attorno a una storia<\/p>\n","protected":false},"author":28,"featured_media":65594,"comment_status":"closed","ping_status":"closed","template":"","tags":[119,261,826,273,55],"mec_category":[48],"class_list":["post-65593","mec-events","type-mec-events","status-publish","has-post-thumbnail","hentry","tag-cervignano","tag-eventi","tag-eventi-fvg","tag-libri","tag-musica","mec_category-classic-art"],"_links":{"self":[{"href":"https:\/\/imagazine.it\/home_desk\/wp-json\/wp\/v2\/mec-events\/65593","targetHints":{"allow":["GET"]}}],"collection":[{"href":"https:\/\/imagazine.it\/home_desk\/wp-json\/wp\/v2\/mec-events"}],"about":[{"href":"https:\/\/imagazine.it\/home_desk\/wp-json\/wp\/v2\/types\/mec-events"}],"author":[{"embeddable":true,"href":"https:\/\/imagazine.it\/home_desk\/wp-json\/wp\/v2\/users\/28"}],"replies":[{"embeddable":true,"href":"https:\/\/imagazine.it\/home_desk\/wp-json\/wp\/v2\/comments?post=65593"}],"wp:featuredmedia":[{"embeddable":true,"href":"https:\/\/imagazine.it\/home_desk\/wp-json\/wp\/v2\/media\/65594"}],"wp:attachment":[{"href":"https:\/\/imagazine.it\/home_desk\/wp-json\/wp\/v2\/media?parent=65593"}],"wp:term":[{"taxonomy":"post_tag","embeddable":true,"href":"https:\/\/imagazine.it\/home_desk\/wp-json\/wp\/v2\/tags?post=65593"},{"taxonomy":"mec_category","embeddable":true,"href":"https:\/\/imagazine.it\/home_desk\/wp-json\/wp\/v2\/mec_category?post=65593"}],"curies":[{"name":"wp","href":"https:\/\/api.w.org\/{rel}","templated":true}]}}

<p>&nbsp;</p>
<p>Alla base di <strong><em>NOTE DI CARTA | racconti e musiche dalla terrazza</em></strong>, il nuovo progetto culturale del Circolo Arci Cervignano APS, c’è il pensiero di ritrovare il senso della comunità, di riunirsi attorno a una storia – narrata o musicata — che richiama un gesto antico come quello del focolare domestico o delle risate in cortile quando ancora era uno dei luoghi in cui nascevano grandi rapporti di vicinanza e fratellanza fin da bambini.</p>
<p>Due incontri pilota, realizzati in collaborazione con <strong>NGSP</strong> (Nessun Giorno Senza Poesia) e presentati dal poeta <strong>Francesco Zorzenon</strong>, che per due venerdì, nel tardo pomeriggio animeranno, la <strong>corte interna della Casa del Popolo di Cervignano del Friuli</strong>.</p>
<p>“La dimensione del racconto scelta per questi incontri – spiegano gli organizzatori –, che proseguiranno nei prossimi mesi con una nuova programmazione, è un modo per riscoprire l&#8217;empatia, per mettersi nei panni degli altri, per recuperare la dimensione dell’ascolto. Fermarsi ad ascoltare qualcuno che racconta, infatti, è un atto di resistenza, è qualcosa che ci insegna a rallentare, a prestare attenzione, a dare valore alla parola e al silenzio”.</p>
<p>La prima storia la racconteranno <strong>venerdì 30 maggio</strong> dalle ore 18.20 <strong>Emilio Rigatti</strong> con <em>Il viaggio come tatuaggio dell’anima dal Sudamerica all’Afghanistan senza scendere</em>, <strong>Nicole Coceancig</strong> con voce e chitarra e <strong>Pietro Sponton</strong> con le percussioni.</p>
<p>Durante l’incontro sarà possibile sostenere una campagna di raccolta fondi per Asif Naveed, musicista di fama nazionale in Afghanistan, uno dei tanti giovani hazara costretti a nascondersi perché ritenuti non in linea con il fondamentalismo religioso che vige nel paese.</p>
<p>“La raccolta – precisano gli organizzatori – serve per finanziare le spese viaggio per raggiungere l’Italia e poter partecipare a un festival dove fare quello che sogna e che sa fare meglio da quando ha 9 anni: suonare, fuori dal paese in cui è perseguitato per il solo fatto di essere artista, far conoscere la sua arte, sensibilizzare il pubblico sull’attuale contesto sociale in Afghanistan e scambiare esperienze artistiche con altri musicisti”.</p>
<p><strong>Venerdì 6 giugno</strong> dalle ore 18.20, invece, si potrà ascoltare il racconto di <strong>Edson Moukoko</strong> (scrittore camerunese di nascita, con cittadinanza italiana, che vive in Italia) con <em>La danza degli infedeli. vite al limite tra speranza ed emarginazione </em>e di <strong>Paolo Pascolo</strong> con flauto e sax tenore.</p>
<p>“<em>NOTE DI CARTA | racconti e musiche dalla terrazza</em> – concludono gli organizzatori – va vissuto come un momento di crescita personale e culturale perché ogni racconto e ogni musica, anche i più semplici, portano con sé un mondo”.</p>
<p>Gli incontri sono a ingresso con offerta libera.</p>
<p>&nbsp;</p>
<p><strong>Venerdì 30 maggio ore 18.20</strong></p>
<p>I racconti di Emilio Rigatti</p>
<p>IL VIAGGIO COME TATUAGGIO DELL’ANIMA DAL SUDAMERICA ALL’ AFGHANISTAN SENZA SCENDERE</p>
<p>Le musiche di Nicole Coceancig (voce e chitarra) e Pietro Sponton (percussioni)</p>
<p><strong>Venerdì 6 giugno, ore 18.20</strong></p>
<p>I racconti di Edson Moukoko</p>
<p>LA DANZA DEGLI INFEDELI VITE AL LIMITE TRA SPERANZA ED EMARGINAZIONE</p>
<p>Le musiche di Paolo Pascolo (flauto e sax tenore)</p>
