{"id":65583,"date":"2025-05-28T13:02:19","date_gmt":"2025-05-28T11:02:19","guid":{"rendered":"https:\/\/imagazine.it\/home_desk\/?post_type=mec-events&#038;p=65583"},"modified":"2025-05-28T13:03:45","modified_gmt":"2025-05-28T11:03:45","slug":"spirituale-estremo","status":"publish","type":"mec-events","link":"https:\/\/imagazine.it\/home_desk\/events\/spirituale-estremo\/","title":{"rendered":"Spirituale estremo"},"content":{"rendered":"<p>La <strong>Polveriera<\/strong>\u00a0<strong>Napoleonica<\/strong> di <strong>Contrada\u00a0Garzon<\/strong>i ospita la mostra\u00a0<strong>\u201c<em>Spirituale Estremo<\/em>\u201d<\/strong>\u00a0di Lorenzo Viscidi, in arte\u00a0<strong>Bluer<\/strong>.<\/p>\n<p>La rassegna (inaugurazione venerd\u00ec 30 maggio ore 18.30) rimarr\u00e0\u00a0<strong>aperta fino al 22 giugno<\/strong>\u00a0e sar\u00e0 visitabile dal venerd\u00ec alla domenica e nei giorni festivi (10.30-12.30\/16.30-19.30).<\/p>\n<p>\u201cLa ricerca \u00e8 una costante sfida di avvicinamento alle porte del Mistero, a cui Bluer si accosta con una pittura fatta per connettere progettualit\u00e0 d\u2019avvio ed ebbrezza di approdi, conoscibili solo ad opera finita\u201d, commenta il professor\u00a0<strong>Enzo Santese<\/strong>. \u201cEntrare nell\u2018essenza della pittura \u00e8 in qualche modo accostarsi a quello stato di grazia, in virt\u00f9 del quale \u00e8 dato assaporare un preludio di Eternit\u00e0\u201d.<\/p>\n<h3>L&#8217;artista<\/h3>\n<p><strong>Lorenzo Viscidi<\/strong>\u00a0(Venezia, 19 giugno 1962) basa la sua ricerca artistica sul colore blu (da cui nasce anche il suo nome d\u2019arte), sulla luce e sulla sperimentazione con vari materiali, tra cui ceramica, plexiglas e vetro di Murano. Collabora stabilmente con Gallerie in Italia, USA, Francia, Romania e Libano e ha presenziato ad EXPO Milano 2015 e diverse volte alla Biennale di Venezia.<\/p>\n<p>Ha vinto la Biennale della Saccistica come pittore e quella di Asolo come scultore. Alle sue opere sono stati dedicati molti libri d\u2019arte, i principali editi da Mondadori.<\/p>\n<p><strong>Bluer<\/strong>\u00a0presenta cos\u00ec la sua rassegna: \u201cHo sempre tentato una pittura che fosse indagine e ricerca della non evidenza, che apra varchi oltre al consueto e immediato. Il nostro sguardo si ferma quasi sempre alla superficie delle cose e creature che vengono viste e interpretate con il limite dei nostri sensi. Amore e Bellezza possono ancora salvare il mondo. L\u2019arte non pu\u00f2 abdicare a questo tentativo, al quale cerco di dare il mio minimo contributo\u201d.<\/p>\n<p>\u201cFelicissimi di dedicare uno spazio a un artista di fama internazionale che ha esposto le proprie opere in pi\u00f9 di 200 mostre personali, fiere ed eventi artistici in oltre 20 nazioni di tutto il mondo. La citt\u00e0 stellata non pu\u00f2 che essere il palcoscenico ideale per esponenti del suo calibro\u201d, afferma il sindaco <strong>Giuseppe Tellini<\/strong>.<\/p>\n<p>\u201cPalmanova \u2013 aggiunge l\u2019assessore alla cultura,\u00a0<strong>Silvia Savi<\/strong> \u2013 rinnova costantemente le proposte dal punto di vista culturale. Dopo Candussio e Leonardis, Lepre e Paviotti, Bluer \u00e8 il prossimo grande artista pronto a presentare la sua arte in Polveriera Garzoni. \u00e8 il preludio artistico ad un&#8217;estate che si preannuncia culturalmente vivace\u201d.<\/p>\n<p>Per maggiori info sull\u2019artista:\u00a0<span style=\"text-decoration: underline;\"><a href=\"http:\/\/www.bluer.net\/\" target=\"_blank\" rel=\"noopener\">www.bluer.net<\/a><\/span><\/p>\n","protected":false},"excerpt":{"rendered":"<p>Pittura come azzardo nell\u2019assoluto: a Palmanova la mostra di Bluer: &#8220;La mia pittura indagine e ricerca del non immediato&#8221;<\/p>\n","protected":false},"author":28,"featured_media":65584,"comment_status":"closed","ping_status":"closed","template":"","tags":[165,261,826,60,154],"mec_category":[59],"class_list":["post-65583","mec-events","type-mec-events","status-publish","has-post-thumbnail","hentry","tag-arte","tag-eventi","tag-eventi-fvg","tag-mostre","tag-palmanova","mec_category-meeting"],"_links":{"self":[{"href":"https:\/\/imagazine.it\/home_desk\/wp-json\/wp\/v2\/mec-events\/65583","targetHints":{"allow":["GET"]}}],"collection":[{"href":"https:\/\/imagazine.it\/home_desk\/wp-json\/wp\/v2\/mec-events"}],"about":[{"href":"https:\/\/imagazine.it\/home_desk\/wp-json\/wp\/v2\/types\/mec-events"}],"author":[{"embeddable":true,"href":"https:\/\/imagazine.it\/home_desk\/wp-json\/wp\/v2\/users\/28"}],"replies":[{"embeddable":true,"href":"https:\/\/imagazine.it\/home_desk\/wp-json\/wp\/v2\/comments?post=65583"}],"wp:featuredmedia":[{"embeddable":true,"href":"https:\/\/imagazine.it\/home_desk\/wp-json\/wp\/v2\/media\/65584"}],"wp:attachment":[{"href":"https:\/\/imagazine.it\/home_desk\/wp-json\/wp\/v2\/media?parent=65583"}],"wp:term":[{"taxonomy":"post_tag","embeddable":true,"href":"https:\/\/imagazine.it\/home_desk\/wp-json\/wp\/v2\/tags?post=65583"},{"taxonomy":"mec_category","embeddable":true,"href":"https:\/\/imagazine.it\/home_desk\/wp-json\/wp\/v2\/mec_category?post=65583"}],"curies":[{"name":"wp","href":"https:\/\/api.w.org\/{rel}","templated":true}]}}

<p>La <strong>Polveriera</strong> <strong>Napoleonica</strong> di <strong>Contrada Garzon</strong>i ospita la mostra <strong>“<em>Spirituale Estremo</em>”</strong> di Lorenzo Viscidi, in arte <strong>Bluer</strong>.</p>
<p>La rassegna (inaugurazione venerdì 30 maggio ore 18.30) rimarrà <strong>aperta fino al 22 giugno</strong> e sarà visitabile dal venerdì alla domenica e nei giorni festivi (10.30-12.30/16.30-19.30).</p>
<p>“La ricerca è una costante sfida di avvicinamento alle porte del Mistero, a cui Bluer si accosta con una pittura fatta per connettere progettualità d’avvio ed ebbrezza di approdi, conoscibili solo ad opera finita”, commenta il professor <strong>Enzo Santese</strong>. “Entrare nell‘essenza della pittura è in qualche modo accostarsi a quello stato di grazia, in virtù del quale è dato assaporare un preludio di Eternità”.</p>
<h3>L&#8217;artista</h3>
<p><strong>Lorenzo Viscidi</strong> (Venezia, 19 giugno 1962) basa la sua ricerca artistica sul colore blu (da cui nasce anche il suo nome d’arte), sulla luce e sulla sperimentazione con vari materiali, tra cui ceramica, plexiglas e vetro di Murano. Collabora stabilmente con Gallerie in Italia, USA, Francia, Romania e Libano e ha presenziato ad EXPO Milano 2015 e diverse volte alla Biennale di Venezia.</p>
<p>Ha vinto la Biennale della Saccistica come pittore e quella di Asolo come scultore. Alle sue opere sono stati dedicati molti libri d’arte, i principali editi da Mondadori.</p>
<p><strong>Bluer</strong> presenta così la sua rassegna: “Ho sempre tentato una pittura che fosse indagine e ricerca della non evidenza, che apra varchi oltre al consueto e immediato. Il nostro sguardo si ferma quasi sempre alla superficie delle cose e creature che vengono viste e interpretate con il limite dei nostri sensi. Amore e Bellezza possono ancora salvare il mondo. L’arte non può abdicare a questo tentativo, al quale cerco di dare il mio minimo contributo”.</p>
<p>“Felicissimi di dedicare uno spazio a un artista di fama internazionale che ha esposto le proprie opere in più di 200 mostre personali, fiere ed eventi artistici in oltre 20 nazioni di tutto il mondo. La città stellata non può che essere il palcoscenico ideale per esponenti del suo calibro”, afferma il sindaco <strong>Giuseppe Tellini</strong>.</p>
<p>“Palmanova – aggiunge l’assessore alla cultura, <strong>Silvia Savi</strong> – rinnova costantemente le proposte dal punto di vista culturale. Dopo Candussio e Leonardis, Lepre e Paviotti, Bluer è il prossimo grande artista pronto a presentare la sua arte in Polveriera Garzoni. è il preludio artistico ad un&#8217;estate che si preannuncia culturalmente vivace”.</p>
<p>Per maggiori info sull’artista: <span style="text-decoration: underline;"><a href="http://www.bluer.net/" target="_blank" rel="noopener">www.bluer.net</a></span></p>
