{"id":65230,"date":"2025-05-14T16:38:05","date_gmt":"2025-05-14T14:38:05","guid":{"rendered":"https:\/\/imagazine.it\/home_desk\/?post_type=mec-events&#038;p=65230"},"modified":"2025-05-14T16:38:05","modified_gmt":"2025-05-14T14:38:05","slug":"quadri-di-unesposizione","status":"publish","type":"mec-events","link":"https:\/\/imagazine.it\/home_desk\/events\/quadri-di-unesposizione\/","title":{"rendered":"Quadri di un\u2019esposizione"},"content":{"rendered":"<p><em><span style=\"font-size: 10pt;\">Orchestra Giovanile Filarmonici Friulani<\/span><\/em><\/p>\n<p>Un nome assoluto del pianoforte classico come <strong>Michele Campanella<\/strong>, un sassofonista d\u2019eccezione come l\u2019italo-argentino <strong>Javier Girotto<\/strong> e, diretta dal Maestro Felix Hornbachner, l\u2019applaudita <strong>Orchestra Giovanile Filarmonici Friulani<\/strong>, unico esempio in regione di ensemble musicale gestito, coordinato e curato da under 35.<\/p>\n<p>Un trittico che, per la prima volta insieme, incanter\u00e0 il pubblico con la composizione per pianoforte pi\u00f9 famosa di Modest Petrovi\u010d Musorgskij, \u201c<strong><em>Quadri di un\u2019esposizione<\/em><\/strong>\u201d, nell\u2019orchestrazione pi\u00f9 conosciuta ed eseguita al mondo, ovvero quella di Maurice Ravel in occasione dei 150 anni dalla nascita.<\/p>\n<p>\u201c<strong><em>Pictures at an Exhibition<\/em><\/strong>\u201d \u00e8 l\u2019appuntamento in programma il <strong>30 luglio<\/strong> alle 21 sul colle del Castello di Udine come evento di punta di <strong>More Than Jazz<\/strong>, la rassegna organizzata da SimulArte giunta ormai alla sua settima edizione.<\/p>\n<h3><strong>Il concerto <\/strong><\/h3>\n<p>Michele Campanella e Javier Girotto nella loro originale interpretazione di \u201c<em>Quadri di un\u2019esposizione<\/em>\u201d di Musorgskij, si cimenteranno in questo lavoro con il loro impianto descrittivo e narrativo, che attraverso la musica condurr\u00e0 l\u2019ascoltatore a ripercorrere i quadri del pittore russo Viktor Aleksandrovi\u010d Hartmann e che culminano con l\u2019immagine della Grande Porta di Kiev.<\/p>\n<p>Un viaggio musicale in cui l\u2019aprirsi di questa grande porta conduce probabilmente e metaforicamente proprio al futuro.<\/p>\n<p>A seguire, sar\u00e0 in programma l\u2019interpretazione della partitura originale dei \u201c<em>Quadri di un\u2019esposizione<\/em>\u201d di Musorgskij orchestrata da Maurice Ravel a cura dell\u2019orchestra Giovani Filarmonici Friulani diretta da Felix Hornbachner.<\/p>\n<p>I vari brani assumono di volta in volta colori orchestrali diversi e innovativi, grazie alla maestria di Ravel, probabilmente il compositore pi\u00f9 abile di tutti i tempi nell\u2019accostare e combinare i timbri degli strumenti. Il percorso tra i quadri si arricchisce cos\u00ec di una veste nuova, in cui le caratteristiche individuali dei pezzi, gi\u00e0 di per s\u00e9 spiccate, vengono ulteriormente evidenziate, tanto da rendere i Quadri nell\u2019orchestrazione di Ravel uno dei classici intramontabili del repertorio di ogni orchestra.<\/p>\n","protected":false},"excerpt":{"rendered":"<p>La grande classica dipinge il cielo sopra Udine. Per la prima volta assieme il pianista Michele Campanella, il sassofonista Javier Girotto e l\u2019Orchestra Giovanile Filarmonici Friulani <\/p>\n","protected":false},"author":28,"featured_media":65231,"comment_status":"closed","ping_status":"closed","template":"","tags":[861,2955,826,55,101],"mec_category":[99],"class_list":["post-65230","mec-events","type-mec-events","status-publish","has-post-thumbnail","hentry","tag-concerti","tag-evemti","tag-eventi-fvg","tag-musica","tag-udine","mec_category-music"],"_links":{"self":[{"href":"https:\/\/imagazine.it\/home_desk\/wp-json\/wp\/v2\/mec-events\/65230","targetHints":{"allow":["GET"]}}],"collection":[{"href":"https:\/\/imagazine.it\/home_desk\/wp-json\/wp\/v2\/mec-events"}],"about":[{"href":"https:\/\/imagazine.it\/home_desk\/wp-json\/wp\/v2\/types\/mec-events"}],"author":[{"embeddable":true,"href":"https:\/\/imagazine.it\/home_desk\/wp-json\/wp\/v2\/users\/28"}],"replies":[{"embeddable":true,"href":"https:\/\/imagazine.it\/home_desk\/wp-json\/wp\/v2\/comments?post=65230"}],"wp:featuredmedia":[{"embeddable":true,"href":"https:\/\/imagazine.it\/home_desk\/wp-json\/wp\/v2\/media\/65231"}],"wp:attachment":[{"href":"https:\/\/imagazine.it\/home_desk\/wp-json\/wp\/v2\/media?parent=65230"}],"wp:term":[{"taxonomy":"post_tag","embeddable":true,"href":"https:\/\/imagazine.it\/home_desk\/wp-json\/wp\/v2\/tags?post=65230"},{"taxonomy":"mec_category","embeddable":true,"href":"https:\/\/imagazine.it\/home_desk\/wp-json\/wp\/v2\/mec_category?post=65230"}],"curies":[{"name":"wp","href":"https:\/\/api.w.org\/{rel}","templated":true}]}}

<p><em><span style="font-size: 10pt;">Orchestra Giovanile Filarmonici Friulani</span></em></p>
<p>Un nome assoluto del pianoforte classico come <strong>Michele Campanella</strong>, un sassofonista d’eccezione come l’italo-argentino <strong>Javier Girotto</strong> e, diretta dal Maestro Felix Hornbachner, l’applaudita <strong>Orchestra Giovanile Filarmonici Friulani</strong>, unico esempio in regione di ensemble musicale gestito, coordinato e curato da under 35.</p>
<p>Un trittico che, per la prima volta insieme, incanterà il pubblico con la composizione per pianoforte più famosa di Modest Petrovič Musorgskij, “<strong><em>Quadri di un’esposizione</em></strong>”, nell’orchestrazione più conosciuta ed eseguita al mondo, ovvero quella di Maurice Ravel in occasione dei 150 anni dalla nascita.</p>
<p>“<strong><em>Pictures at an Exhibition</em></strong>” è l’appuntamento in programma il <strong>30 luglio</strong> alle 21 sul colle del Castello di Udine come evento di punta di <strong>More Than Jazz</strong>, la rassegna organizzata da SimulArte giunta ormai alla sua settima edizione.</p>
<h3><strong>Il concerto </strong></h3>
<p>Michele Campanella e Javier Girotto nella loro originale interpretazione di “<em>Quadri di un’esposizione</em>” di Musorgskij, si cimenteranno in questo lavoro con il loro impianto descrittivo e narrativo, che attraverso la musica condurrà l’ascoltatore a ripercorrere i quadri del pittore russo Viktor Aleksandrovič Hartmann e che culminano con l’immagine della Grande Porta di Kiev.</p>
<p>Un viaggio musicale in cui l’aprirsi di questa grande porta conduce probabilmente e metaforicamente proprio al futuro.</p>
<p>A seguire, sarà in programma l’interpretazione della partitura originale dei “<em>Quadri di un’esposizione</em>” di Musorgskij orchestrata da Maurice Ravel a cura dell’orchestra Giovani Filarmonici Friulani diretta da Felix Hornbachner.</p>
<p>I vari brani assumono di volta in volta colori orchestrali diversi e innovativi, grazie alla maestria di Ravel, probabilmente il compositore più abile di tutti i tempi nell’accostare e combinare i timbri degli strumenti. Il percorso tra i quadri si arricchisce così di una veste nuova, in cui le caratteristiche individuali dei pezzi, già di per sé spiccate, vengono ulteriormente evidenziate, tanto da rendere i Quadri nell’orchestrazione di Ravel uno dei classici intramontabili del repertorio di ogni orchestra.</p>
