{"id":65205,"date":"2025-05-14T09:37:27","date_gmt":"2025-05-14T07:37:27","guid":{"rendered":"https:\/\/imagazine.it\/home_desk\/?post_type=mec-events&#038;p=65205"},"modified":"2025-05-14T09:37:27","modified_gmt":"2025-05-14T07:37:27","slug":"in-tre-mes","status":"publish","type":"mec-events","link":"https:\/\/imagazine.it\/home_desk\/events\/in-tre-mes\/","title":{"rendered":"In tr\u00ea m\u00eas"},"content":{"rendered":"<p>&nbsp;<\/p>\n<p>Mercoled\u00ec 14 maggio alle 18 si terr\u00e0 a Jalmicco la serata conclusiva del corso di friulano di Palmanova Jalmicco.<\/p>\n<p>Gli iscritti, una trentina, provenienti da Palmanova e dintorni, presenteranno alcuni lavori prodotti durante il corso.<\/p>\n<p>\u201c<em>In tr\u00ea m\u00eas<\/em>\u201d il titolo della serata, come tre mesi sono stati il periodo del corso per un totale di 26 ore di grafia, grammatica, cultura e tradizioni friulane.<\/p>\n<p>La serata \u00e8 inserita nella Settimana della Cultura Friulana.<\/p>\n<p>La settimana della cultura friulana \u00e8 una rassegna di concerti, visite, convegni e conferenze, mostre, attivit\u00e0 per i bambini e per le scuole; \u00e8 organizzata dalla Societ\u00e0 Filologica Friulana con la collaborazione di una fitta rete di comuni, associazioni del territorio, pro loco, pievi e istituti scolastici e gode del patrocino del Ministero della Cultura, della Regione autonoma e del Consiglio Regionale Friuli Venezia Giulia della Fondazione Friuli di Ente Friuli nel Mondo.<\/p>\n<p>Tutto il programma della settimana e consultabile dal sito internet della manifestazione www.setemane.it da cui \u00e8 possibile scaricarlo e vedere molti eventi on line.<\/p>\n<p>Tornando alla serata di Jalmicco gli allievi, dai 15 agli 80 anni, presenteranno storie, ricordi, traduzioni, poesie&#8230; tutto in <em>marilenghe<\/em>.<\/p>\n<p>Alla fine della serata verranno consegnati i diplomi agli allievi che hanno frequentato le ore previste.<\/p>\n<p><em>Livio Nonis<\/em><\/p>\n","protected":false},"excerpt":{"rendered":"<p>A Jalmicco serata conclusiva del corso di friulano con un evento speciale nella Settimana della cultura friulana<\/p>\n","protected":false},"author":22,"featured_media":65206,"comment_status":"closed","ping_status":"closed","template":"","tags":[2954,1274,1603,154],"mec_category":[59],"class_list":["post-65205","mec-events","type-mec-events","status-publish","has-post-thumbnail","hentry","tag-filologica","tag-friulano","tag-jalmicco","tag-palmanova","mec_category-meeting"],"_links":{"self":[{"href":"https:\/\/imagazine.it\/home_desk\/wp-json\/wp\/v2\/mec-events\/65205","targetHints":{"allow":["GET"]}}],"collection":[{"href":"https:\/\/imagazine.it\/home_desk\/wp-json\/wp\/v2\/mec-events"}],"about":[{"href":"https:\/\/imagazine.it\/home_desk\/wp-json\/wp\/v2\/types\/mec-events"}],"author":[{"embeddable":true,"href":"https:\/\/imagazine.it\/home_desk\/wp-json\/wp\/v2\/users\/22"}],"replies":[{"embeddable":true,"href":"https:\/\/imagazine.it\/home_desk\/wp-json\/wp\/v2\/comments?post=65205"}],"wp:featuredmedia":[{"embeddable":true,"href":"https:\/\/imagazine.it\/home_desk\/wp-json\/wp\/v2\/media\/65206"}],"wp:attachment":[{"href":"https:\/\/imagazine.it\/home_desk\/wp-json\/wp\/v2\/media?parent=65205"}],"wp:term":[{"taxonomy":"post_tag","embeddable":true,"href":"https:\/\/imagazine.it\/home_desk\/wp-json\/wp\/v2\/tags?post=65205"},{"taxonomy":"mec_category","embeddable":true,"href":"https:\/\/imagazine.it\/home_desk\/wp-json\/wp\/v2\/mec_category?post=65205"}],"curies":[{"name":"wp","href":"https:\/\/api.w.org\/{rel}","templated":true}]}}

In trê mês

<p>&nbsp;</p>
<p>Mercoledì 14 maggio alle 18 si terrà a Jalmicco la serata conclusiva del corso di friulano di Palmanova Jalmicco.</p>
<p>Gli iscritti, una trentina, provenienti da Palmanova e dintorni, presenteranno alcuni lavori prodotti durante il corso.</p>
<p>“<em>In trê mês</em>” il titolo della serata, come tre mesi sono stati il periodo del corso per un totale di 26 ore di grafia, grammatica, cultura e tradizioni friulane.</p>
<p>La serata è inserita nella Settimana della Cultura Friulana.</p>
<p>La settimana della cultura friulana è una rassegna di concerti, visite, convegni e conferenze, mostre, attività per i bambini e per le scuole; è organizzata dalla Società Filologica Friulana con la collaborazione di una fitta rete di comuni, associazioni del territorio, pro loco, pievi e istituti scolastici e gode del patrocino del Ministero della Cultura, della Regione autonoma e del Consiglio Regionale Friuli Venezia Giulia della Fondazione Friuli di Ente Friuli nel Mondo.</p>
<p>Tutto il programma della settimana e consultabile dal sito internet della manifestazione www.setemane.it da cui è possibile scaricarlo e vedere molti eventi on line.</p>
<p>Tornando alla serata di Jalmicco gli allievi, dai 15 agli 80 anni, presenteranno storie, ricordi, traduzioni, poesie&#8230; tutto in <em>marilenghe</em>.</p>
<p>Alla fine della serata verranno consegnati i diplomi agli allievi che hanno frequentato le ore previste.</p>
<p><em>Livio Nonis</em></p>
