{"id":65171,"date":"2025-05-13T11:48:03","date_gmt":"2025-05-13T09:48:03","guid":{"rendered":"https:\/\/imagazine.it\/home_desk\/?post_type=mec-events&#038;p=65171"},"modified":"2025-05-13T11:48:03","modified_gmt":"2025-05-13T09:48:03","slug":"la-reumatologia-incontra-la-comunita","status":"publish","type":"mec-events","link":"https:\/\/imagazine.it\/home_desk\/events\/la-reumatologia-incontra-la-comunita\/","title":{"rendered":"La reumatologia incontra la comunit\u00e0"},"content":{"rendered":"<p><span style=\"font-size: 10pt;\"><em>Marinella Monte<\/em><\/span><\/p>\n<p>Sensibilizzare e informare l\u2019opinione pubblica sulle malattie reumatologiche, avvicinare la reumatologia alla popolazione e presentare i nuovi modelli assistenziali da poco attivati in Friuli Venezia Giulia.<\/p>\n<p>Sono questi gli obiettivi dell\u2019incontro pubblico e a ingresso gratuito \u201c<strong><em>Insieme per la Salute: la Reumatologia incontra la comunit\u00e0<\/em><\/strong>\u201d che si terr\u00e0 a Udine <strong>sabato 17 maggio<\/strong> alle ore 10, presso il <strong>Centro Convegni Paolino d\u2019Aquileia<\/strong> in via Treppo.<\/p>\n<p>L\u2019evento \u00e8 organizzato dall\u2019<strong>Associazione<\/strong> <strong>Malati Reumatici FVG \u2013 APS<\/strong> (A.Ma.Re.) in occasione dell\u2019annuale assemblea dei soci, ha il patrocinio di Asufc, la partecipazione degli esperti della Clinica Reumatologica dell\u2019Azienda Sanitaria Universitaria Friuli Centrale.<\/p>\n<p>I relatori &#8211; moderati dal dottor Giorgio Siro Carniello &#8211; saranno il professor<strong> Luca Quartuccio<\/strong>, direttore della Clinica Reumatologica Universitaria Asufc, e i reumatologi formatisi presso la Scuola di specializzazione della Clinica Universitaria Reumatologica di Udine, che i pazienti potranno incontrare anche nei nuovi ambulatori territoriali di Gemona del Friuli, Tarcento e Codroipo.<\/p>\n<p>Il dottor<strong> Nicola Cabas<\/strong> parler\u00e0 delle artriti croniche infiammatorie, la dottoressa <strong>Maria Teresa Rizzo <\/strong>interverr\u00e0 su Lupus eritematoso sistemico e vasculiti mentre il dottor <strong>Simone Longhino<\/strong> relazioner\u00e0 sulla Sindrome di Sj\u00f6gren.<\/p>\n<p>Patrocinano inoltre il Comune di Udine &#8211; Assessorato alla Salute ed Equit\u00e0 Sociale (Progetto Oms &#8220;Citt\u00e0 Sane&#8221;), Federsanit\u00e0 Anci Fvg e Anmar Associazione Nazionale Malati Reumatici.<\/p>\n<p>\u201cQuesto incontro \u2013 commenta la presidente di A.Ma.Re. <strong>Marinella Monte<\/strong> \u2013 si propone come momento di ascolto, aggiornamento e dialogo tra cittadini e specialisti, in linea con gli obiettivi della nostra associazione. Sar\u00e0 un\u2019occasione di informazione e confronto sui temi della prevenzione, diagnosi precoce e gestione delle malattie reumatologiche che interessano una fascia sempre pi\u00f9 ampia della popolazione. Durante l\u2019incontro si parler\u00e0 delle nuove prospettive terapeutiche, con particolare attenzione alle cure gi\u00e0 disponibili e a quelle in fase di introduzione, sempre pi\u00f9 mirate e personalizzate. Ampio spazio sar\u00e0 dedicato alle domande del pubblico in sala\u201d.<\/p>\n<h3><strong>Le malattie reumatiche in FVG, un problema di salute pubblica<\/strong><\/h3>\n<p>Le malattie reumatiche si distinguono sostanzialmente in due grandi gruppi:<\/p>\n<p>1) le malattie meno frequenti ma ad alto impatto diagnostico ed elevata competenza specialistica, che necessitano di complessi livelli organizzativi o di alta tecnologia, per consentire la sopravvivenza e\/o la prevenzione di gravi invalidit\u00e0 se non curate adeguatamente e<\/p>\n<p>tempestivamente e per ridurre i costi socio-economici che ne derivano (reumatismi infiammatori cronici, connettiviti, vasculiti).<\/p>\n<p>2) le malattie molto frequenti, a minore impatto diagnostico ma estremamente diffuse, che necessitano di una corretta gestione per minimizzare il rischio di salute, ottimizzare la qualit\u00e0 di vita e le risorse disponibili, e che si avvantaggiano di interventi prevalentemente territoriali, possibilmente coordinati e capillarmente distribuiti (osteoartrosi, osteoporosi, reumatismi extra-articolari).<\/p>\n<p>Si stima che in Italia (e in Friuli Venezia Giulia) il 10% della popolazione conviva con una malattia reumatica cronica. L\u2019invecchiamento della popolazione e la crescente incidenza di patologie infiammatorie e autoimmuni rendono questo ambito clinico <strong>una priorit\u00e0 sanitaria<\/strong>. Oggetto del convegno saranno in particolare le artriti croniche infiammatorie, il lupus eritematoso sistemico, la sindrome di Sj\u00f6gren e le vasculiti sistemiche.<\/p>\n<h3><strong>Il reumatologo di comunit\u00e0: un modello innovativo<\/strong><\/h3>\n<p>Tema centrale dell\u2019incontro sar\u00e0 la presentazione del progetto del \u201creumatologo di comunit\u00e0\u201d, promosso dalla Clinica di Reumatologia dell\u2019ASUFC, diretta dal professor Luca Quartuccio.<\/p>\n<p>Il nuovo modello prevede l\u2019attivazione di ambulatori reumatologici nei distretti della provincia, a partire da Tarcento, Codroipo e Gemona, con l\u2019obiettivo di portare la cura direttamente sul territorio.<\/p>\n<p>A differenza del modello tradizionale, che vedeva il paziente spostarsi verso centri specialistici, il reumatologo di comunit\u00e0 opera a stretto contatto con i medici di base, le Rsa e i servizi domiciliari, garantendo continuit\u00e0 assistenziale e tempestivit\u00e0 nella diagnosi e nel trattamento, e riducendo le liste d\u2019attesa.<\/p>\n<p>\u201cInsieme per la Salute\u201d si inserisce in una visione pi\u00f9 ampia di sanit\u00e0 centrata sulla persona.<\/p>\n<p>Udine \u00e8 stata pioniera con la Carta per l\u2019Umanizzazione delle Cure che promuove percorsi terapeutici empatici, attenti e personalizzati.<\/p>\n<p>Il reumatologo di comunit\u00e0 incarna questa visione, prendendosi cura dei pazienti nei loro contesti di vita quotidiana.<\/p>\n","protected":false},"excerpt":{"rendered":"<p>A Udine evento informativo con la popolazione sul nuovo modello di assistenza reumatologica e sulle nuove prospettive terapeutiche<\/p>\n","protected":false},"author":3,"featured_media":65172,"comment_status":"closed","ping_status":"closed","template":"","tags":[2950,97,95,101],"mec_category":[59],"class_list":["post-65171","mec-events","type-mec-events","status-publish","has-post-thumbnail","hentry","tag-reumatologia","tag-salute","tag-sanita","tag-udine","mec_category-meeting"],"_links":{"self":[{"href":"https:\/\/imagazine.it\/home_desk\/wp-json\/wp\/v2\/mec-events\/65171","targetHints":{"allow":["GET"]}}],"collection":[{"href":"https:\/\/imagazine.it\/home_desk\/wp-json\/wp\/v2\/mec-events"}],"about":[{"href":"https:\/\/imagazine.it\/home_desk\/wp-json\/wp\/v2\/types\/mec-events"}],"author":[{"embeddable":true,"href":"https:\/\/imagazine.it\/home_desk\/wp-json\/wp\/v2\/users\/3"}],"replies":[{"embeddable":true,"href":"https:\/\/imagazine.it\/home_desk\/wp-json\/wp\/v2\/comments?post=65171"}],"wp:featuredmedia":[{"embeddable":true,"href":"https:\/\/imagazine.it\/home_desk\/wp-json\/wp\/v2\/media\/65172"}],"wp:attachment":[{"href":"https:\/\/imagazine.it\/home_desk\/wp-json\/wp\/v2\/media?parent=65171"}],"wp:term":[{"taxonomy":"post_tag","embeddable":true,"href":"https:\/\/imagazine.it\/home_desk\/wp-json\/wp\/v2\/tags?post=65171"},{"taxonomy":"mec_category","embeddable":true,"href":"https:\/\/imagazine.it\/home_desk\/wp-json\/wp\/v2\/mec_category?post=65171"}],"curies":[{"name":"wp","href":"https:\/\/api.w.org\/{rel}","templated":true}]}}

La reumatologia incontra la comunità

<p><span style="font-size: 10pt;"><em>Marinella Monte</em></span></p>
<p>Sensibilizzare e informare l’opinione pubblica sulle malattie reumatologiche, avvicinare la reumatologia alla popolazione e presentare i nuovi modelli assistenziali da poco attivati in Friuli Venezia Giulia.</p>
<p>Sono questi gli obiettivi dell’incontro pubblico e a ingresso gratuito “<strong><em>Insieme per la Salute: la Reumatologia incontra la comunità</em></strong>” che si terrà a Udine <strong>sabato 17 maggio</strong> alle ore 10, presso il <strong>Centro Convegni Paolino d’Aquileia</strong> in via Treppo.</p>
<p>L’evento è organizzato dall’<strong>Associazione</strong> <strong>Malati Reumatici FVG – APS</strong> (A.Ma.Re.) in occasione dell’annuale assemblea dei soci, ha il patrocinio di Asufc, la partecipazione degli esperti della Clinica Reumatologica dell’Azienda Sanitaria Universitaria Friuli Centrale.</p>
<p>I relatori &#8211; moderati dal dottor Giorgio Siro Carniello &#8211; saranno il professor<strong> Luca Quartuccio</strong>, direttore della Clinica Reumatologica Universitaria Asufc, e i reumatologi formatisi presso la Scuola di specializzazione della Clinica Universitaria Reumatologica di Udine, che i pazienti potranno incontrare anche nei nuovi ambulatori territoriali di Gemona del Friuli, Tarcento e Codroipo.</p>
<p>Il dottor<strong> Nicola Cabas</strong> parlerà delle artriti croniche infiammatorie, la dottoressa <strong>Maria Teresa Rizzo </strong>interverrà su Lupus eritematoso sistemico e vasculiti mentre il dottor <strong>Simone Longhino</strong> relazionerà sulla Sindrome di Sjögren.</p>
<p>Patrocinano inoltre il Comune di Udine &#8211; Assessorato alla Salute ed Equità Sociale (Progetto Oms &#8220;Città Sane&#8221;), Federsanità Anci Fvg e Anmar Associazione Nazionale Malati Reumatici.</p>
<p>“Questo incontro – commenta la presidente di A.Ma.Re. <strong>Marinella Monte</strong> – si propone come momento di ascolto, aggiornamento e dialogo tra cittadini e specialisti, in linea con gli obiettivi della nostra associazione. Sarà un’occasione di informazione e confronto sui temi della prevenzione, diagnosi precoce e gestione delle malattie reumatologiche che interessano una fascia sempre più ampia della popolazione. Durante l’incontro si parlerà delle nuove prospettive terapeutiche, con particolare attenzione alle cure già disponibili e a quelle in fase di introduzione, sempre più mirate e personalizzate. Ampio spazio sarà dedicato alle domande del pubblico in sala”.</p>
<h3><strong>Le malattie reumatiche in FVG, un problema di salute pubblica</strong></h3>
<p>Le malattie reumatiche si distinguono sostanzialmente in due grandi gruppi:</p>
<p>1) le malattie meno frequenti ma ad alto impatto diagnostico ed elevata competenza specialistica, che necessitano di complessi livelli organizzativi o di alta tecnologia, per consentire la sopravvivenza e/o la prevenzione di gravi invalidità se non curate adeguatamente e</p>
<p>tempestivamente e per ridurre i costi socio-economici che ne derivano (reumatismi infiammatori cronici, connettiviti, vasculiti).</p>
<p>2) le malattie molto frequenti, a minore impatto diagnostico ma estremamente diffuse, che necessitano di una corretta gestione per minimizzare il rischio di salute, ottimizzare la qualità di vita e le risorse disponibili, e che si avvantaggiano di interventi prevalentemente territoriali, possibilmente coordinati e capillarmente distribuiti (osteoartrosi, osteoporosi, reumatismi extra-articolari).</p>
<p>Si stima che in Italia (e in Friuli Venezia Giulia) il 10% della popolazione conviva con una malattia reumatica cronica. L’invecchiamento della popolazione e la crescente incidenza di patologie infiammatorie e autoimmuni rendono questo ambito clinico <strong>una priorità sanitaria</strong>. Oggetto del convegno saranno in particolare le artriti croniche infiammatorie, il lupus eritematoso sistemico, la sindrome di Sjögren e le vasculiti sistemiche.</p>
<h3><strong>Il reumatologo di comunità: un modello innovativo</strong></h3>
<p>Tema centrale dell’incontro sarà la presentazione del progetto del “reumatologo di comunità”, promosso dalla Clinica di Reumatologia dell’ASUFC, diretta dal professor Luca Quartuccio.</p>
<p>Il nuovo modello prevede l’attivazione di ambulatori reumatologici nei distretti della provincia, a partire da Tarcento, Codroipo e Gemona, con l’obiettivo di portare la cura direttamente sul territorio.</p>
<p>A differenza del modello tradizionale, che vedeva il paziente spostarsi verso centri specialistici, il reumatologo di comunità opera a stretto contatto con i medici di base, le Rsa e i servizi domiciliari, garantendo continuità assistenziale e tempestività nella diagnosi e nel trattamento, e riducendo le liste d’attesa.</p>
<p>“Insieme per la Salute” si inserisce in una visione più ampia di sanità centrata sulla persona.</p>
<p>Udine è stata pioniera con la Carta per l’Umanizzazione delle Cure che promuove percorsi terapeutici empatici, attenti e personalizzati.</p>
<p>Il reumatologo di comunità incarna questa visione, prendendosi cura dei pazienti nei loro contesti di vita quotidiana.</p>
