{"id":65167,"date":"2025-05-13T10:21:52","date_gmt":"2025-05-13T08:21:52","guid":{"rendered":"https:\/\/imagazine.it\/home_desk\/?post_type=mec-events&#038;p=65167"},"modified":"2025-05-13T10:21:52","modified_gmt":"2025-05-13T08:21:52","slug":"centanni-del-monumento-ai-caduti-di-aiello-del-friuli","status":"publish","type":"mec-events","link":"https:\/\/imagazine.it\/home_desk\/events\/centanni-del-monumento-ai-caduti-di-aiello-del-friuli\/","title":{"rendered":"Cent&#8217;anni del Monumento ai Caduti di Aiello del Friuli"},"content":{"rendered":"<p>&nbsp;<\/p>\n<p>\u201c<em>Cent&#8217;anni del Monumento ai Caduti di Aiello del Friuli<\/em>\u201d \u00e8 il tema della conferenza che si terr\u00e0 mercoled\u00ec 14 maggio nella Sala Civica alle ore 20.30, relatore sar\u00e0 il professor <strong>Stefano Perini<\/strong>, storico.<\/p>\n<p>La conferenza \u00e8 organizzata dalla amministrazione comunale con la collaborazione della Commissione Comunale di Storia di Aiello del Friuli, in occasione della \u201c<em>Setemane De Culture Furlane<\/em>\u201d.<\/p>\n<p>Il monumento fu inaugurato nel 1925 nel decennale del 24 maggio, ed era una piramide di pietre del Carso con i nomi di 5 caduti per l&#8217;Italia e di 30 caduti per l&#8217;Austria.<\/p>\n<p>Una cosa eccezionale perch\u00e9 allora, e neppure in seguito, dei caduti per l&#8217;Austria non si doveva parlare. Dovranno infatti passare almeno 70 anni prima che compaia nel Friuli orientale un&#8217;altra lapide con i nomi dei caduti per l&#8217;Austria.<\/p>\n<p>Il monumento fu demolito nel 1958 e le sue parti vennero poste nel nuovo Parco della Rimembranza di Aiello.<\/p>\n<p>Nel 1925 fu inaugurata pure una lapide sul municipio che riportava di nuovo i nomi dei 5 caduti aiellesi per l&#8217;Italia, di cui per\u00f2 2 erano cittadini italiani immigrati, 2 figli di aiellesi ma nati altrove e uno solo, Achille Venier, nato ad Aiello.<\/p>\n<p><em>Livio Nonis<\/em><\/p>\n","protected":false},"excerpt":{"rendered":"<p>Conferenza del professor Stefano Perini sulla piramide in pietre del Carso che ricordava i caduti nella Grande Guerra per l&#8217;Italia e per l&#8217;Austria<\/p>\n","protected":false},"author":22,"featured_media":65168,"comment_status":"closed","ping_status":"closed","template":"","tags":[126,138,2186,568],"mec_category":[99],"class_list":["post-65167","mec-events","type-mec-events","status-publish","has-post-thumbnail","hentry","tag-aiello","tag-guerra","tag-memoria","tag-storia","mec_category-music"],"_links":{"self":[{"href":"https:\/\/imagazine.it\/home_desk\/wp-json\/wp\/v2\/mec-events\/65167","targetHints":{"allow":["GET"]}}],"collection":[{"href":"https:\/\/imagazine.it\/home_desk\/wp-json\/wp\/v2\/mec-events"}],"about":[{"href":"https:\/\/imagazine.it\/home_desk\/wp-json\/wp\/v2\/types\/mec-events"}],"author":[{"embeddable":true,"href":"https:\/\/imagazine.it\/home_desk\/wp-json\/wp\/v2\/users\/22"}],"replies":[{"embeddable":true,"href":"https:\/\/imagazine.it\/home_desk\/wp-json\/wp\/v2\/comments?post=65167"}],"wp:featuredmedia":[{"embeddable":true,"href":"https:\/\/imagazine.it\/home_desk\/wp-json\/wp\/v2\/media\/65168"}],"wp:attachment":[{"href":"https:\/\/imagazine.it\/home_desk\/wp-json\/wp\/v2\/media?parent=65167"}],"wp:term":[{"taxonomy":"post_tag","embeddable":true,"href":"https:\/\/imagazine.it\/home_desk\/wp-json\/wp\/v2\/tags?post=65167"},{"taxonomy":"mec_category","embeddable":true,"href":"https:\/\/imagazine.it\/home_desk\/wp-json\/wp\/v2\/mec_category?post=65167"}],"curies":[{"name":"wp","href":"https:\/\/api.w.org\/{rel}","templated":true}]}}

<p>&nbsp;</p>
<p>“<em>Cent&#8217;anni del Monumento ai Caduti di Aiello del Friuli</em>” è il tema della conferenza che si terrà mercoledì 14 maggio nella Sala Civica alle ore 20.30, relatore sarà il professor <strong>Stefano Perini</strong>, storico.</p>
<p>La conferenza è organizzata dalla amministrazione comunale con la collaborazione della Commissione Comunale di Storia di Aiello del Friuli, in occasione della “<em>Setemane De Culture Furlane</em>”.</p>
<p>Il monumento fu inaugurato nel 1925 nel decennale del 24 maggio, ed era una piramide di pietre del Carso con i nomi di 5 caduti per l&#8217;Italia e di 30 caduti per l&#8217;Austria.</p>
<p>Una cosa eccezionale perché allora, e neppure in seguito, dei caduti per l&#8217;Austria non si doveva parlare. Dovranno infatti passare almeno 70 anni prima che compaia nel Friuli orientale un&#8217;altra lapide con i nomi dei caduti per l&#8217;Austria.</p>
<p>Il monumento fu demolito nel 1958 e le sue parti vennero poste nel nuovo Parco della Rimembranza di Aiello.</p>
<p>Nel 1925 fu inaugurata pure una lapide sul municipio che riportava di nuovo i nomi dei 5 caduti aiellesi per l&#8217;Italia, di cui però 2 erano cittadini italiani immigrati, 2 figli di aiellesi ma nati altrove e uno solo, Achille Venier, nato ad Aiello.</p>
<p><em>Livio Nonis</em></p>
