{"id":65122,"date":"2025-05-09T17:51:56","date_gmt":"2025-05-09T15:51:56","guid":{"rendered":"https:\/\/imagazine.it\/home_desk\/?post_type=mec-events&#038;p=65122"},"modified":"2025-05-09T17:57:05","modified_gmt":"2025-05-09T15:57:05","slug":"ute-lemper-sbarca-in-fvg","status":"publish","type":"mec-events","link":"https:\/\/imagazine.it\/home_desk\/events\/ute-lemper-sbarca-in-fvg\/","title":{"rendered":"Ute Lemper sbarca in FVG"},"content":{"rendered":"<p><span style=\"font-size: 10pt;\"><em>Ute Lemper (ph. Lucas Allen)<\/em><\/span><\/p>\n<p style=\"font-weight: 400;\"><strong>Ute Lemper <\/strong>\u00e8 una delle personalit\u00e0 pi\u00f9 affascinanti e significative nel panorama musicale \u2013 e in generale della cultura \u2013 internazionale ed \u00e8 ospite di uno dei pi\u00f9 attesi appuntamenti dell\u2019estate di\u00a0<strong>San Vito al Tagliamento<\/strong>.<\/p>\n<p style=\"font-weight: 400;\"><strong>Luned\u00ec 4 agosto<\/strong>, <strong>alle 21<\/strong>,\u00a0si esibir\u00e0 in\u00a0<strong>Piazza del Popolo<\/strong>\u00a0per un concerto che si prospetta indimenticabile.<\/p>\n<p style=\"font-weight: 400;\">Affiancata <strong>dall\u2019Accademia d\u2019archi Arrigoni, dall\u2019Accademia Musicale Naonis e dall\u2019Orchestra da Camera di Pordenone\u00a0<\/strong>per la direzione di<strong>\u00a0Valter Sivilotti<\/strong>\u00a0\u2013 con il supporto\u00a0<strong>del pianista Vana Gierig<\/strong>, nota firma del jazz europeo \u2013 l\u2019artista compir\u00e0 un viaggio nella storia della musica <strong>\u201c<em>Da Berlino a Broadway<\/em>\u201d<\/strong>, regalando alcuni tra i pi\u00f9 grandi classici da Weill a Brecht, da Marlene Dietrich a Gershwin, da Edit Piaf ai pi\u00f9 grandi musical americani. L\u2019organizzazione del concerto \u00e8\u00a0<strong>a cura dell\u2019Accademia d\u2019archi Arrigoni<\/strong>, per la produzione di Kino Music.<\/p>\n<p style=\"font-weight: 400;\"><em>\u201cCon grande orgoglio siamo felici di proseguire un percorso iniziato gi\u00e0 la scorsa estate: portare in Piazza del Popolo concerti all\u2019aperto che uniscono grandi protagonisti della scena musicale internazionale alla nostra straordinaria Accademia d\u2019archi Arrigoni, in questa occasione affiancata da altre due eccellenze del territorio: l\u2019Accademia Naonis e l\u2019Orchestra da Camera di Pordenone&#8221;,<\/em> spiega l\u2019assessore alla Vitalit\u00e0 del Comune di San Vito al Tagliamento, <strong>Andrea Bruscia<\/strong>.<\/p>\n<p style=\"font-weight: 400;\">\u201c<em>Siamo entusiasti<\/em> \u2013 aggiunge il direttore artistico dell\u2019Arrigoni, <strong>Domenico Mason<\/strong>\u00a0\u2013\u00a0<em>di rinnovare una sfida che lo scorso anno, con Vinicio Capossela, ci ha portato soddisfazione e ha guadagnato grande favore tra il pubblico. Avere l\u2019occasione di affiancare artisti di calibro internazionale che non appartengono all\u2019ambiente della musica cosiddetta classica \u00e8 per l\u2019Accademia una grande opportunit\u00e0, nonch\u00e9 un motivo di crescita e di orgoglio\u201d.<\/em><\/p>\n","protected":false},"excerpt":{"rendered":"<p>La grande artista assieme a tre orchestre del pordenonese sar\u00e0 protagonista del concerto &#8220;Da Berlino a Broadway&#8221;<\/p>\n","protected":false},"author":28,"featured_media":65124,"comment_status":"closed","ping_status":"closed","template":"","tags":[861,261,826,55,282],"mec_category":[99],"class_list":["post-65122","mec-events","type-mec-events","status-publish","has-post-thumbnail","hentry","tag-concerti","tag-eventi","tag-eventi-fvg","tag-musica","tag-san-vito","mec_category-music"],"_links":{"self":[{"href":"https:\/\/imagazine.it\/home_desk\/wp-json\/wp\/v2\/mec-events\/65122","targetHints":{"allow":["GET"]}}],"collection":[{"href":"https:\/\/imagazine.it\/home_desk\/wp-json\/wp\/v2\/mec-events"}],"about":[{"href":"https:\/\/imagazine.it\/home_desk\/wp-json\/wp\/v2\/types\/mec-events"}],"author":[{"embeddable":true,"href":"https:\/\/imagazine.it\/home_desk\/wp-json\/wp\/v2\/users\/28"}],"replies":[{"embeddable":true,"href":"https:\/\/imagazine.it\/home_desk\/wp-json\/wp\/v2\/comments?post=65122"}],"wp:featuredmedia":[{"embeddable":true,"href":"https:\/\/imagazine.it\/home_desk\/wp-json\/wp\/v2\/media\/65124"}],"wp:attachment":[{"href":"https:\/\/imagazine.it\/home_desk\/wp-json\/wp\/v2\/media?parent=65122"}],"wp:term":[{"taxonomy":"post_tag","embeddable":true,"href":"https:\/\/imagazine.it\/home_desk\/wp-json\/wp\/v2\/tags?post=65122"},{"taxonomy":"mec_category","embeddable":true,"href":"https:\/\/imagazine.it\/home_desk\/wp-json\/wp\/v2\/mec_category?post=65122"}],"curies":[{"name":"wp","href":"https:\/\/api.w.org\/{rel}","templated":true}]}}

<p><span style="font-size: 10pt;"><em>Ute Lemper (ph. Lucas Allen)</em></span></p>
<p style="font-weight: 400;"><strong>Ute Lemper </strong>è una delle personalità più affascinanti e significative nel panorama musicale – e in generale della cultura – internazionale ed è ospite di uno dei più attesi appuntamenti dell’estate di <strong>San Vito al Tagliamento</strong>.</p>
<p style="font-weight: 400;"><strong>Lunedì 4 agosto</strong>, <strong>alle 21</strong>, si esibirà in <strong>Piazza del Popolo</strong> per un concerto che si prospetta indimenticabile.</p>
<p style="font-weight: 400;">Affiancata <strong>dall’Accademia d’archi Arrigoni, dall’Accademia Musicale Naonis e dall’Orchestra da Camera di Pordenone </strong>per la direzione di<strong> Valter Sivilotti</strong> – con il supporto <strong>del pianista Vana Gierig</strong>, nota firma del jazz europeo – l’artista compirà un viaggio nella storia della musica <strong>“<em>Da Berlino a Broadway</em>”</strong>, regalando alcuni tra i più grandi classici da Weill a Brecht, da Marlene Dietrich a Gershwin, da Edit Piaf ai più grandi musical americani. L’organizzazione del concerto è <strong>a cura dell’Accademia d’archi Arrigoni</strong>, per la produzione di Kino Music.</p>
<p style="font-weight: 400;"><em>“Con grande orgoglio siamo felici di proseguire un percorso iniziato già la scorsa estate: portare in Piazza del Popolo concerti all’aperto che uniscono grandi protagonisti della scena musicale internazionale alla nostra straordinaria Accademia d’archi Arrigoni, in questa occasione affiancata da altre due eccellenze del territorio: l’Accademia Naonis e l’Orchestra da Camera di Pordenone&#8221;,</em> spiega l’assessore alla Vitalità del Comune di San Vito al Tagliamento, <strong>Andrea Bruscia</strong>.</p>
<p style="font-weight: 400;">“<em>Siamo entusiasti</em> – aggiunge il direttore artistico dell’Arrigoni, <strong>Domenico Mason</strong> – <em>di rinnovare una sfida che lo scorso anno, con Vinicio Capossela, ci ha portato soddisfazione e ha guadagnato grande favore tra il pubblico. Avere l’occasione di affiancare artisti di calibro internazionale che non appartengono all’ambiente della musica cosiddetta classica è per l’Accademia una grande opportunità, nonché un motivo di crescita e di orgoglio”.</em></p>

<p>La grande artista assieme a tre orchestre del pordenonese sarà protagonista del concerto &#8220;Da Berlino a Broadway&#8221;</p>
