{"id":65054,"date":"2025-05-07T18:41:10","date_gmt":"2025-05-07T16:41:10","guid":{"rendered":"https:\/\/imagazine.it\/home_desk\/?post_type=mec-events&#038;p=65054"},"modified":"2025-05-07T18:41:10","modified_gmt":"2025-05-07T16:41:10","slug":"i-campp-del-fvg-uniti-nella-pallacanestro","status":"publish","type":"mec-events","link":"https:\/\/imagazine.it\/home_desk\/events\/i-campp-del-fvg-uniti-nella-pallacanestro\/","title":{"rendered":"I CAMPP del FVG uniti nella pallacanestro"},"content":{"rendered":"<p><span style=\"font-size: 10pt;\"><em>Il veterano Sandro Cengherle dirige un allenamento<\/em><\/span><\/p>\n<p>Nella palestra di <strong>Bagnaria Arsa<\/strong> continua il lavoro settimanale dei tecnici volontari della <strong>sezione cervignanese dell&#8217;Unione Nazionale Veterani dello Sport<\/strong> che, insieme agli educatori dei centri di assistenza medica e psicopedagogica, stanno promuovendo dal mese di novembre scorso il gioco della pallacanestro.<\/p>\n<p>Un impegno che vede come protagonisti numerosi ospiti di questi centri dislocati nella bassa friulana.<\/p>\n<p><strong>Marted\u00ec 20 maggio<\/strong>, a partire dalle ore 10.30, la stessa palestra ospiter\u00e0 il torneo con altre realt\u00e0 del Friuli Venezia Giulia.<\/p>\n<p>Parteciperanno i centri di Trieste e di Codroipo.<\/p>\n<p>Sar\u00e0 un&#8217;occasione per toccare con mano come il prendersi cura di queste realt\u00e0 sia appagante. &#8220;Condividere con i protagonisti il calore umano che trasmettono con naturalezza, la loro riconoscenza fatta da piccoli ma significativi gesti &#8211; spiegano i veterani sportivi &#8211; d\u00e0 la sensazione che accogliere le diversit\u00e0 ci arricchisce ogni giorno di pi\u00f9&#8221;.<\/p>\n<p>&#8220;Ringraziamo &#8211; concludono &#8211; gli educatori di questi centri per la loro competenza, passione e disponibilit\u00e0, cos\u00ec come l&#8217;amministrazione comunale di Bagnaria Arsa che consente, ormai da qualche anno, di utilizzare gratuitamente la struttura per svolgere le nostre attivit\u00e0&#8221;.<\/p>\n<p><em>Claudio Pizzin<\/em><\/p>\n","protected":false},"excerpt":{"rendered":"<p>Grazie ai Veterani dello Sport di Cervignano, compagini regionali si confronteranno in una giornata di sport e amicizia<\/p>\n","protected":false},"author":12,"featured_media":65055,"comment_status":"closed","ping_status":"closed","template":"","tags":[1479,255,119,256,885],"mec_category":[91],"class_list":["post-65054","mec-events","type-mec-events","status-publish","has-post-thumbnail","hentry","tag-bagnaria-arsa","tag-basket","tag-cervignano","tag-disabilita","tag-inclusione","mec_category-sport"],"_links":{"self":[{"href":"https:\/\/imagazine.it\/home_desk\/wp-json\/wp\/v2\/mec-events\/65054","targetHints":{"allow":["GET"]}}],"collection":[{"href":"https:\/\/imagazine.it\/home_desk\/wp-json\/wp\/v2\/mec-events"}],"about":[{"href":"https:\/\/imagazine.it\/home_desk\/wp-json\/wp\/v2\/types\/mec-events"}],"author":[{"embeddable":true,"href":"https:\/\/imagazine.it\/home_desk\/wp-json\/wp\/v2\/users\/12"}],"replies":[{"embeddable":true,"href":"https:\/\/imagazine.it\/home_desk\/wp-json\/wp\/v2\/comments?post=65054"}],"wp:featuredmedia":[{"embeddable":true,"href":"https:\/\/imagazine.it\/home_desk\/wp-json\/wp\/v2\/media\/65055"}],"wp:attachment":[{"href":"https:\/\/imagazine.it\/home_desk\/wp-json\/wp\/v2\/media?parent=65054"}],"wp:term":[{"taxonomy":"post_tag","embeddable":true,"href":"https:\/\/imagazine.it\/home_desk\/wp-json\/wp\/v2\/tags?post=65054"},{"taxonomy":"mec_category","embeddable":true,"href":"https:\/\/imagazine.it\/home_desk\/wp-json\/wp\/v2\/mec_category?post=65054"}],"curies":[{"name":"wp","href":"https:\/\/api.w.org\/{rel}","templated":true}]}}

<p><span style="font-size: 10pt;"><em>Il veterano Sandro Cengherle dirige un allenamento</em></span></p>
<p>Nella palestra di <strong>Bagnaria Arsa</strong> continua il lavoro settimanale dei tecnici volontari della <strong>sezione cervignanese dell&#8217;Unione Nazionale Veterani dello Sport</strong> che, insieme agli educatori dei centri di assistenza medica e psicopedagogica, stanno promuovendo dal mese di novembre scorso il gioco della pallacanestro.</p>
<p>Un impegno che vede come protagonisti numerosi ospiti di questi centri dislocati nella bassa friulana.</p>
<p><strong>Martedì 20 maggio</strong>, a partire dalle ore 10.30, la stessa palestra ospiterà il torneo con altre realtà del Friuli Venezia Giulia.</p>
<p>Parteciperanno i centri di Trieste e di Codroipo.</p>
<p>Sarà un&#8217;occasione per toccare con mano come il prendersi cura di queste realtà sia appagante. &#8220;Condividere con i protagonisti il calore umano che trasmettono con naturalezza, la loro riconoscenza fatta da piccoli ma significativi gesti &#8211; spiegano i veterani sportivi &#8211; dà la sensazione che accogliere le diversità ci arricchisce ogni giorno di più&#8221;.</p>
<p>&#8220;Ringraziamo &#8211; concludono &#8211; gli educatori di questi centri per la loro competenza, passione e disponibilità, così come l&#8217;amministrazione comunale di Bagnaria Arsa che consente, ormai da qualche anno, di utilizzare gratuitamente la struttura per svolgere le nostre attività&#8221;.</p>
<p><em>Claudio Pizzin</em></p>
