{"id":65046,"date":"2025-05-07T17:09:58","date_gmt":"2025-05-07T15:09:58","guid":{"rendered":"https:\/\/imagazine.it\/home_desk\/?post_type=mec-events&#038;p=65046"},"modified":"2025-05-07T17:09:58","modified_gmt":"2025-05-07T15:09:58","slug":"comunicare-con-gli-adolescenti-oggi","status":"publish","type":"mec-events","link":"https:\/\/imagazine.it\/home_desk\/events\/comunicare-con-gli-adolescenti-oggi\/","title":{"rendered":"Comunicare con gli adolescenti oggi"},"content":{"rendered":"<p><strong>\u201c<em>Sono qui, ti Ascolto &#8211;<\/em><\/strong><em> <strong>Comunicare con gli adolescenti oggi<\/strong><\/em><strong>\u201d \u00e8 u<\/strong>n ciclo di incontri pensato per offrire supporto e strumenti a genitori, familiari e a tutti gli adulti interessati a migliorare la comunicazione e la relazione con gli adolescenti. L&#8217;obiettivo \u00e8 apprendere strategie efficaci, favorire un dialogo aperto e costruttivo, e riflettere sui bisogni e le esigenze specifiche dei giovani nella fase adolescenziale. Facendo seguito alle attivit\u00e0 di educazione affettivo-relazionale e sessuale che si sono svolte lo scorso autunno presso la <strong>scuola secondaria di primo grado di Fiumicello<\/strong>, l\u2019Amministrazione Comunale, in collaborazione con l\u2019Istituto Comprensivo \u201cDon Milani\u201d, ha deciso di organizzare un ciclo di incontri dedicato a genitori, famiglie e adulti interessati all\u2019educazione dei giovani, per apprendere strategie di comunicazione con i propri figli, migliorare il dialogo, riflettere sui loro<br \/>\nbisogni ed esigenze.<br \/>\nGli incontri si terranno presso la <strong>sala consigliare in via Gramsci 8 a Fiumicello<\/strong>.<\/p>\n<p>Ecco il programma dettagliato degli appuntamenti:<\/p>\n<p><strong>Luned\u00ec 12 Maggio &#8211; ore 18.00<\/strong><\/p>\n<p><strong>Tema:<\/strong> <strong>GENITORI IN ASCOLTO: STRATEGIE PER UNA COMUNICAZIONE EFFICACE CON I PROPRI FIGLI<\/strong><\/p>\n<p>Questo incontro fornir\u00e0 strumenti pratici e teorici per migliorare l&#8217;ascolto attivo e sviluppare strategie di comunicazione che facilitino il dialogo e la comprensione reciproca tra genitori e figli adolescenti.<\/p>\n<p><strong>Relatrici:<\/strong> dott.ssa <strong>Marina Celeste Mariuzza<\/strong> e dott.ssa <strong>Dana Pastoricchio<\/strong>.<\/p>\n<p><strong>\u00a0<\/strong><\/p>\n<p><strong>Luned\u00ec 19 Maggio &#8211; ore 18.00<\/strong><\/p>\n<p><strong>Tema:<\/strong> <strong>SESSUALIT\u00c0 ED AFFETTIVIT\u00c0: ISTRUZIONI PER UN CONFRONTO COSTRUTTIVO<\/strong><\/p>\n<p>Un&#8217;opportunit\u00e0 per affrontare temi importanti e delicati come la sessualit\u00e0 e l&#8217;affettivit\u00e0, offrendo spunti e indicazioni per avviare e gestire un confronto aperto, sereno e costruttivo con gli adolescenti su questi argomenti cruciali per la loro crescita.<\/p>\n<p><strong>Relatrici:<\/strong> dott.ssa <strong>Anthea Rigonat<\/strong> e dott.ssa <strong>Beatrice Krpan<\/strong>.<\/p>\n<p><strong>\u00a0<\/strong><\/p>\n<p><strong>Venerd\u00ec 23 Maggio &#8211; ore 18.00<\/strong><\/p>\n<p><strong>Tema:<\/strong> <strong>PERCH\u00c9 NON MANGI? INCONTRO INFORMATIVO SUI DISTURBI DEL COMPORTAMENTO ALIMENTARE<\/strong><\/p>\n<p>Incontro dedicato alla comprensione e al riconoscimento dei Disturbi del Comportamento Alimentare (DCA) negli adolescenti. Verranno fornite informazioni utili per identificare i segnali, comprendere le dinamiche e sapere come affrontare questo tipo di problematiche.<\/p>\n<p>A cura dell&#8217;<strong>Associazione Fenice Fvg odv<\/strong>.<\/p>\n<p>Questo ciclo di incontri rappresenta un&#8217;importante risorsa per tutti coloro che desiderano approfondire la conoscenza del mondo adolescenziale e rafforzare il legame con i giovani attraverso una comunicazione pi\u00f9 consapevole ed efficace.<\/p>\n<p>L\u2019ingresso \u00e8 libero e aperto a tutti.<br \/>\nAl termine di ogni incontro seguir\u00e0 un aperitivo di <em>networking<\/em> per favorire il dialogo e il confronto tra i partecipanti.<br \/>\n<em>Livio Nonis<\/em><\/p>\n","protected":false},"excerpt":{"rendered":"<p>A Fiumicello un ciclo di incontri per genitori, famiglie e adulti interessati all\u2019educazione dei giovani, per apprendere strategie di comunicazione con i propri figli<\/p>\n","protected":false},"author":22,"featured_media":65047,"comment_status":"closed","ping_status":"closed","template":"","tags":[198,330,393,83],"mec_category":[59],"class_list":["post-65046","mec-events","type-mec-events","status-publish","has-post-thumbnail","hentry","tag-educazione","tag-famiglie","tag-fiumicello","tag-giovani","mec_category-meeting"],"_links":{"self":[{"href":"https:\/\/imagazine.it\/home_desk\/wp-json\/wp\/v2\/mec-events\/65046","targetHints":{"allow":["GET"]}}],"collection":[{"href":"https:\/\/imagazine.it\/home_desk\/wp-json\/wp\/v2\/mec-events"}],"about":[{"href":"https:\/\/imagazine.it\/home_desk\/wp-json\/wp\/v2\/types\/mec-events"}],"author":[{"embeddable":true,"href":"https:\/\/imagazine.it\/home_desk\/wp-json\/wp\/v2\/users\/22"}],"replies":[{"embeddable":true,"href":"https:\/\/imagazine.it\/home_desk\/wp-json\/wp\/v2\/comments?post=65046"}],"wp:featuredmedia":[{"embeddable":true,"href":"https:\/\/imagazine.it\/home_desk\/wp-json\/wp\/v2\/media\/65047"}],"wp:attachment":[{"href":"https:\/\/imagazine.it\/home_desk\/wp-json\/wp\/v2\/media?parent=65046"}],"wp:term":[{"taxonomy":"post_tag","embeddable":true,"href":"https:\/\/imagazine.it\/home_desk\/wp-json\/wp\/v2\/tags?post=65046"},{"taxonomy":"mec_category","embeddable":true,"href":"https:\/\/imagazine.it\/home_desk\/wp-json\/wp\/v2\/mec_category?post=65046"}],"curies":[{"name":"wp","href":"https:\/\/api.w.org\/{rel}","templated":true}]}}

<p><strong>“<em>Sono qui, ti Ascolto &#8211;</em></strong><em> <strong>Comunicare con gli adolescenti oggi</strong></em><strong>” è u</strong>n ciclo di incontri pensato per offrire supporto e strumenti a genitori, familiari e a tutti gli adulti interessati a migliorare la comunicazione e la relazione con gli adolescenti. L&#8217;obiettivo è apprendere strategie efficaci, favorire un dialogo aperto e costruttivo, e riflettere sui bisogni e le esigenze specifiche dei giovani nella fase adolescenziale. Facendo seguito alle attività di educazione affettivo-relazionale e sessuale che si sono svolte lo scorso autunno presso la <strong>scuola secondaria di primo grado di Fiumicello</strong>, l’Amministrazione Comunale, in collaborazione con l’Istituto Comprensivo “Don Milani”, ha deciso di organizzare un ciclo di incontri dedicato a genitori, famiglie e adulti interessati all’educazione dei giovani, per apprendere strategie di comunicazione con i propri figli, migliorare il dialogo, riflettere sui loro<br />
bisogni ed esigenze.<br />
Gli incontri si terranno presso la <strong>sala consigliare in via Gramsci 8 a Fiumicello</strong>.</p>
<p>Ecco il programma dettagliato degli appuntamenti:</p>
<p><strong>Lunedì 12 Maggio &#8211; ore 18.00</strong></p>
<p><strong>Tema:</strong> <strong>GENITORI IN ASCOLTO: STRATEGIE PER UNA COMUNICAZIONE EFFICACE CON I PROPRI FIGLI</strong></p>
<p>Questo incontro fornirà strumenti pratici e teorici per migliorare l&#8217;ascolto attivo e sviluppare strategie di comunicazione che facilitino il dialogo e la comprensione reciproca tra genitori e figli adolescenti.</p>
<p><strong>Relatrici:</strong> dott.ssa <strong>Marina Celeste Mariuzza</strong> e dott.ssa <strong>Dana Pastoricchio</strong>.</p>
<p><strong> </strong></p>
<p><strong>Lunedì 19 Maggio &#8211; ore 18.00</strong></p>
<p><strong>Tema:</strong> <strong>SESSUALITÀ ED AFFETTIVITÀ: ISTRUZIONI PER UN CONFRONTO COSTRUTTIVO</strong></p>
<p>Un&#8217;opportunità per affrontare temi importanti e delicati come la sessualità e l&#8217;affettività, offrendo spunti e indicazioni per avviare e gestire un confronto aperto, sereno e costruttivo con gli adolescenti su questi argomenti cruciali per la loro crescita.</p>
<p><strong>Relatrici:</strong> dott.ssa <strong>Anthea Rigonat</strong> e dott.ssa <strong>Beatrice Krpan</strong>.</p>
<p><strong> </strong></p>
<p><strong>Venerdì 23 Maggio &#8211; ore 18.00</strong></p>
<p><strong>Tema:</strong> <strong>PERCHÉ NON MANGI? INCONTRO INFORMATIVO SUI DISTURBI DEL COMPORTAMENTO ALIMENTARE</strong></p>
<p>Incontro dedicato alla comprensione e al riconoscimento dei Disturbi del Comportamento Alimentare (DCA) negli adolescenti. Verranno fornite informazioni utili per identificare i segnali, comprendere le dinamiche e sapere come affrontare questo tipo di problematiche.</p>
<p>A cura dell&#8217;<strong>Associazione Fenice Fvg odv</strong>.</p>
<p>Questo ciclo di incontri rappresenta un&#8217;importante risorsa per tutti coloro che desiderano approfondire la conoscenza del mondo adolescenziale e rafforzare il legame con i giovani attraverso una comunicazione più consapevole ed efficace.</p>
<p>L’ingresso è libero e aperto a tutti.<br />
Al termine di ogni incontro seguirà un aperitivo di <em>networking</em> per favorire il dialogo e il confronto tra i partecipanti.<br />
<em>Livio Nonis</em></p>
