{"id":65028,"date":"2025-05-07T12:11:11","date_gmt":"2025-05-07T10:11:11","guid":{"rendered":"https:\/\/imagazine.it\/home_desk\/?post_type=mec-events&#038;p=65028"},"modified":"2025-05-07T12:11:11","modified_gmt":"2025-05-07T10:11:11","slug":"ho-sempre-fatto-cosi","status":"publish","type":"mec-events","link":"https:\/\/imagazine.it\/home_desk\/events\/ho-sempre-fatto-cosi\/","title":{"rendered":"Ho sempre fatto cos\u00ec\u2026"},"content":{"rendered":"<p><span style=\"font-size: 10pt;\"><em>I Papu<\/em><\/span><\/p>\n<p style=\"font-weight: 400;\">Dalla commedia alla formazione: lo spettacolo \u2018<em>Ho sempre fatto cos\u00ec\u2026<\/em>\u2019 si presenta come una pi\u00e8ce capace di approfondire i temi della sicurezza e della salute sul lavoro attraverso la verve, a tratti esilarante, dei <strong>Papu<\/strong> (al secolo Andrea Appi &amp; Ramiro Besa) anche autori del testo.<\/p>\n<p style=\"font-weight: 400;\">L\u2019idea di ArtistiAssociati Centro di Produzione Teatrale, con la collaborazione di Paolo Grossa di Percorso Sicurezza &#8211; Safety Together di Sagrado, partner del progetto, \u00e8 quella di coinvolgere quante pi\u00f9 aziende e scuole possibili per sensibilizzare al massimo un tema tanto importante quanto urgente.<\/p>\n<p style=\"font-weight: 400;\">Ai partecipanti delle aziende sar\u00e0 rilasciato un attestato di partecipazione (verranno riconosciuti 80 minuti all\u2019interno della formazione di aggiornamento periodico per Lavoratori, ai sensi dell\u2019art. Art. 37 D.Lgs. 81\/2008 e s.m.i., Accordo Stato-Regioni 21.12.2011).<\/p>\n<p style=\"font-weight: 400;\">Lo spettacolo sar\u00e0 in scena, <strong>dal 12 al 16 maggio<\/strong>, al<strong> Nuovo Teatro Comunale di Gradisca d\u2019Isonzo <\/strong>e sar\u00e0 aperto al pubblico con un biglietto unico fino ad esaurimento posti (per informazioni e prenotazioni sar\u00e0 possibile scrivere a\u00a0<a href=\"mailto:organizzazione@artistiassociatigorizia.it\">organizzazione@artistiassociatigorizia.it<\/a>\u00a0o chiamare\u00a0 lo 0481-532317 int. 26). Diversi gli orari delle recite: luned\u00ec, marted\u00ec e mercoled\u00ec alle 15.30, gioved\u00ec alle 10.30 e venerd\u00ec alle 11.30.<\/p>\n<p style=\"font-weight: 400;\">\u2018<em>Ho sempre fatto cos\u00ec\u2026<\/em>\u2019 \u00e8 uno spettacolo che cerca di scandagliare i complessi rapporti tra il lavoro come meccanismo di produzione e i lavoratori come esseri umani.<\/p>\n<p style=\"font-weight: 400;\">I principali temi legati alla sicurezza sul lavoro che ruotano attorno a prevenzione, formazione e responsabilit\u00e0 (disciplinati del Decreto Legislativo 81 del 9 aprile 2008), fanno da sfondo a uno spettacolo che, senza reticenze n\u00e9 prese di posizioni aprioristiche, cerca di scandagliare i complessi rapporti tra il lavoro come meccanismo di produzione di beni e le esistenze dei lavoratori in questo frenetico e critico mondo occidentale nel terzo millennio.<\/p>\n<p style=\"font-weight: 400;\">Su tutto e su tutti l\u2019occhio del Grande Fratello del lavoro, che non prende pi\u00f9 il nome di padrone bens\u00ec di DDL, datore di lavoro, pi\u00f9 <em>politically correct<\/em> ma forse non meno inquietante, che controlla dipendenti, responsabili della sicurezza, RSPP e ASPP, nuovi supereroi emersi dal magma legislativo tutto italiano.<\/p>\n<p style=\"font-weight: 400;\">Come tutta italiana rimane la bassa considerazione nei confronti delle leggi e delle norme, il cui scopo andrebbe ben oltre la semplice tutela fisica, nel tentativo piuttosto di difendere la vulnerabilit\u00e0 e le fragilit\u00e0 di esseri umani al servizio di meccanismi che tendono a ottimizzarne le \u201cprestazioni\u201d.<\/p>\n<p style=\"font-weight: 400;\">\u201c<em>Ho sempre fatto cos\u00ec\u2026<\/em>\u201d \u00e8 un viaggio nelle emozioni che non sfoglia vademecum legislativi ma che vuole semplicemente ricordare che il lavoro \u00e8, nei modi e nella forma, un do ut des non tra fornitori e prestatori d\u2019opera bens\u00ec tra persone, con talenti e ambizioni diverse ma, comunque e sempre, con la stessa dignit\u00e0.<\/p>\n<p style=\"font-weight: 400;\">Uno spettacolo che tratta temi importanti ma in modo in modo ironico, leggero e godibile, adatto a tutte le fasce d\u2019et\u00e0: da 0 a 99 anni.<\/p>\n<p style=\"font-weight: 400;\">Andrea Appi e Ramiro Besa in arte \u201ci Papu\u201d, sono Formatori Qualificati in materia di Salute e Sicurezza in Area Tematica punto 3 Relazioni\/Comunicazione 5\u00b0 criterio con iscrizione al Registro Professionale AiFOS. Hanno all\u2019attivo centinaia di performance live, programmi comici, testi teatrali, video promozionali, divulgativi e di formazione con l\u2019obiettivo di andare sempre oltre il singolo momento di divertimento, per mettere la professionalit\u00e0 al servizio di temi importanti.<\/p>\n","protected":false},"excerpt":{"rendered":"<p>Dalla commedia alla formazione. A Gradisca d&#8217;Isonzo un atto unico sul tema salute e sicurezza sul lavoro con i Papu<\/p>\n","protected":false},"author":28,"featured_media":65029,"comment_status":"closed","ping_status":"closed","template":"","tags":[261,826,254,2396,534,821,52],"mec_category":[48],"class_list":["post-65028","mec-events","type-mec-events","status-publish","has-post-thumbnail","hentry","tag-eventi","tag-eventi-fvg","tag-gradisca","tag-papu","tag-sicurezza","tag-spettacoli","tag-teatro","mec_category-classic-art"],"_links":{"self":[{"href":"https:\/\/imagazine.it\/home_desk\/wp-json\/wp\/v2\/mec-events\/65028","targetHints":{"allow":["GET"]}}],"collection":[{"href":"https:\/\/imagazine.it\/home_desk\/wp-json\/wp\/v2\/mec-events"}],"about":[{"href":"https:\/\/imagazine.it\/home_desk\/wp-json\/wp\/v2\/types\/mec-events"}],"author":[{"embeddable":true,"href":"https:\/\/imagazine.it\/home_desk\/wp-json\/wp\/v2\/users\/28"}],"replies":[{"embeddable":true,"href":"https:\/\/imagazine.it\/home_desk\/wp-json\/wp\/v2\/comments?post=65028"}],"wp:featuredmedia":[{"embeddable":true,"href":"https:\/\/imagazine.it\/home_desk\/wp-json\/wp\/v2\/media\/65029"}],"wp:attachment":[{"href":"https:\/\/imagazine.it\/home_desk\/wp-json\/wp\/v2\/media?parent=65028"}],"wp:term":[{"taxonomy":"post_tag","embeddable":true,"href":"https:\/\/imagazine.it\/home_desk\/wp-json\/wp\/v2\/tags?post=65028"},{"taxonomy":"mec_category","embeddable":true,"href":"https:\/\/imagazine.it\/home_desk\/wp-json\/wp\/v2\/mec_category?post=65028"}],"curies":[{"name":"wp","href":"https:\/\/api.w.org\/{rel}","templated":true}]}}

Ho sempre fatto così…

<p><span style="font-size: 10pt;"><em>I Papu</em></span></p>
<p style="font-weight: 400;">Dalla commedia alla formazione: lo spettacolo ‘<em>Ho sempre fatto così…</em>’ si presenta come una pièce capace di approfondire i temi della sicurezza e della salute sul lavoro attraverso la verve, a tratti esilarante, dei <strong>Papu</strong> (al secolo Andrea Appi &amp; Ramiro Besa) anche autori del testo.</p>
<p style="font-weight: 400;">L’idea di ArtistiAssociati Centro di Produzione Teatrale, con la collaborazione di Paolo Grossa di Percorso Sicurezza &#8211; Safety Together di Sagrado, partner del progetto, è quella di coinvolgere quante più aziende e scuole possibili per sensibilizzare al massimo un tema tanto importante quanto urgente.</p>
<p style="font-weight: 400;">Ai partecipanti delle aziende sarà rilasciato un attestato di partecipazione (verranno riconosciuti 80 minuti all’interno della formazione di aggiornamento periodico per Lavoratori, ai sensi dell’art. Art. 37 D.Lgs. 81/2008 e s.m.i., Accordo Stato-Regioni 21.12.2011).</p>
<p style="font-weight: 400;">Lo spettacolo sarà in scena, <strong>dal 12 al 16 maggio</strong>, al<strong> Nuovo Teatro Comunale di Gradisca d’Isonzo </strong>e sarà aperto al pubblico con un biglietto unico fino ad esaurimento posti (per informazioni e prenotazioni sarà possibile scrivere a <a href="mailto:organizzazione@artistiassociatigorizia.it">organizzazione@artistiassociatigorizia.it</a> o chiamare  lo 0481-532317 int. 26). Diversi gli orari delle recite: lunedì, martedì e mercoledì alle 15.30, giovedì alle 10.30 e venerdì alle 11.30.</p>
<p style="font-weight: 400;">‘<em>Ho sempre fatto così…</em>’ è uno spettacolo che cerca di scandagliare i complessi rapporti tra il lavoro come meccanismo di produzione e i lavoratori come esseri umani.</p>
<p style="font-weight: 400;">I principali temi legati alla sicurezza sul lavoro che ruotano attorno a prevenzione, formazione e responsabilità (disciplinati del Decreto Legislativo 81 del 9 aprile 2008), fanno da sfondo a uno spettacolo che, senza reticenze né prese di posizioni aprioristiche, cerca di scandagliare i complessi rapporti tra il lavoro come meccanismo di produzione di beni e le esistenze dei lavoratori in questo frenetico e critico mondo occidentale nel terzo millennio.</p>
<p style="font-weight: 400;">Su tutto e su tutti l’occhio del Grande Fratello del lavoro, che non prende più il nome di padrone bensì di DDL, datore di lavoro, più <em>politically correct</em> ma forse non meno inquietante, che controlla dipendenti, responsabili della sicurezza, RSPP e ASPP, nuovi supereroi emersi dal magma legislativo tutto italiano.</p>
<p style="font-weight: 400;">Come tutta italiana rimane la bassa considerazione nei confronti delle leggi e delle norme, il cui scopo andrebbe ben oltre la semplice tutela fisica, nel tentativo piuttosto di difendere la vulnerabilità e le fragilità di esseri umani al servizio di meccanismi che tendono a ottimizzarne le “prestazioni”.</p>
<p style="font-weight: 400;">“<em>Ho sempre fatto così…</em>” è un viaggio nelle emozioni che non sfoglia vademecum legislativi ma che vuole semplicemente ricordare che il lavoro è, nei modi e nella forma, un do ut des non tra fornitori e prestatori d’opera bensì tra persone, con talenti e ambizioni diverse ma, comunque e sempre, con la stessa dignità.</p>
<p style="font-weight: 400;">Uno spettacolo che tratta temi importanti ma in modo in modo ironico, leggero e godibile, adatto a tutte le fasce d’età: da 0 a 99 anni.</p>
<p style="font-weight: 400;">Andrea Appi e Ramiro Besa in arte “i Papu”, sono Formatori Qualificati in materia di Salute e Sicurezza in Area Tematica punto 3 Relazioni/Comunicazione 5° criterio con iscrizione al Registro Professionale AiFOS. Hanno all’attivo centinaia di performance live, programmi comici, testi teatrali, video promozionali, divulgativi e di formazione con l’obiettivo di andare sempre oltre il singolo momento di divertimento, per mettere la professionalità al servizio di temi importanti.</p>
