{"id":64975,"date":"2025-05-02T18:42:13","date_gmt":"2025-05-02T16:42:13","guid":{"rendered":"https:\/\/imagazine.it\/home_desk\/?post_type=mec-events&#038;p=64975"},"modified":"2025-05-02T18:42:13","modified_gmt":"2025-05-02T16:42:13","slug":"mia-pecnik-in-concerto-a-palmanova","status":"publish","type":"mec-events","link":"https:\/\/imagazine.it\/home_desk\/events\/mia-pecnik-in-concerto-a-palmanova\/","title":{"rendered":"Mia Pe\u010dnik in concerto a Palmanova"},"content":{"rendered":"<p><span style=\"font-size: 10pt;\"><em>Mia Pe\u010dnik<\/em><\/span><\/p>\n<p>Per la prima volta il <strong>Concorso musicale internazionale di Palmanova<\/strong> si appresta a vivere domenica 4 maggio una vera \u201cGiornata Europea\u201d, che concentrer\u00e0 nella Citt\u00e0 Stellata due importanti eventi\u00a0nel segno della formazione e della promozione degli artisti emergenti, grazie al sostegno particolare della\u00a0CEI Central European Initiative\u00a0e nel quadro della rete\u00a0Unesco del Sito transnazionale delle Opere di difesa veneziane.<\/p>\n<p><strong>Domenica 4 maggio<\/strong> dalle ore 9.30 alle 12.30, il Salone d\u2019Onore del Municipio di Palmanova ospiter\u00e0 una conferenza internazionale con la partecipazione di rappresentanti artistici e istituzionali di questo network in cui la musica si pone come strumento privilegiato di dialogo culturale.<\/p>\n<p>Il panel di relatori, selezionato dal direttore artistico Franco Calabretto insieme a Mario Pagotto, compositore e docente del Conservatorio Tartini di Trieste, comprende Dina Bu\u0161i\u0107 (Croazia), musicologa e delegata della Citt\u00e0 di Zara per la Rete Unesco, Aleksandra Vrebalov (Serbia), compositrice di larga fama internazionale, in rappresentanza dell\u2019Accademia di Musica Novi Sad, Paul Gamurari (Moldova), docente e vice-rettore dell\u2019Accademia delle Arti di Chisinau, David Mastikosa (Bosnia Erzegovina) dall\u2019Accademia musicale di Banja Luka, Berislav \u0160ipu\u0161 (Croazia), compositore e docente oltre che ex Ministro della Cultura di Zagabria, Valentin Doni, attivo tra Moldova e Romania grazie all\u2019Orchestra Filarmonica di Bacau.<\/p>\n<p>Parteciperanno inoltre, come membri della Giuria del Concorso: Emanuela Piemonti dal Conservatorio di Milano, Andrej Grafenauer dall\u2019Accademia di Lubiana (Slovenia), dall\u2019Austria Helfried Fister (Conservatorio di Graz) e Ad\u00e8l Oborzil (Conservatorio di Klagenfurt), attiva anche in Ungheria, Felix Resch gi\u00e0 Direttore delle scuole di musica in lingua tedesca e ladina della Provincia Autonoma di Bolzano.<\/p>\n<p>Nella stessa serata alle <strong>20.30<\/strong> nel Teatro G. Modena di Palmanova si esibir\u00e0 in concerto la giovane pianista croata <strong>Mia Pe\u010dnik<\/strong>, selezionata attraverso il St. Donatus festival di Zara, nel cui cartellone rientrano da qualche anno anche i vincitori di Palmanova. Tra le pi\u00f9 brillanti giovani stelle del pianoforte, la venticinquenne musicista di Zagabria ha scelto per il suo recital brani di compositori croati attivi tra Otto e Novecento fino alla scena contemporanea, accanto a grandi pagine classiche di autori quali Domenico Scarlatti, Liszt e Chopin.<\/p>\n<p>Infine, ancora grazie alla sinergia tra la citt\u00e0 di Zara e il Comune di Palmanova, l\u2019Atrio del Municipio ospiter\u00e0 sempre dal 4 maggio una mostra fotografica promossa dal Ministero della Cultura croato per la valorizzazione del patrimonio artistico del sito transnazionale Unesco e realizzata in memoria di Milijenko Domijan, responsabile della Conservazione dei beni Culturali per la Repubblica di Croazia e consulente della citt\u00e0 dalmatina, recentemente scomparso.<\/p>\n","protected":false},"excerpt":{"rendered":"<p>La talentuosa pianista croata condurr\u00e0 il pubblico in un viaggio musicale dall&#8217;Ottocento ai giorni nostri<\/p>\n","protected":false},"author":28,"featured_media":64976,"comment_status":"closed","ping_status":"closed","template":"","tags":[861,261,826,55,154],"mec_category":[99],"class_list":["post-64975","mec-events","type-mec-events","status-publish","has-post-thumbnail","hentry","tag-concerti","tag-eventi","tag-eventi-fvg","tag-musica","tag-palmanova","mec_category-music"],"_links":{"self":[{"href":"https:\/\/imagazine.it\/home_desk\/wp-json\/wp\/v2\/mec-events\/64975","targetHints":{"allow":["GET"]}}],"collection":[{"href":"https:\/\/imagazine.it\/home_desk\/wp-json\/wp\/v2\/mec-events"}],"about":[{"href":"https:\/\/imagazine.it\/home_desk\/wp-json\/wp\/v2\/types\/mec-events"}],"author":[{"embeddable":true,"href":"https:\/\/imagazine.it\/home_desk\/wp-json\/wp\/v2\/users\/28"}],"replies":[{"embeddable":true,"href":"https:\/\/imagazine.it\/home_desk\/wp-json\/wp\/v2\/comments?post=64975"}],"wp:featuredmedia":[{"embeddable":true,"href":"https:\/\/imagazine.it\/home_desk\/wp-json\/wp\/v2\/media\/64976"}],"wp:attachment":[{"href":"https:\/\/imagazine.it\/home_desk\/wp-json\/wp\/v2\/media?parent=64975"}],"wp:term":[{"taxonomy":"post_tag","embeddable":true,"href":"https:\/\/imagazine.it\/home_desk\/wp-json\/wp\/v2\/tags?post=64975"},{"taxonomy":"mec_category","embeddable":true,"href":"https:\/\/imagazine.it\/home_desk\/wp-json\/wp\/v2\/mec_category?post=64975"}],"curies":[{"name":"wp","href":"https:\/\/api.w.org\/{rel}","templated":true}]}}

Mia Pečnik in concerto a Palmanova

<p><span style="font-size: 10pt;"><em>Mia Pečnik</em></span></p>
<p>Per la prima volta il <strong>Concorso musicale internazionale di Palmanova</strong> si appresta a vivere domenica 4 maggio una vera “Giornata Europea”, che concentrerà nella Città Stellata due importanti eventi nel segno della formazione e della promozione degli artisti emergenti, grazie al sostegno particolare della CEI Central European Initiative e nel quadro della rete Unesco del Sito transnazionale delle Opere di difesa veneziane.</p>
<p><strong>Domenica 4 maggio</strong> dalle ore 9.30 alle 12.30, il Salone d’Onore del Municipio di Palmanova ospiterà una conferenza internazionale con la partecipazione di rappresentanti artistici e istituzionali di questo network in cui la musica si pone come strumento privilegiato di dialogo culturale.</p>
<p>Il panel di relatori, selezionato dal direttore artistico Franco Calabretto insieme a Mario Pagotto, compositore e docente del Conservatorio Tartini di Trieste, comprende Dina Bušić (Croazia), musicologa e delegata della Città di Zara per la Rete Unesco, Aleksandra Vrebalov (Serbia), compositrice di larga fama internazionale, in rappresentanza dell’Accademia di Musica Novi Sad, Paul Gamurari (Moldova), docente e vice-rettore dell’Accademia delle Arti di Chisinau, David Mastikosa (Bosnia Erzegovina) dall’Accademia musicale di Banja Luka, Berislav Šipuš (Croazia), compositore e docente oltre che ex Ministro della Cultura di Zagabria, Valentin Doni, attivo tra Moldova e Romania grazie all’Orchestra Filarmonica di Bacau.</p>
<p>Parteciperanno inoltre, come membri della Giuria del Concorso: Emanuela Piemonti dal Conservatorio di Milano, Andrej Grafenauer dall’Accademia di Lubiana (Slovenia), dall’Austria Helfried Fister (Conservatorio di Graz) e Adèl Oborzil (Conservatorio di Klagenfurt), attiva anche in Ungheria, Felix Resch già Direttore delle scuole di musica in lingua tedesca e ladina della Provincia Autonoma di Bolzano.</p>
<p>Nella stessa serata alle <strong>20.30</strong> nel Teatro G. Modena di Palmanova si esibirà in concerto la giovane pianista croata <strong>Mia Pečnik</strong>, selezionata attraverso il St. Donatus festival di Zara, nel cui cartellone rientrano da qualche anno anche i vincitori di Palmanova. Tra le più brillanti giovani stelle del pianoforte, la venticinquenne musicista di Zagabria ha scelto per il suo recital brani di compositori croati attivi tra Otto e Novecento fino alla scena contemporanea, accanto a grandi pagine classiche di autori quali Domenico Scarlatti, Liszt e Chopin.</p>
<p>Infine, ancora grazie alla sinergia tra la città di Zara e il Comune di Palmanova, l’Atrio del Municipio ospiterà sempre dal 4 maggio una mostra fotografica promossa dal Ministero della Cultura croato per la valorizzazione del patrimonio artistico del sito transnazionale Unesco e realizzata in memoria di Milijenko Domijan, responsabile della Conservazione dei beni Culturali per la Repubblica di Croazia e consulente della città dalmatina, recentemente scomparso.</p>

<p>La talentuosa pianista croata condurrà il pubblico in un viaggio musicale dall&#8217;Ottocento ai giorni nostri</p>
