{"id":64816,"date":"2025-04-28T18:37:25","date_gmt":"2025-04-28T16:37:25","guid":{"rendered":"https:\/\/imagazine.it\/home_desk\/?post_type=mec-events&#038;p=64816"},"modified":"2025-04-28T18:37:25","modified_gmt":"2025-04-28T16:37:25","slug":"ronchi-celebra-la-giornata-mondiale-per-la-liberta-di-stampa","status":"publish","type":"mec-events","link":"https:\/\/imagazine.it\/home_desk\/events\/ronchi-celebra-la-giornata-mondiale-per-la-liberta-di-stampa\/","title":{"rendered":"Ronchi celebra la Giornata mondiale per la Libert\u00e0 di Stampa"},"content":{"rendered":"<p><span style=\"font-size: 10pt;\"><em>Il municipio di Ronchi dei Legionari ( \u00a9 Luca A. d&#8217;Agostino \/ Phocus Agency)<\/em><\/span><\/p>\n<p>RONCHI DEI LEGIONARI \u2013 In occasione della <strong>Giornata mondiale per la Libert\u00e0 di Stampa<\/strong>, l\u2019associazione culturale <strong>Leali delle Notizie<\/strong> ha messo a punto un programma per ricordare a tutti l\u2019importanza del <strong>diritto a informare e a essere informati<\/strong>.<\/p>\n<p>Si parte il <strong>30 aprile<\/strong>, con un\u2019anteprima riservata alle scuole e dedicata alla figura di <strong>padre Paolo Dall\u2019Oglio<\/strong>, missionario rapito in Siria nel luglio 2013 del quale, da allora, non si hanno pi\u00f9 notizie. <strong>Venerd\u00ec 2 e sabato 3 maggio<\/strong>, invece, saranno diversi gli incontri per riflettere sulle difficolt\u00e0 e sul ruolo del giornalismo in una societ\u00e0 sempre pi\u00f9 caratterizzata dalla pervasivit\u00e0 dei <em>social media<\/em> e delle <em>fake news<\/em>, ma anche per ricordare una figura storica come quella di <strong>Enzo Biagi<\/strong><em>.<\/em><\/p>\n<p>\u201cCrediamo fortemente nella difesa, nella promozione e nella diffusione dell\u2019Articolo 21 della nostra Costituzione, che ci permette di essere cittadini informati\u201d, spiega <strong>Luca<\/strong> <strong>Perrino<\/strong>, presidente di Leali delle Notizie.<\/p>\n<p>\u201cDal 2023 \u2013 aggiunge \u2013 siamo presidio locale dell\u2019associazione Articolo 21, dando ulteriore impulso all\u2019attivit\u00e0 svolta negli anni a favore della tutela della libert\u00e0 di espressione di giornalisti e cittadini. Questo grazie al nostro Festival e alle altre attivit\u00e0 organizzate nel corso dell\u2019anno. Vogliamo radicare nelle nuove generazioni i concetti di <strong>legalit\u00e0 e libert\u00e0 di stampa<\/strong>, affinch\u00e9 le storie dei giornalisti che raccontiamo non vengano dimenticate, ma anzi continuino a essere prese per mano, tramandate e accompagnate nel tempo\u201d.<\/p>\n<h3><strong>Il programma<\/strong><\/h3>\n<p>Il calendario delle iniziative partir\u00e0 mercoled\u00ec 30 aprile, alle 10, nella Sala polifunzionale del Consorzio di Bonifica della Venezia Giulia (in via Duca D\u2019Aosta 9), con un incontro riservato alle scuole.<\/p>\n<p>Dopo la proiezione del film <em>&#8216;Padre Dall\u2019Oglio&#8217;<\/em>, gli studenti potranno approfondire la storia e l\u2019impegno del missionario, che ha dedicato la sua esistenza al dialogo interreligioso, alla promozione della pace e all&#8217;accoglienza, con la sorella <strong>Francesca Dall\u2019Oglio<\/strong>, il regista <strong>Fabio<\/strong> <strong>Segatori<\/strong> e il giornalista <strong>Riccardo<\/strong> <strong>Cristiano<\/strong>, moderati da <strong>Giuseppe<\/strong> <strong>Giulietti<\/strong>, portavoce nazionale di Articolo 21.<\/p>\n<p><strong>Venerd\u00ec 2 maggio<\/strong>, alle 18.30, nel Palatenda di piazzale Martiri delle Foibe, la presentazione del libro <em>&#8216;Note di Cronaca<\/em>&#8216; (Villaggio Maori Edizioni) di <strong>Stefano<\/strong> <strong>Corradino<\/strong>, giornalista di <em>RaiNews24<\/em> che racconta le storie di diversi professionisti dell\u2019informazione che hanno consumato le suole delle loro scarpe per raccontare i fatti proprio l\u00ec dove avvengono, lottando per la tutela dei diritti umani e contro le mafie; con l&#8217;autore dialoga <strong>Fabiana<\/strong> <strong>Martini<\/strong>, giornalista e portavoce di Articolo 21 Friuli Venezia Giulia.<\/p>\n<p>Alle 21, sempre al Palatenda, rifletteremo su <strong>Il difficile lavoro dei giornalisti d\u2019inchiesta in Italia<\/strong> con <strong>Loris<\/strong> <strong>Mazzetti<\/strong> e <strong>Graziella<\/strong> <strong>Di<\/strong> <strong>Mambro<\/strong>, moderati da <strong>Ivan<\/strong> <strong>Bianchi<\/strong> (direttore <em>Il Goriziano<\/em>). L\u2019incontro sar\u00e0 preceduto da un intervento di <strong>Emanuela Scridel<\/strong> sul tema <em>&#8216;Libert\u00e0 e conoscenza&#8217;<\/em>.<\/p>\n<p><strong>Sabato 3 maggio<\/strong>, alle 11, al Palatenda, ripercorreremo una pagina poco nota della storia di Enzo Biagi con la presentazione del libro <em>&#8216;I 14 mesi. La mia Resistenza<\/em>&#8216; (Chiarelettere), curato da Loris Mazzetti, storico regista di Biagi e del \u2018<em>Fatto\u2019<\/em>, che ha dato alle stampe una nuova edizione del volume per ricordare ai giovani di oggi che cosa significa rimanere fedeli ai propri principi e ai propri valori. Mazzetti converser\u00e0 con Graziella Di Mambro.<\/p>\n<p>Alle 15, sempre al Palatenda, il pomeriggio si apre con il monologo <em>&#8216;Disarmare. Voce del verbo Amare. Ovvero spogliare l\u2019informazione delle Armi&#8217;<\/em> di e con <strong>Angela<\/strong> <strong>Iantosca<\/strong>. Un testo, quello scritto e interpretato dalla giornalista e scrittrice, che vuole sollecitare una riflessione sulle \u2018S\u2019 (Sesso, Sangue e Soldi, Sport, Salute e <em>Share<\/em>&#8230;) che troppo spesso sono la vera ispirazione per i giornalisti, sui titoli e la deontologia, sulla necessit\u00e0 d&#8217;interrogarsi in merito alla direzione di un mestiere che rischia di far arretrare sulla battaglia dei diritti.<\/p>\n<p>A seguire, appuntamento con <strong>Il giornalismo tra poteri forti, Musk e disintermediazione<\/strong> con <strong>Ricardo<\/strong> <strong>Gutierrez<\/strong> (segretario generale della Federazione europea dei giornalisti), <strong>Alessio<\/strong> <strong>Lasta<\/strong> (giornalista),<strong> Paolo Iannaccone<\/strong> (presidente del Centro Balducci) e <strong>Luca<\/strong> <strong>Mercatanti<\/strong> (esperto di sicurezza informatica, hacking, comunicazione digitale e marketing online), moderati da <strong>Paola Dalle Molle<\/strong>, giornalista e consigliera dell\u2019Ordine dei giornalisti FVG.<\/p>\n<p>La manifestazione gode del patrocinio e della collaborazione del Comune di Ronchi dei Legionari, della Regione Friuli Venezia Giulia, di PromoturismoFVG, dell\u2019Ordine nazionale e regionale dei Giornalisti, della Federazione nazionale della Stampa Italiana, di Articolo 21, del Centro di accoglienza Ernesto Balducci di Zugliano e del Consorzio di Bonifica della Venezia Giulia.<\/p>\n","protected":false},"excerpt":{"rendered":"<p>Sei appuntamenti a favore del diritto a informare e a essere informati.  Con un ricordo speciale per la figura di Enzo Biagi<\/p>\n","protected":false},"author":28,"featured_media":64817,"comment_status":"closed","ping_status":"closed","template":"","tags":[261,826,404,406,149],"mec_category":[131],"class_list":["post-64816","mec-events","type-mec-events","status-publish","has-post-thumbnail","hentry","tag-eventi","tag-eventi-fvg","tag-giornalismo","tag-informazione","tag-ronchi","mec_category-discovery"],"_links":{"self":[{"href":"https:\/\/imagazine.it\/home_desk\/wp-json\/wp\/v2\/mec-events\/64816","targetHints":{"allow":["GET"]}}],"collection":[{"href":"https:\/\/imagazine.it\/home_desk\/wp-json\/wp\/v2\/mec-events"}],"about":[{"href":"https:\/\/imagazine.it\/home_desk\/wp-json\/wp\/v2\/types\/mec-events"}],"author":[{"embeddable":true,"href":"https:\/\/imagazine.it\/home_desk\/wp-json\/wp\/v2\/users\/28"}],"replies":[{"embeddable":true,"href":"https:\/\/imagazine.it\/home_desk\/wp-json\/wp\/v2\/comments?post=64816"}],"wp:featuredmedia":[{"embeddable":true,"href":"https:\/\/imagazine.it\/home_desk\/wp-json\/wp\/v2\/media\/64817"}],"wp:attachment":[{"href":"https:\/\/imagazine.it\/home_desk\/wp-json\/wp\/v2\/media?parent=64816"}],"wp:term":[{"taxonomy":"post_tag","embeddable":true,"href":"https:\/\/imagazine.it\/home_desk\/wp-json\/wp\/v2\/tags?post=64816"},{"taxonomy":"mec_category","embeddable":true,"href":"https:\/\/imagazine.it\/home_desk\/wp-json\/wp\/v2\/mec_category?post=64816"}],"curies":[{"name":"wp","href":"https:\/\/api.w.org\/{rel}","templated":true}]}}

Ronchi celebra la Giornata mondiale per la Libertà di Stampa

<p><span style="font-size: 10pt;"><em>Il municipio di Ronchi dei Legionari ( © Luca A. d&#8217;Agostino / Phocus Agency)</em></span></p>
<p>RONCHI DEI LEGIONARI – In occasione della <strong>Giornata mondiale per la Libertà di Stampa</strong>, l’associazione culturale <strong>Leali delle Notizie</strong> ha messo a punto un programma per ricordare a tutti l’importanza del <strong>diritto a informare e a essere informati</strong>.</p>
<p>Si parte il <strong>30 aprile</strong>, con un’anteprima riservata alle scuole e dedicata alla figura di <strong>padre Paolo Dall’Oglio</strong>, missionario rapito in Siria nel luglio 2013 del quale, da allora, non si hanno più notizie. <strong>Venerdì 2 e sabato 3 maggio</strong>, invece, saranno diversi gli incontri per riflettere sulle difficoltà e sul ruolo del giornalismo in una società sempre più caratterizzata dalla pervasività dei <em>social media</em> e delle <em>fake news</em>, ma anche per ricordare una figura storica come quella di <strong>Enzo Biagi</strong><em>.</em></p>
<p>“Crediamo fortemente nella difesa, nella promozione e nella diffusione dell’Articolo 21 della nostra Costituzione, che ci permette di essere cittadini informati”, spiega <strong>Luca</strong> <strong>Perrino</strong>, presidente di Leali delle Notizie.</p>
<p>“Dal 2023 – aggiunge – siamo presidio locale dell’associazione Articolo 21, dando ulteriore impulso all’attività svolta negli anni a favore della tutela della libertà di espressione di giornalisti e cittadini. Questo grazie al nostro Festival e alle altre attività organizzate nel corso dell’anno. Vogliamo radicare nelle nuove generazioni i concetti di <strong>legalità e libertà di stampa</strong>, affinché le storie dei giornalisti che raccontiamo non vengano dimenticate, ma anzi continuino a essere prese per mano, tramandate e accompagnate nel tempo”.</p>
<h3><strong>Il programma</strong></h3>
<p>Il calendario delle iniziative partirà mercoledì 30 aprile, alle 10, nella Sala polifunzionale del Consorzio di Bonifica della Venezia Giulia (in via Duca D’Aosta 9), con un incontro riservato alle scuole.</p>
<p>Dopo la proiezione del film <em>&#8216;Padre Dall’Oglio&#8217;</em>, gli studenti potranno approfondire la storia e l’impegno del missionario, che ha dedicato la sua esistenza al dialogo interreligioso, alla promozione della pace e all&#8217;accoglienza, con la sorella <strong>Francesca Dall’Oglio</strong>, il regista <strong>Fabio</strong> <strong>Segatori</strong> e il giornalista <strong>Riccardo</strong> <strong>Cristiano</strong>, moderati da <strong>Giuseppe</strong> <strong>Giulietti</strong>, portavoce nazionale di Articolo 21.</p>
<p><strong>Venerdì 2 maggio</strong>, alle 18.30, nel Palatenda di piazzale Martiri delle Foibe, la presentazione del libro <em>&#8216;Note di Cronaca</em>&#8216; (Villaggio Maori Edizioni) di <strong>Stefano</strong> <strong>Corradino</strong>, giornalista di <em>RaiNews24</em> che racconta le storie di diversi professionisti dell’informazione che hanno consumato le suole delle loro scarpe per raccontare i fatti proprio lì dove avvengono, lottando per la tutela dei diritti umani e contro le mafie; con l&#8217;autore dialoga <strong>Fabiana</strong> <strong>Martini</strong>, giornalista e portavoce di Articolo 21 Friuli Venezia Giulia.</p>
<p>Alle 21, sempre al Palatenda, rifletteremo su <strong>Il difficile lavoro dei giornalisti d’inchiesta in Italia</strong> con <strong>Loris</strong> <strong>Mazzetti</strong> e <strong>Graziella</strong> <strong>Di</strong> <strong>Mambro</strong>, moderati da <strong>Ivan</strong> <strong>Bianchi</strong> (direttore <em>Il Goriziano</em>). L’incontro sarà preceduto da un intervento di <strong>Emanuela Scridel</strong> sul tema <em>&#8216;Libertà e conoscenza&#8217;</em>.</p>
<p><strong>Sabato 3 maggio</strong>, alle 11, al Palatenda, ripercorreremo una pagina poco nota della storia di Enzo Biagi con la presentazione del libro <em>&#8216;I 14 mesi. La mia Resistenza</em>&#8216; (Chiarelettere), curato da Loris Mazzetti, storico regista di Biagi e del ‘<em>Fatto’</em>, che ha dato alle stampe una nuova edizione del volume per ricordare ai giovani di oggi che cosa significa rimanere fedeli ai propri principi e ai propri valori. Mazzetti converserà con Graziella Di Mambro.</p>
<p>Alle 15, sempre al Palatenda, il pomeriggio si apre con il monologo <em>&#8216;Disarmare. Voce del verbo Amare. Ovvero spogliare l’informazione delle Armi&#8217;</em> di e con <strong>Angela</strong> <strong>Iantosca</strong>. Un testo, quello scritto e interpretato dalla giornalista e scrittrice, che vuole sollecitare una riflessione sulle ‘S’ (Sesso, Sangue e Soldi, Sport, Salute e <em>Share</em>&#8230;) che troppo spesso sono la vera ispirazione per i giornalisti, sui titoli e la deontologia, sulla necessità d&#8217;interrogarsi in merito alla direzione di un mestiere che rischia di far arretrare sulla battaglia dei diritti.</p>
<p>A seguire, appuntamento con <strong>Il giornalismo tra poteri forti, Musk e disintermediazione</strong> con <strong>Ricardo</strong> <strong>Gutierrez</strong> (segretario generale della Federazione europea dei giornalisti), <strong>Alessio</strong> <strong>Lasta</strong> (giornalista),<strong> Paolo Iannaccone</strong> (presidente del Centro Balducci) e <strong>Luca</strong> <strong>Mercatanti</strong> (esperto di sicurezza informatica, hacking, comunicazione digitale e marketing online), moderati da <strong>Paola Dalle Molle</strong>, giornalista e consigliera dell’Ordine dei giornalisti FVG.</p>
<p>La manifestazione gode del patrocinio e della collaborazione del Comune di Ronchi dei Legionari, della Regione Friuli Venezia Giulia, di PromoturismoFVG, dell’Ordine nazionale e regionale dei Giornalisti, della Federazione nazionale della Stampa Italiana, di Articolo 21, del Centro di accoglienza Ernesto Balducci di Zugliano e del Consorzio di Bonifica della Venezia Giulia.</p>
