{"id":64810,"date":"2025-04-28T17:46:45","date_gmt":"2025-04-28T15:46:45","guid":{"rendered":"https:\/\/imagazine.it\/home_desk\/?post_type=mec-events&#038;p=64810"},"modified":"2025-04-28T17:46:45","modified_gmt":"2025-04-28T15:46:45","slug":"complicita-musicale","status":"publish","type":"mec-events","link":"https:\/\/imagazine.it\/home_desk\/events\/complicita-musicale\/","title":{"rendered":"Complicit\u00e0 musicale"},"content":{"rendered":"<p><span style=\"font-size: 10pt;\"><em>Gabetta e Chamayou<\/em><\/span><\/p>\n<p><span style=\"font-size: 12pt;\">Per i luned\u00ec della Societ\u00e0 dei Concerti Trieste, suoneranno nell&#8217;ambito della sua 93^ stagione, il 5 maggio, alle 20.30, al Teatro Verdi,\u00a0due figure di spicco del panorama musicale internazionale: la carismatica e acclamata violoncellista argentina\u00a0<b>Sol Gabetta<\/b>\u00a0e il colto e raffinato pianista francese\u00a0<b>Bertrand Chamayou<\/b>.<\/span><\/p>\n<p><span style=\"font-size: 12pt;\">Il concerto vedr\u00e0 protagonisti due artisti uniti da una\u00a0<b>complicit\u00e0 musicale che dura da pi\u00f9 di un decennio<\/b>. Entrambi nati nel 1981 e accomunati dal segno zodiacale, Sol Gabetta e Bertrand Chamayou condividono anche una profonda intesa e numerose passioni musicali.<\/span><\/p>\n<p><span style=\"font-size: 12pt;\"><b>Sol Gabetta<\/b>, oggi considerata fra le artiste e interpreti pi\u00f9 interessanti del mondo, conduce una brillante carriera che la vede collaborare con orchestre prestigiose, vincere numerosi premi e dedicarsi con passione alla ricerca, all&#8217;insegnamento presso l&#8217;Accademia Musicale di Basilea dal 2005, e alla direzione artistica di festival ed ensemble. Nata in Argentina e in Europa dall&#8217;et\u00e0 di 12 anni, pubblica con Sony e si esibisce, tra l\u2019altro, sul celebre violoncello \u201cBonamy Dobree-Suggia\u201d di Antonio Stradivari del 1717, generosamente concesso dalla Fondazione Stradivari Habisreutinger. Il grande pubblico televisivo la conosce anche per le sue partecipazioni alla fortunata trasmissione \u201cSostiene Bollani\u201d, dove ha duettato con il pianista Stefano Bollani.<\/span><\/p>\n<p><span style=\"font-size: 12pt;\">Al suo fianco,\u00a0<b>Bertrand Chamayou<\/b>\u00a0\u00e8 un pianista d&#8217;eccellenza dal repertorio vastissimo e con esperienze in svariati ambiti musicali, collaborando con le migliori orchestre. Unico artista ad aver vinto per quattro volte il prestigioso premio francese \u201cVictoires de la Musique\u201d, ha un contratto di esclusiva discografica con Warner\/Erato e ha ricevuto l&#8217;ECHO Klassik 2016 per la sua registrazione integrale delle opere per pianoforte solo di Ravel.<\/span><\/p>\n<p><span style=\"font-size: 12pt;\">Insieme, Sol Gabetta e Bertrand Chamayou formano un duo straordinario, caratterizzato da una profonda intesa e da una grande raffinatezza interpretativa, testimoniata anche da diversi CD di successo.<\/span><\/p>\n<p><span style=\"font-size: 12pt;\">Il programma della serata offrir\u00e0 un affascinante viaggio musicale attraverso diverse epoche e stili, mettendo in luce la maestria dei due interpreti e la ricchezza delle composizioni scelte ed\u00a0esplora le possibilit\u00e0 tecniche ed espressive di questo duo a partire da un momento storico in cui la letteratura per i due strumenti aveva gi\u00e0 numerose pagine al suo attivo, ma ancora una strada molto lunga davanti a s\u00e9.\u00a0<\/span><\/p>\n<p><span style=\"font-size: 12pt;\">Con\u00a0le\u00a0<i>Variations concertantes<\/i>\u00a0 in re maggiore op. 17 e la\u00a0<i>Sonata n. 2\u00a0<\/i>in re maggiore\u00a0op. 58 di Felix Mandelssohn-Bartholdy e la\u00a0<i>Sonata n. 2 i<\/i>n fa maggiore\u00a0op. 99 di Johannes Brahms, il concerto dar\u00e0 quindi un quadro delle principali possibilit\u00e0 del repertorio per violoncello e pianoforte. A questi si aggiungono i \u00a0\u201c<i>Lied ohne Worte<\/i>\u201d (Lied senza parole) con due brevi omaggi, che portano lo stesso titolo, realizzati dai compositori tedeschi, contemporanei ma di generazione differenti, Wolfgang Rihm e\u00a0J\u00f6rg Widmann, appositamente commissionati e presenti nel loro ultimo CD dedicato proprio alle opere per violoncello e pianoforte di Mendelssohn.<\/span><\/p>\n","protected":false},"excerpt":{"rendered":"<p>La carismatica violoncellista argentina Sol Gabetta e il raffinato pianista francese Bertrand Chamayou in concerto a Trieste<\/p>\n","protected":false},"author":28,"featured_media":64811,"comment_status":"closed","ping_status":"closed","template":"","tags":[861,261,826,55,65],"mec_category":[99],"class_list":["post-64810","mec-events","type-mec-events","status-publish","has-post-thumbnail","hentry","tag-concerti","tag-eventi","tag-eventi-fvg","tag-musica","tag-trieste","mec_category-music"],"_links":{"self":[{"href":"https:\/\/imagazine.it\/home_desk\/wp-json\/wp\/v2\/mec-events\/64810","targetHints":{"allow":["GET"]}}],"collection":[{"href":"https:\/\/imagazine.it\/home_desk\/wp-json\/wp\/v2\/mec-events"}],"about":[{"href":"https:\/\/imagazine.it\/home_desk\/wp-json\/wp\/v2\/types\/mec-events"}],"author":[{"embeddable":true,"href":"https:\/\/imagazine.it\/home_desk\/wp-json\/wp\/v2\/users\/28"}],"replies":[{"embeddable":true,"href":"https:\/\/imagazine.it\/home_desk\/wp-json\/wp\/v2\/comments?post=64810"}],"wp:featuredmedia":[{"embeddable":true,"href":"https:\/\/imagazine.it\/home_desk\/wp-json\/wp\/v2\/media\/64811"}],"wp:attachment":[{"href":"https:\/\/imagazine.it\/home_desk\/wp-json\/wp\/v2\/media?parent=64810"}],"wp:term":[{"taxonomy":"post_tag","embeddable":true,"href":"https:\/\/imagazine.it\/home_desk\/wp-json\/wp\/v2\/tags?post=64810"},{"taxonomy":"mec_category","embeddable":true,"href":"https:\/\/imagazine.it\/home_desk\/wp-json\/wp\/v2\/mec_category?post=64810"}],"curies":[{"name":"wp","href":"https:\/\/api.w.org\/{rel}","templated":true}]}}

Complicità musicale

<p><span style="font-size: 10pt;"><em>Gabetta e Chamayou</em></span></p>
<p><span style="font-size: 12pt;">Per i lunedì della Società dei Concerti Trieste, suoneranno nell&#8217;ambito della sua 93^ stagione, il 5 maggio, alle 20.30, al Teatro Verdi, due figure di spicco del panorama musicale internazionale: la carismatica e acclamata violoncellista argentina <b>Sol Gabetta</b> e il colto e raffinato pianista francese <b>Bertrand Chamayou</b>.</span></p>
<p><span style="font-size: 12pt;">Il concerto vedrà protagonisti due artisti uniti da una <b>complicità musicale che dura da più di un decennio</b>. Entrambi nati nel 1981 e accomunati dal segno zodiacale, Sol Gabetta e Bertrand Chamayou condividono anche una profonda intesa e numerose passioni musicali.</span></p>
<p><span style="font-size: 12pt;"><b>Sol Gabetta</b>, oggi considerata fra le artiste e interpreti più interessanti del mondo, conduce una brillante carriera che la vede collaborare con orchestre prestigiose, vincere numerosi premi e dedicarsi con passione alla ricerca, all&#8217;insegnamento presso l&#8217;Accademia Musicale di Basilea dal 2005, e alla direzione artistica di festival ed ensemble. Nata in Argentina e in Europa dall&#8217;età di 12 anni, pubblica con Sony e si esibisce, tra l’altro, sul celebre violoncello “Bonamy Dobree-Suggia” di Antonio Stradivari del 1717, generosamente concesso dalla Fondazione Stradivari Habisreutinger. Il grande pubblico televisivo la conosce anche per le sue partecipazioni alla fortunata trasmissione “Sostiene Bollani”, dove ha duettato con il pianista Stefano Bollani.</span></p>
<p><span style="font-size: 12pt;">Al suo fianco, <b>Bertrand Chamayou</b> è un pianista d&#8217;eccellenza dal repertorio vastissimo e con esperienze in svariati ambiti musicali, collaborando con le migliori orchestre. Unico artista ad aver vinto per quattro volte il prestigioso premio francese “Victoires de la Musique”, ha un contratto di esclusiva discografica con Warner/Erato e ha ricevuto l&#8217;ECHO Klassik 2016 per la sua registrazione integrale delle opere per pianoforte solo di Ravel.</span></p>
<p><span style="font-size: 12pt;">Insieme, Sol Gabetta e Bertrand Chamayou formano un duo straordinario, caratterizzato da una profonda intesa e da una grande raffinatezza interpretativa, testimoniata anche da diversi CD di successo.</span></p>
<p><span style="font-size: 12pt;">Il programma della serata offrirà un affascinante viaggio musicale attraverso diverse epoche e stili, mettendo in luce la maestria dei due interpreti e la ricchezza delle composizioni scelte ed esplora le possibilità tecniche ed espressive di questo duo a partire da un momento storico in cui la letteratura per i due strumenti aveva già numerose pagine al suo attivo, ma ancora una strada molto lunga davanti a sé. </span></p>
<p><span style="font-size: 12pt;">Con le <i>Variations concertantes</i>  in re maggiore op. 17 e la <i>Sonata n. 2 </i>in re maggiore op. 58 di Felix Mandelssohn-Bartholdy e la <i>Sonata n. 2 i</i>n fa maggiore op. 99 di Johannes Brahms, il concerto darà quindi un quadro delle principali possibilità del repertorio per violoncello e pianoforte. A questi si aggiungono i  “<i>Lied ohne Worte</i>” (Lied senza parole) con due brevi omaggi, che portano lo stesso titolo, realizzati dai compositori tedeschi, contemporanei ma di generazione differenti, Wolfgang Rihm e Jörg Widmann, appositamente commissionati e presenti nel loro ultimo CD dedicato proprio alle opere per violoncello e pianoforte di Mendelssohn.</span></p>
