{"id":64808,"date":"2025-04-28T17:11:25","date_gmt":"2025-04-28T15:11:25","guid":{"rendered":"https:\/\/imagazine.it\/home_desk\/?post_type=mec-events&#038;p=64808"},"modified":"2025-04-28T17:11:25","modified_gmt":"2025-04-28T15:11:25","slug":"be-go-2025","status":"publish","type":"mec-events","link":"https:\/\/imagazine.it\/home_desk\/events\/be-go-2025\/","title":{"rendered":"BE.GO.2025"},"content":{"rendered":"<p><span style=\"font-size: 10pt;\"><em>I due artisti<\/em><\/span><\/p>\n<p>Sar\u00e0 Gorizia <strong>dal 2 al 5 maggio<\/strong>\u00a0a ospitare le opere di <strong>Enrico Bergamasco<\/strong> e <strong>Fabio Gon<\/strong>.<\/p>\n<p>Compagni di classe alle superiori, hanno scoperto di avere un interesse in comune: Bergamasco ha fatto di necessit\u00e0 virt\u00f9, scoprendo che pur avendo perso l&#8217;uso della mano &#8220;buona&#8221; quando aveva diciotto anni, riesce a fondere sensazioni\u00a0e colore in dipinti che recentemente hanno trovato consensi anche a Roma in diverse mostre.<\/p>\n<p>Gon ha scoperto che la macchina fotografica riesce a bloccare delle scene di vita, e a restituirle pi\u00f9 forti e cariche di emozioni in delle immagini che hanno gi\u00e0 stupito alla mostra tenutasi a Cervignano del Friuli alcuni anni fa.<\/p>\n<p><strong>BE.GO. 2025<\/strong> (prendendo le iniziali dei loro cognomi) \u00e8 il nome che i due artisti hanno dato alla esposizione che si terr\u00e0 alla Galleria Nuova, appunto a Gorizia, in Corso Verdi 100\/D.<\/p>\n<p>Ci sar\u00e0 una bicchierata ad attendere il pubblico che vorr\u00e0 partecipare al vernissage venerd\u00ec 2 maggio dalle ore 18.30.<\/p>\n<p>Nei giorni successivi\u00a0la mostra sar\u00e0 visibile <strong>dalle ore 10 alle ore 20<\/strong>. Luned\u00ec 5 maggio l&#8217;esposizione si chiuder\u00e0\u00a0<strong>alle ore 17<\/strong>.<\/p>\n","protected":false},"excerpt":{"rendered":"<p>Alla Galleria Nuova di Gorizia in mostra i dipinti di Enrico Bergamasco e le fotografie di Fabio Gon<\/p>\n","protected":false},"author":28,"featured_media":64809,"comment_status":"closed","ping_status":"closed","template":"","tags":[261,826,293,43,60,851],"mec_category":[59],"class_list":["post-64808","mec-events","type-mec-events","status-publish","has-post-thumbnail","hentry","tag-eventi","tag-eventi-fvg","tag-fotografia","tag-gorizia","tag-mostre","tag-pittura","mec_category-meeting"],"_links":{"self":[{"href":"https:\/\/imagazine.it\/home_desk\/wp-json\/wp\/v2\/mec-events\/64808","targetHints":{"allow":["GET"]}}],"collection":[{"href":"https:\/\/imagazine.it\/home_desk\/wp-json\/wp\/v2\/mec-events"}],"about":[{"href":"https:\/\/imagazine.it\/home_desk\/wp-json\/wp\/v2\/types\/mec-events"}],"author":[{"embeddable":true,"href":"https:\/\/imagazine.it\/home_desk\/wp-json\/wp\/v2\/users\/28"}],"replies":[{"embeddable":true,"href":"https:\/\/imagazine.it\/home_desk\/wp-json\/wp\/v2\/comments?post=64808"}],"wp:featuredmedia":[{"embeddable":true,"href":"https:\/\/imagazine.it\/home_desk\/wp-json\/wp\/v2\/media\/64809"}],"wp:attachment":[{"href":"https:\/\/imagazine.it\/home_desk\/wp-json\/wp\/v2\/media?parent=64808"}],"wp:term":[{"taxonomy":"post_tag","embeddable":true,"href":"https:\/\/imagazine.it\/home_desk\/wp-json\/wp\/v2\/tags?post=64808"},{"taxonomy":"mec_category","embeddable":true,"href":"https:\/\/imagazine.it\/home_desk\/wp-json\/wp\/v2\/mec_category?post=64808"}],"curies":[{"name":"wp","href":"https:\/\/api.w.org\/{rel}","templated":true}]}}

<p><span style="font-size: 10pt;"><em>I due artisti</em></span></p>
<p>Sarà Gorizia <strong>dal 2 al 5 maggio</strong> a ospitare le opere di <strong>Enrico Bergamasco</strong> e <strong>Fabio Gon</strong>.</p>
<p>Compagni di classe alle superiori, hanno scoperto di avere un interesse in comune: Bergamasco ha fatto di necessità virtù, scoprendo che pur avendo perso l&#8217;uso della mano &#8220;buona&#8221; quando aveva diciotto anni, riesce a fondere sensazioni e colore in dipinti che recentemente hanno trovato consensi anche a Roma in diverse mostre.</p>
<p>Gon ha scoperto che la macchina fotografica riesce a bloccare delle scene di vita, e a restituirle più forti e cariche di emozioni in delle immagini che hanno già stupito alla mostra tenutasi a Cervignano del Friuli alcuni anni fa.</p>
<p><strong>BE.GO. 2025</strong> (prendendo le iniziali dei loro cognomi) è il nome che i due artisti hanno dato alla esposizione che si terrà alla Galleria Nuova, appunto a Gorizia, in Corso Verdi 100/D.</p>
<p>Ci sarà una bicchierata ad attendere il pubblico che vorrà partecipare al vernissage venerdì 2 maggio dalle ore 18.30.</p>
<p>Nei giorni successivi la mostra sarà visibile <strong>dalle ore 10 alle ore 20</strong>. Lunedì 5 maggio l&#8217;esposizione si chiuderà <strong>alle ore 17</strong>.</p>
