{"id":64724,"date":"2025-04-18T17:03:33","date_gmt":"2025-04-18T15:03:33","guid":{"rendered":"https:\/\/imagazine.it\/home_desk\/?post_type=mec-events&#038;p=64724"},"modified":"2025-04-18T17:03:33","modified_gmt":"2025-04-18T15:03:33","slug":"aerowaves-spring-forward-festival","status":"publish","type":"mec-events","link":"https:\/\/imagazine.it\/home_desk\/events\/aerowaves-spring-forward-festival\/","title":{"rendered":"Aerowaves Spring Forward Festival"},"content":{"rendered":"<p><span style=\"font-size: 10pt;\"><em>(\u00a9 Federica Musella)<\/em><\/span><\/p>\n<p>La 14\u00aa edizione dello Spring Forward Festival, co-organizzata da ArtistiAssociati-Centro di produzione teatrale e Aerowaves, \u00e8 ai blocchi di partenza.<\/p>\n<p>Dal 23 al 26 aprile, l\u2019evento internazionale porter\u00e0 fra Gorizia e Nova Gorica la danza contemporanea emergente in Europa.<\/p>\n<p>Una vetrina per i 20 pi\u00f9 vivaci e promettenti coreografi europei selezionati dal network europeo Aerowaves tra oltre 700 candidature.<\/p>\n<p>Il festival comprender\u00e0 21 spettacoli Aerowaves, con artisti provenienti da 17 Paesi che proporranno una selezione di coreografi emergenti che lavorano in tutta Europa.<\/p>\n<p>L\u2019edizione 2025 porter\u00e0 nelle due citt\u00e0 oltre 200 professionisti del settore e dar\u00e0 al pubblico la possibilit\u00e0 di conoscere le nuove tendenze della danza internazionale.<\/p>\n<p>Una decina saranno gli spettacoli aperti al pubblico con ingresso gratuito, ma con prenotazione obbligatoria online.<\/p>\n<p><span style=\"text-decoration: underline;\"><a href=\"https:\/\/www.artistiassociatigorizia.it\/events\/aerowaves-spring-forward-festival-2025\/\" target=\"_blank\" rel=\"noopener\">Clicca qui per il programma completo del festival<\/a><\/span><\/p>\n","protected":false},"excerpt":{"rendered":"<p>Tra Gorizia e Nova Gorica quattro giorni dedicati alla danza contemporanea emergente in Europa<\/p>\n","protected":false},"author":28,"featured_media":64725,"comment_status":"closed","ping_status":"closed","template":"","tags":[49,261,826,43,184,821],"mec_category":[48],"class_list":["post-64724","mec-events","type-mec-events","status-publish","has-post-thumbnail","hentry","tag-danza","tag-eventi","tag-eventi-fvg","tag-gorizia","tag-nova-gorica","tag-spettacoli","mec_category-classic-art"],"_links":{"self":[{"href":"https:\/\/imagazine.it\/home_desk\/wp-json\/wp\/v2\/mec-events\/64724","targetHints":{"allow":["GET"]}}],"collection":[{"href":"https:\/\/imagazine.it\/home_desk\/wp-json\/wp\/v2\/mec-events"}],"about":[{"href":"https:\/\/imagazine.it\/home_desk\/wp-json\/wp\/v2\/types\/mec-events"}],"author":[{"embeddable":true,"href":"https:\/\/imagazine.it\/home_desk\/wp-json\/wp\/v2\/users\/28"}],"replies":[{"embeddable":true,"href":"https:\/\/imagazine.it\/home_desk\/wp-json\/wp\/v2\/comments?post=64724"}],"wp:featuredmedia":[{"embeddable":true,"href":"https:\/\/imagazine.it\/home_desk\/wp-json\/wp\/v2\/media\/64725"}],"wp:attachment":[{"href":"https:\/\/imagazine.it\/home_desk\/wp-json\/wp\/v2\/media?parent=64724"}],"wp:term":[{"taxonomy":"post_tag","embeddable":true,"href":"https:\/\/imagazine.it\/home_desk\/wp-json\/wp\/v2\/tags?post=64724"},{"taxonomy":"mec_category","embeddable":true,"href":"https:\/\/imagazine.it\/home_desk\/wp-json\/wp\/v2\/mec_category?post=64724"}],"curies":[{"name":"wp","href":"https:\/\/api.w.org\/{rel}","templated":true}]}}

<p><span style="font-size: 10pt;"><em>(© Federica Musella)</em></span></p>
<p>La 14ª edizione dello Spring Forward Festival, co-organizzata da ArtistiAssociati-Centro di produzione teatrale e Aerowaves, è ai blocchi di partenza.</p>
<p>Dal 23 al 26 aprile, l’evento internazionale porterà fra Gorizia e Nova Gorica la danza contemporanea emergente in Europa.</p>
<p>Una vetrina per i 20 più vivaci e promettenti coreografi europei selezionati dal network europeo Aerowaves tra oltre 700 candidature.</p>
<p>Il festival comprenderà 21 spettacoli Aerowaves, con artisti provenienti da 17 Paesi che proporranno una selezione di coreografi emergenti che lavorano in tutta Europa.</p>
<p>L’edizione 2025 porterà nelle due città oltre 200 professionisti del settore e darà al pubblico la possibilità di conoscere le nuove tendenze della danza internazionale.</p>
<p>Una decina saranno gli spettacoli aperti al pubblico con ingresso gratuito, ma con prenotazione obbligatoria online.</p>
<p><span style="text-decoration: underline;"><a href="https://www.artistiassociatigorizia.it/events/aerowaves-spring-forward-festival-2025/" target="_blank" rel="noopener">Clicca qui per il programma completo del festival</a></span></p>
