{"id":64598,"date":"2025-04-15T17:28:46","date_gmt":"2025-04-15T15:28:46","guid":{"rendered":"https:\/\/imagazine.it\/home_desk\/?post_type=mec-events&#038;p=64598"},"modified":"2025-04-15T17:28:46","modified_gmt":"2025-04-15T15:28:46","slug":"il-duo-pianistico-piu-acclamato-deuropa","status":"publish","type":"mec-events","link":"https:\/\/imagazine.it\/home_desk\/events\/il-duo-pianistico-piu-acclamato-deuropa\/","title":{"rendered":"Il duo pianistico pi\u00f9 acclamato d&#8217;Europa"},"content":{"rendered":"<p><span style=\"font-size: 10pt;\"><em>I fratelli Jussen (\u00a9 Marco Borggreve)<\/em><\/span><\/p>\n<p>Atteso <strong>mercoled\u00ec 16 aprile<\/strong> in esclusiva assoluta al <strong>Teatro Verdi di Pordenone<\/strong> (ore 20.30) il duo pianistico pi\u00f9 acclamato d\u2019Europa, <strong>Lucas &amp; Arthur Jussen<\/strong>.<\/p>\n<p>I celebri fratelli olandesi under 35 presenteranno un programma musicale su alcuni dei pi\u00f9 grandi capolavori musicali di tutti i tempi, spaziando da <strong>Mendelssohn-Bartholdy <\/strong>(Andante e Allegro Brillante in la maggiore per pianoforte a quattro mani, op. 92)<strong> a Schubert <\/strong>(Fantasia in fa minore per pianoforte a quattro mani, op. 103, D. 940<strong>), <\/strong>fino a<strong> Maurice Ravel <\/strong>(La Valse. Po\u00e8me chor\u00e9graphique) e<strong> Igor Stravinskij<\/strong> (Le sacre du printemps).<\/p>\n<p><strong>Lucas <\/strong>e<strong> Arthur Jussen <\/strong>sono in chiave pop l\u2019alter-ego delle sorelle Labeque: look alla moda, verve, freschezza e simpatia unite a doti tecniche e a un talento straordinari ne fanno un duo pianistico che ha guadagnato in poco tempo il favore del pubblico di tutta Europa.<\/p>\n<p>Ogni loro esecuzione \u00e8 un gioco di complicit\u00e0 e teatralit\u00e0. Per usare una metafora tennistica, ricordano la formazione \u201call\u2019australiana\u201d usata nel doppio: richiede una grande complicit\u00e0 e una comunicazione che deve essere assolutamente efficace tra i giocatori, che si trovano sulla stessa linea di battuta.<\/p>\n<p>Si chiama posizione a \u201ci\u201d, si potrebbe correggere a \u201cJ\u201d nel loro caso.<\/p>\n<p>Dopo un\u2019introduzione giocata tra gli accenti brillanti di Mendelssohn e l\u2019incanto della celebre <em>Fantasia in fa minore<\/em> di Schubert, il programma vira verso la Parigi di inizio Novecento, con due capolavori coreografici:<em> La valse <\/em>di Ravel e <em>Le sacre du printemps di Stravinsky. <\/em><\/p>\n<p>I fratelli Jussen sono attualmente i principali ambasciatori dei Paesi Bassi per la musica classica.<\/p>\n<p>Con il loro stile energico, quasi simbiotico, la loro grande raffinatezza nel suono e le coinvolgenti interpretazioni, sono apprezzatissimi sia dalla stampa sia dal pubblico.<\/p>\n","protected":false},"excerpt":{"rendered":"<p>A Pordenone unica tappa in FVG del concerto dei fratelli Jussen celebri per bravura e accuratezza del repertorio<\/p>\n","protected":false},"author":28,"featured_media":64599,"comment_status":"closed","ping_status":"closed","template":"","tags":[861,261,826,55,275],"mec_category":[99],"class_list":["post-64598","mec-events","type-mec-events","status-publish","has-post-thumbnail","hentry","tag-concerti","tag-eventi","tag-eventi-fvg","tag-musica","tag-pordenone","mec_category-music"],"_links":{"self":[{"href":"https:\/\/imagazine.it\/home_desk\/wp-json\/wp\/v2\/mec-events\/64598","targetHints":{"allow":["GET"]}}],"collection":[{"href":"https:\/\/imagazine.it\/home_desk\/wp-json\/wp\/v2\/mec-events"}],"about":[{"href":"https:\/\/imagazine.it\/home_desk\/wp-json\/wp\/v2\/types\/mec-events"}],"author":[{"embeddable":true,"href":"https:\/\/imagazine.it\/home_desk\/wp-json\/wp\/v2\/users\/28"}],"replies":[{"embeddable":true,"href":"https:\/\/imagazine.it\/home_desk\/wp-json\/wp\/v2\/comments?post=64598"}],"wp:featuredmedia":[{"embeddable":true,"href":"https:\/\/imagazine.it\/home_desk\/wp-json\/wp\/v2\/media\/64599"}],"wp:attachment":[{"href":"https:\/\/imagazine.it\/home_desk\/wp-json\/wp\/v2\/media?parent=64598"}],"wp:term":[{"taxonomy":"post_tag","embeddable":true,"href":"https:\/\/imagazine.it\/home_desk\/wp-json\/wp\/v2\/tags?post=64598"},{"taxonomy":"mec_category","embeddable":true,"href":"https:\/\/imagazine.it\/home_desk\/wp-json\/wp\/v2\/mec_category?post=64598"}],"curies":[{"name":"wp","href":"https:\/\/api.w.org\/{rel}","templated":true}]}}

Il duo pianistico più acclamato d&#8217;Europa

<p><span style="font-size: 10pt;"><em>I fratelli Jussen (© Marco Borggreve)</em></span></p>
<p>Atteso <strong>mercoledì 16 aprile</strong> in esclusiva assoluta al <strong>Teatro Verdi di Pordenone</strong> (ore 20.30) il duo pianistico più acclamato d’Europa, <strong>Lucas &amp; Arthur Jussen</strong>.</p>
<p>I celebri fratelli olandesi under 35 presenteranno un programma musicale su alcuni dei più grandi capolavori musicali di tutti i tempi, spaziando da <strong>Mendelssohn-Bartholdy </strong>(Andante e Allegro Brillante in la maggiore per pianoforte a quattro mani, op. 92)<strong> a Schubert </strong>(Fantasia in fa minore per pianoforte a quattro mani, op. 103, D. 940<strong>), </strong>fino a<strong> Maurice Ravel </strong>(La Valse. Poème chorégraphique) e<strong> Igor Stravinskij</strong> (Le sacre du printemps).</p>
<p><strong>Lucas </strong>e<strong> Arthur Jussen </strong>sono in chiave pop l’alter-ego delle sorelle Labeque: look alla moda, verve, freschezza e simpatia unite a doti tecniche e a un talento straordinari ne fanno un duo pianistico che ha guadagnato in poco tempo il favore del pubblico di tutta Europa.</p>
<p>Ogni loro esecuzione è un gioco di complicità e teatralità. Per usare una metafora tennistica, ricordano la formazione “all’australiana” usata nel doppio: richiede una grande complicità e una comunicazione che deve essere assolutamente efficace tra i giocatori, che si trovano sulla stessa linea di battuta.</p>
<p>Si chiama posizione a “i”, si potrebbe correggere a “J” nel loro caso.</p>
<p>Dopo un’introduzione giocata tra gli accenti brillanti di Mendelssohn e l’incanto della celebre <em>Fantasia in fa minore</em> di Schubert, il programma vira verso la Parigi di inizio Novecento, con due capolavori coreografici:<em> La valse </em>di Ravel e <em>Le sacre du printemps di Stravinsky. </em></p>
<p>I fratelli Jussen sono attualmente i principali ambasciatori dei Paesi Bassi per la musica classica.</p>
<p>Con il loro stile energico, quasi simbiotico, la loro grande raffinatezza nel suono e le coinvolgenti interpretazioni, sono apprezzatissimi sia dalla stampa sia dal pubblico.</p>
