{"id":64134,"date":"2025-04-03T12:24:49","date_gmt":"2025-04-03T10:24:49","guid":{"rendered":"https:\/\/imagazine.it\/home_desk\/?post_type=mec-events&#038;p=64134"},"modified":"2025-04-03T12:24:49","modified_gmt":"2025-04-03T10:24:49","slug":"pordenone-celebra-salvatore-accardo","status":"publish","type":"mec-events","link":"https:\/\/imagazine.it\/home_desk\/events\/pordenone-celebra-salvatore-accardo\/","title":{"rendered":"Pordenone celebra Salvatore Accardo"},"content":{"rendered":"<p><span style=\"font-size: 10pt;\"><em>Salvatore Accardo<\/em><\/span><\/p>\n<p><strong>Salvatore Accardo<\/strong>, violinista e direttore d\u2019orchestra di fama mondiale, \u00e8 il vincitore della decima edizione del <strong>Premio Pordenone Musica<\/strong>.<\/p>\n<p>Un riconoscimento ideato e organizzato dal <strong>Teatro Verdi di Pordenone<\/strong> in onore a quanti, con sapienza e passione, contribuiscono al passaggio generazionale di conoscenza e amore per la musica.<\/p>\n<p>\u00abIl <strong>Premio Pordenone Musica<\/strong> \u2013 spiega il presidente del Teatro Verdi <strong>Giovanni Lessio <\/strong>\u2013conferma anno dopo anno la sua unicit\u00e0 e la sua specifica vocazione. Un patrimonio di prestigio internazionale che rappresenta a tutt\u2019oggi l\u2019unico riconoscimento che celebra chi mette il suo sapere al servizio della didattica musicale\u00bb.<\/p>\n<p>\u00abAbbiamo l\u2019onore di ospitare un artista impareggiabile che ha da sempre nutrito verso i giovani una vera e propria missione educativa\u00bb, aggiunge<strong> Alessandro Taverna<\/strong>, consulente musicale del teatro pordenonese\u00bb.<\/p>\n<h3>Le motivazioni<\/h3>\n<p>Sintesi e lascito dell\u2019instancabile magistero del <strong>Maestro Accardo<\/strong> \u00e8 l\u2019<strong>Orchestra da Camera Italiana<\/strong>, formata da alcuni dei suoi migliori allievi che oggi sono diventati solisti e prime parti di orchestre internazionali.<\/p>\n<p>Proprio con loro si esibir\u00e0 <strong>sabato 5 aprile<\/strong>, serata di conferimento del<strong> Premio Pordenone Musica:<\/strong> suonare e dirigere l\u2019Orchestra da lui fondata \u00e8 un esempio tra i pi\u00f9 significativi e generosi di cosa significhi formazione musicale ed \u00e8 tra le ragioni che hanno spinto la Citt\u00e0 di Pordenone e il Teatro ad assegnare a lui il Premio.<\/p>\n<p>Si legge, infatti, nella <strong>motivazione<\/strong>:<strong><em> \u201c<\/em><\/strong><em>a <strong>Salvatore Accardo<\/strong> violinista e direttore d\u2019orchestra di fama mondiale, tra i massimi esponenti della scuola violinistica italiana, per il magistero musicale, espressione di una vocazione pedagogica generosa, esempio tra i pi\u00f9 significativi nell\u2019ambito della formazione di alto profilo<\/em> <em>delle nuove generazioni di musicisti in Italia e nel mondo\u201d. <\/em><\/p>\n<p>Il<strong> nuovo Premio<\/strong> ideato per questa speciale <strong>decima edizione <\/strong>\u00e8 ispirato ad uno dei <strong>simboli della citt\u00e0<\/strong>, <strong>l\u2019orologio del Municipio<\/strong>, che scandisce il tempo fin dal 1542: una targa che ben racchiude il concetto di <strong>dedicare il tempo per educare alla musica<\/strong>.<\/p>\n<h3>Il concerto<\/h3>\n<p>Il<strong> programma musicale <\/strong>vedr\u00e0 l\u2019esecuzione del <em>Concerto per violino e violoncello in si bemolle maggiore, RV 547 <\/em>di <strong>Antonio Vivaldi<\/strong>, <em>Passacaglia<\/em> su un tema di H\u00e4ndel per violino e viola di <strong>Johan Halvorsen<\/strong>, <em>Liebeslied, Liebesfreud, Rondino su un tema di Beethoven, La Gitana<\/em> di <strong>Fritz Kreisler, <\/strong><em>Verano Porte\u00f1o<\/em> di <strong>Astor Piazzolla<\/strong> e la <em>Serenata per archi in do maggiore, op. 48<\/em> di <strong>P\u00ebtr Il\u2019i\u010d \u010cajkovskij<\/strong>.<\/p>\n<p>Il concerto e la premiazione serale, saranno preceduti dalla consegna del <strong>Sigillo della Citt\u00e0<\/strong>, in programma alle 12 nella sede del Municipio.<\/p>\n","protected":false},"excerpt":{"rendered":"<p>Concerto evento al Verdi con l&#8217;Orchestra da Camera Italiana dopo l&#8217;assegnazione del Sigillo della Citt\u00e0 e del Premio Pordenone Musica<\/p>\n","protected":false},"author":28,"featured_media":64135,"comment_status":"closed","ping_status":"closed","template":"","tags":[861,261,826,55,275],"mec_category":[99],"class_list":["post-64134","mec-events","type-mec-events","status-publish","has-post-thumbnail","hentry","tag-concerti","tag-eventi","tag-eventi-fvg","tag-musica","tag-pordenone","mec_category-music"],"_links":{"self":[{"href":"https:\/\/imagazine.it\/home_desk\/wp-json\/wp\/v2\/mec-events\/64134","targetHints":{"allow":["GET"]}}],"collection":[{"href":"https:\/\/imagazine.it\/home_desk\/wp-json\/wp\/v2\/mec-events"}],"about":[{"href":"https:\/\/imagazine.it\/home_desk\/wp-json\/wp\/v2\/types\/mec-events"}],"author":[{"embeddable":true,"href":"https:\/\/imagazine.it\/home_desk\/wp-json\/wp\/v2\/users\/28"}],"replies":[{"embeddable":true,"href":"https:\/\/imagazine.it\/home_desk\/wp-json\/wp\/v2\/comments?post=64134"}],"wp:featuredmedia":[{"embeddable":true,"href":"https:\/\/imagazine.it\/home_desk\/wp-json\/wp\/v2\/media\/64135"}],"wp:attachment":[{"href":"https:\/\/imagazine.it\/home_desk\/wp-json\/wp\/v2\/media?parent=64134"}],"wp:term":[{"taxonomy":"post_tag","embeddable":true,"href":"https:\/\/imagazine.it\/home_desk\/wp-json\/wp\/v2\/tags?post=64134"},{"taxonomy":"mec_category","embeddable":true,"href":"https:\/\/imagazine.it\/home_desk\/wp-json\/wp\/v2\/mec_category?post=64134"}],"curies":[{"name":"wp","href":"https:\/\/api.w.org\/{rel}","templated":true}]}}

<p><span style="font-size: 10pt;"><em>Salvatore Accardo</em></span></p>
<p><strong>Salvatore Accardo</strong>, violinista e direttore d’orchestra di fama mondiale, è il vincitore della decima edizione del <strong>Premio Pordenone Musica</strong>.</p>
<p>Un riconoscimento ideato e organizzato dal <strong>Teatro Verdi di Pordenone</strong> in onore a quanti, con sapienza e passione, contribuiscono al passaggio generazionale di conoscenza e amore per la musica.</p>
<p>«Il <strong>Premio Pordenone Musica</strong> – spiega il presidente del Teatro Verdi <strong>Giovanni Lessio </strong>–conferma anno dopo anno la sua unicità e la sua specifica vocazione. Un patrimonio di prestigio internazionale che rappresenta a tutt’oggi l’unico riconoscimento che celebra chi mette il suo sapere al servizio della didattica musicale».</p>
<p>«Abbiamo l’onore di ospitare un artista impareggiabile che ha da sempre nutrito verso i giovani una vera e propria missione educativa», aggiunge<strong> Alessandro Taverna</strong>, consulente musicale del teatro pordenonese».</p>
<h3>Le motivazioni</h3>
<p>Sintesi e lascito dell’instancabile magistero del <strong>Maestro Accardo</strong> è l’<strong>Orchestra da Camera Italiana</strong>, formata da alcuni dei suoi migliori allievi che oggi sono diventati solisti e prime parti di orchestre internazionali.</p>
<p>Proprio con loro si esibirà <strong>sabato 5 aprile</strong>, serata di conferimento del<strong> Premio Pordenone Musica:</strong> suonare e dirigere l’Orchestra da lui fondata è un esempio tra i più significativi e generosi di cosa significhi formazione musicale ed è tra le ragioni che hanno spinto la Città di Pordenone e il Teatro ad assegnare a lui il Premio.</p>
<p>Si legge, infatti, nella <strong>motivazione</strong>:<strong><em> “</em></strong><em>a <strong>Salvatore Accardo</strong> violinista e direttore d’orchestra di fama mondiale, tra i massimi esponenti della scuola violinistica italiana, per il magistero musicale, espressione di una vocazione pedagogica generosa, esempio tra i più significativi nell’ambito della formazione di alto profilo</em> <em>delle nuove generazioni di musicisti in Italia e nel mondo”. </em></p>
<p>Il<strong> nuovo Premio</strong> ideato per questa speciale <strong>decima edizione </strong>è ispirato ad uno dei <strong>simboli della città</strong>, <strong>l’orologio del Municipio</strong>, che scandisce il tempo fin dal 1542: una targa che ben racchiude il concetto di <strong>dedicare il tempo per educare alla musica</strong>.</p>
<h3>Il concerto</h3>
<p>Il<strong> programma musicale </strong>vedrà l’esecuzione del <em>Concerto per violino e violoncello in si bemolle maggiore, RV 547 </em>di <strong>Antonio Vivaldi</strong>, <em>Passacaglia</em> su un tema di Händel per violino e viola di <strong>Johan Halvorsen</strong>, <em>Liebeslied, Liebesfreud, Rondino su un tema di Beethoven, La Gitana</em> di <strong>Fritz Kreisler, </strong><em>Verano Porteño</em> di <strong>Astor Piazzolla</strong> e la <em>Serenata per archi in do maggiore, op. 48</em> di <strong>Pëtr Il’ič Čajkovskij</strong>.</p>
<p>Il concerto e la premiazione serale, saranno preceduti dalla consegna del <strong>Sigillo della Città</strong>, in programma alle 12 nella sede del Municipio.</p>

<p>Concerto evento al Verdi con l&#8217;Orchestra da Camera Italiana dopo l&#8217;assegnazione del Sigillo della Città e del Premio Pordenone Musica</p>
