{"id":64095,"date":"2025-04-01T20:53:26","date_gmt":"2025-04-01T18:53:26","guid":{"rendered":"https:\/\/imagazine.it\/home_desk\/?post_type=mec-events&#038;p=64095"},"modified":"2025-04-01T20:53:26","modified_gmt":"2025-04-01T18:53:26","slug":"il-papa-del-fumetto-friulano-a-jalmicco","status":"publish","type":"mec-events","link":"https:\/\/imagazine.it\/home_desk\/events\/il-papa-del-fumetto-friulano-a-jalmicco\/","title":{"rendered":"Il pap\u00e0 del fumetto friulano a Jalmicco"},"content":{"rendered":"<p>Serata speciale al corso di lingua e cultura friulana a Jalmicco di Palmanova, dove sar\u00e0 ospite <strong>Alessandro D&#8217;Osualdo \/ Sandri Di Suald<\/strong>.<\/p>\n<p>Noto scrittore, comunicatore e fumettista, vanta una quarantina di pubblicazioni e numerose collaborazioni internazionali con realt\u00e0 dell&#8217;arte, del fashion, della cultura.<\/p>\n<p>Sar\u00e0 un excursus in lingua friulana nel mondo del fumetto in marilenghe, nei miti e nella storia locale spesso poco conosciuti.<\/p>\n<p>Artista moderno ed eclettico, dalla sua matita non sono usciti solo gli avvincenti fumetti in friulano Tarv\u00f2s e Rel\u00e8 (tradotto in pi\u00f9 lingue) ma anche narrativa di alto respiro, il &#8220;<em>z\u00e2l par furlan<\/em>&#8220;, varie attivit\u00e0 didattiche e culturali, mostre itineranti, tutto sempre declinato con cura e originalit\u00e0.<\/p>\n<p>Tra le tante &#8220;Un valore perduto: Il rispetto&#8221;, &#8220;Giulietta &amp; Romeo&#8221; e &#8220;Dolceamist\u00e0&#8221; per la allora Provincia di Udine.<\/p>\n<p>D&#8217;Osualdo\/Di Suald ha ricevuto numerosi riconoscimenti, tra cui il premio San Simon e il premio Alpe Adria \u201cper l\u2019aiuto dato alla comprensione tra i popoli\u201d.<\/p>\n<p>La sua produzione \u00e8 rivolta soprattutto all\u2019ambito locale, utilizzando il friulano ma anche le lingue regionali. Di imminente pubblicazione &#8220;Salvans&#8221;, un viaggio in un Friuli ancestrale e mitologico.<\/p>\n<p>Dialogher\u00e0 con l&#8217; Autore la docente del corso Silla Stel.<\/p>\n","protected":false},"excerpt":{"rendered":"<p>Alessandro D&#8217;Osualdo (Sandri Di Suald) presenter\u00e0 il suo viaggio in un Friuli ancestrale e mitologico. In dialogo con Silla Stel<\/p>\n","protected":false},"author":22,"featured_media":64096,"comment_status":"closed","ping_status":"closed","template":"","tags":[1274,1603,273,154],"mec_category":[59],"class_list":["post-64095","mec-events","type-mec-events","status-publish","has-post-thumbnail","hentry","tag-friulano","tag-jalmicco","tag-libri","tag-palmanova","mec_category-meeting"],"_links":{"self":[{"href":"https:\/\/imagazine.it\/home_desk\/wp-json\/wp\/v2\/mec-events\/64095","targetHints":{"allow":["GET"]}}],"collection":[{"href":"https:\/\/imagazine.it\/home_desk\/wp-json\/wp\/v2\/mec-events"}],"about":[{"href":"https:\/\/imagazine.it\/home_desk\/wp-json\/wp\/v2\/types\/mec-events"}],"author":[{"embeddable":true,"href":"https:\/\/imagazine.it\/home_desk\/wp-json\/wp\/v2\/users\/22"}],"replies":[{"embeddable":true,"href":"https:\/\/imagazine.it\/home_desk\/wp-json\/wp\/v2\/comments?post=64095"}],"wp:featuredmedia":[{"embeddable":true,"href":"https:\/\/imagazine.it\/home_desk\/wp-json\/wp\/v2\/media\/64096"}],"wp:attachment":[{"href":"https:\/\/imagazine.it\/home_desk\/wp-json\/wp\/v2\/media?parent=64095"}],"wp:term":[{"taxonomy":"post_tag","embeddable":true,"href":"https:\/\/imagazine.it\/home_desk\/wp-json\/wp\/v2\/tags?post=64095"},{"taxonomy":"mec_category","embeddable":true,"href":"https:\/\/imagazine.it\/home_desk\/wp-json\/wp\/v2\/mec_category?post=64095"}],"curies":[{"name":"wp","href":"https:\/\/api.w.org\/{rel}","templated":true}]}}

Il papà del fumetto friulano a Jalmicco

<p>Serata speciale al corso di lingua e cultura friulana a Jalmicco di Palmanova, dove sarà ospite <strong>Alessandro D&#8217;Osualdo / Sandri Di Suald</strong>.</p>
<p>Noto scrittore, comunicatore e fumettista, vanta una quarantina di pubblicazioni e numerose collaborazioni internazionali con realtà dell&#8217;arte, del fashion, della cultura.</p>
<p>Sarà un excursus in lingua friulana nel mondo del fumetto in marilenghe, nei miti e nella storia locale spesso poco conosciuti.</p>
<p>Artista moderno ed eclettico, dalla sua matita non sono usciti solo gli avvincenti fumetti in friulano Tarvòs e Relè (tradotto in più lingue) ma anche narrativa di alto respiro, il &#8220;<em>zâl par furlan</em>&#8220;, varie attività didattiche e culturali, mostre itineranti, tutto sempre declinato con cura e originalità.</p>
<p>Tra le tante &#8220;Un valore perduto: Il rispetto&#8221;, &#8220;Giulietta &amp; Romeo&#8221; e &#8220;Dolceamistà&#8221; per la allora Provincia di Udine.</p>
<p>D&#8217;Osualdo/Di Suald ha ricevuto numerosi riconoscimenti, tra cui il premio San Simon e il premio Alpe Adria “per l’aiuto dato alla comprensione tra i popoli”.</p>
<p>La sua produzione è rivolta soprattutto all’ambito locale, utilizzando il friulano ma anche le lingue regionali. Di imminente pubblicazione &#8220;Salvans&#8221;, un viaggio in un Friuli ancestrale e mitologico.</p>
<p>Dialogherà con l&#8217; Autore la docente del corso Silla Stel.</p>

<p>Alessandro D&#8217;Osualdo (Sandri Di Suald) presenterà il suo viaggio in un Friuli ancestrale e mitologico. In dialogo con Silla Stel</p>
