{"id":64021,"date":"2025-03-31T10:06:41","date_gmt":"2025-03-31T08:06:41","guid":{"rendered":"https:\/\/imagazine.it\/home_desk\/?post_type=mec-events&#038;p=64021"},"modified":"2025-03-31T10:06:41","modified_gmt":"2025-03-31T08:06:41","slug":"cividale-si-colora-di-creativita","status":"publish","type":"mec-events","link":"https:\/\/imagazine.it\/home_desk\/events\/cividale-si-colora-di-creativita\/","title":{"rendered":"Cividale si colora di creativit\u00e0"},"content":{"rendered":"<p><span style=\"font-size: 10pt;\"><em>Civi Design Market<\/em><\/span><\/p>\n<p><strong>Oltre 50 artisti<\/strong>, artigiani e designer provenienti da tutto il Nord Italia daranno vita a una giornata dedicata al design indipendente, all\u2019artigianato contemporaneo e alla creativit\u00e0.<\/p>\n<p>Il <strong>Civi Design Market<\/strong> torna <strong>domenica 6 aprile<\/strong>, dalle 10 alle 18.30, tra la Corte Tenente Brosadola e Largo Boiani a Cividale del Friuli, per la sua sedicesima edizione.<\/p>\n<p>Organizzato dall\u2019Associazione di promozione sociale <em>Noi&#8230; dell\u2019arte<\/em>, con il sostegno del Comune di Cividale del Friuli, l\u2019evento \u00e8 punto di riferimento per chi cerca oggetti unici, fatti a mano e capaci di raccontare storie.<\/p>\n<p>In mostra ci saranno abiti, accessori, bijoux, borse, articoli di cartoleria, ceramica e oggetti in legno: ogni pezzo \u00e8 il frutto dell\u2019ingegno e della manualit\u00e0 di designer e creativi selezionati per l\u2019originalit\u00e0 e la qualit\u00e0 del loro lavoro.<\/p>\n<p>Come da tradizione, il Civi Design Market propone anche un programma di attivit\u00e0 collaterali: per i pi\u00f9 piccoli ci sar\u00e0 lo spazio <em>ColoraCivi<\/em>, laboratorio creativo per disegnare insieme una nuova immagine della citt\u00e0.<\/p>\n<p>Novit\u00e0 di quest\u2019anno \u00e8 il <em>Truccabimbi<\/em> con <strong>Laura Tomadin<\/strong>. Ad accompagnare l\u2019atmosfera festosa, la musica dal vivo del duo formato da Francesco Imbriaco (voce e chitarra) e <strong>Davide Raciti<\/strong> (violino), che si esibiranno per tutta la giornata.<\/p>\n<p>L&#8217;ingresso \u00e8 gratuito. Per ulteriori dettagli e l\u2019elenco completo dei brand partecipanti, consultare i profili Facebook e Instagram di Civi Design Market.<\/p>\n","protected":false},"excerpt":{"rendered":"<p>Torna il Civi Design Market: una giornata dedicata al design indipendente e all\u2019artigianato contemporaneo. Con eventi collaterali<\/p>\n","protected":false},"author":28,"featured_media":64022,"comment_status":"closed","ping_status":"closed","template":"","tags":[1636,1635,170,1629],"mec_category":[131],"class_list":["post-64021","mec-events","type-mec-events","status-publish","has-post-thumbnail","hentry","tag-artigianato","tag-civi-design-market","tag-cividale","tag-design","mec_category-discovery"],"_links":{"self":[{"href":"https:\/\/imagazine.it\/home_desk\/wp-json\/wp\/v2\/mec-events\/64021","targetHints":{"allow":["GET"]}}],"collection":[{"href":"https:\/\/imagazine.it\/home_desk\/wp-json\/wp\/v2\/mec-events"}],"about":[{"href":"https:\/\/imagazine.it\/home_desk\/wp-json\/wp\/v2\/types\/mec-events"}],"author":[{"embeddable":true,"href":"https:\/\/imagazine.it\/home_desk\/wp-json\/wp\/v2\/users\/28"}],"replies":[{"embeddable":true,"href":"https:\/\/imagazine.it\/home_desk\/wp-json\/wp\/v2\/comments?post=64021"}],"wp:featuredmedia":[{"embeddable":true,"href":"https:\/\/imagazine.it\/home_desk\/wp-json\/wp\/v2\/media\/64022"}],"wp:attachment":[{"href":"https:\/\/imagazine.it\/home_desk\/wp-json\/wp\/v2\/media?parent=64021"}],"wp:term":[{"taxonomy":"post_tag","embeddable":true,"href":"https:\/\/imagazine.it\/home_desk\/wp-json\/wp\/v2\/tags?post=64021"},{"taxonomy":"mec_category","embeddable":true,"href":"https:\/\/imagazine.it\/home_desk\/wp-json\/wp\/v2\/mec_category?post=64021"}],"curies":[{"name":"wp","href":"https:\/\/api.w.org\/{rel}","templated":true}]}}

Cividale si colora di creatività

<p><span style="font-size: 10pt;"><em>Civi Design Market</em></span></p>
<p><strong>Oltre 50 artisti</strong>, artigiani e designer provenienti da tutto il Nord Italia daranno vita a una giornata dedicata al design indipendente, all’artigianato contemporaneo e alla creatività.</p>
<p>Il <strong>Civi Design Market</strong> torna <strong>domenica 6 aprile</strong>, dalle 10 alle 18.30, tra la Corte Tenente Brosadola e Largo Boiani a Cividale del Friuli, per la sua sedicesima edizione.</p>
<p>Organizzato dall’Associazione di promozione sociale <em>Noi&#8230; dell’arte</em>, con il sostegno del Comune di Cividale del Friuli, l’evento è punto di riferimento per chi cerca oggetti unici, fatti a mano e capaci di raccontare storie.</p>
<p>In mostra ci saranno abiti, accessori, bijoux, borse, articoli di cartoleria, ceramica e oggetti in legno: ogni pezzo è il frutto dell’ingegno e della manualità di designer e creativi selezionati per l’originalità e la qualità del loro lavoro.</p>
<p>Come da tradizione, il Civi Design Market propone anche un programma di attività collaterali: per i più piccoli ci sarà lo spazio <em>ColoraCivi</em>, laboratorio creativo per disegnare insieme una nuova immagine della città.</p>
<p>Novità di quest’anno è il <em>Truccabimbi</em> con <strong>Laura Tomadin</strong>. Ad accompagnare l’atmosfera festosa, la musica dal vivo del duo formato da Francesco Imbriaco (voce e chitarra) e <strong>Davide Raciti</strong> (violino), che si esibiranno per tutta la giornata.</p>
<p>L&#8217;ingresso è gratuito. Per ulteriori dettagli e l’elenco completo dei brand partecipanti, consultare i profili Facebook e Instagram di Civi Design Market.</p>
