{"id":63905,"date":"2025-03-25T13:22:40","date_gmt":"2025-03-25T12:22:40","guid":{"rendered":"https:\/\/imagazine.it\/home_desk\/?post_type=mec-events&#038;p=63905"},"modified":"2025-07-23T12:34:37","modified_gmt":"2025-07-23T10:34:37","slug":"lo-show-di-stefano-de-martino-a-palmanova","status":"publish","type":"mec-events","link":"https:\/\/imagazine.it\/home_desk\/events\/lo-show-di-stefano-de-martino-a-palmanova\/","title":{"rendered":"Lo show di Stefano De Martino a Palmanova"},"content":{"rendered":"<p style=\"font-weight: 400;\">Nuovo appuntamento in arrivo per la rassegna \u201c<strong>Estate di Stelle<\/strong>\u201d a\u00a0<strong>Palmanova<\/strong>.<\/p>\n<p style=\"font-weight: 400;\">Piazza Grande si prepara a ospitare <strong>Stefano De Martino<\/strong>. Il ballerino e conduttore televisivo amatissimo dal pubblico italiano sar\u00e0 protagonista nella citt\u00e0 stellata gioved\u00ec\u00a0<strong>24 luglio<\/strong>, per presentare al pubblico il suo spettacolo dal titolo \u201c<strong>Meglio stasera<\/strong>\u201d, nel quale mostrer\u00e0 al pubblico tutte le sfumature del suo variegato talento.<\/p>\n<p style=\"font-weight: 400;\">I\u00a0<strong>biglietti<\/strong>\u00a0per l\u2019evento, organizzato da\u00a0<strong>Zenit Srl\u00a0<\/strong>e<strong>\u00a0Scoppio Spettacoli<\/strong>, in collaborazione con\u00a0<strong>Regione Friuli Venezia Giulia<\/strong>,\u00a0<strong>Citt\u00e0 di Palmanova<\/strong>\u00a0e\u00a0<strong>PromoTurismoFVG<\/strong>,\u00a0e incluso nella rassegna\u00a0<strong>Estate di Stelle<\/strong>, sono in vendita sul circuito\u00a0<strong>Ticketone<\/strong><strong>\u00a0<\/strong>e lo saranno anche alla biglietteria del concerto, posta in\u00a0<strong>Borgo Udine<\/strong>, dalle\u00a0<strong>19.30<\/strong>.<\/p>\n<p style=\"font-weight: 400;\">Le porte al pubblico apriranno alle ore\u00a0<strong>20.00<\/strong>, sempre da Borgo Udine, mentre lo spettacolo avr\u00e0 inizio alle\u00a0<strong>21.30<\/strong>.<\/p>\n<p style=\"font-weight: 400;\">Tutte le info e i punti autorizzati su\u00a0<span style=\"text-decoration: underline;\"><a href=\"http:\/\/www.azalea.it\/\" data-saferedirecturl=\"https:\/\/www.google.com\/url?q=http:\/\/www.azalea.it&amp;source=gmail&amp;ust=1753351459585000&amp;usg=AOvVaw0IzNKsGcECm-JWiUsZZq4D\" target=\"_blank\" rel=\"noopener\">www.azalea.it<\/a><\/span>.<\/p>\n<p style=\"font-weight: 400;\">&#8220;<em>Meglio stasera che domani o mai<\/em>&#8220;, cantava Miranda Martino negli anni \u201960 in una piccola gemma musicale arrangiata da Ennio Morricone. Ed \u00e8 proprio quello che pensa\u00a0<strong>Stefano De Martino<\/strong>:\u00a0<strong>stasera \u00e8 il momento giusto per incontrarlo dal vivo<\/strong>, trascorrere un paio d\u2019ore spensierate e, soprattutto, conoscerlo meglio. O forse\u2026\u00a0<strong>conoscerli<\/strong>\u00a0meglio, perch\u00e9 Stefano non \u00e8 mai uno solo.<\/p>\n<p style=\"font-weight: 400;\">C\u2019\u00e8 lo\u00a0<strong>Stefano narratore<\/strong>, che racconta la sua storia: dall\u2019infanzia in un paese affascinante e difficile ai tanti episodi che lo hanno portato dal negozio di frutta di famiglia al palcoscenico, prima come ballerino e poi come showman a tutto tondo.<\/p>\n<p style=\"font-weight: 400;\">C\u2019\u00e8 lo\u00a0<strong>Stefano crooner<\/strong>, che insieme agli otto orchestrali della\u00a0<strong>Disperata Erotica Band<\/strong>\u2014sospesa tra Carosone e Sanremo\u2014porter\u00e0 in scena giochi musicali, mash-up e virtuosismi canori, con una sola regola:\u00a0<strong>non esiste mai una sola canzone per volta!<\/strong>\u00a0C\u2019\u00e8 lo\u00a0<strong>Stefano danzatore<\/strong>, che (nonostante, a suo dire, un po\u2019 di ruggine accumulata nelle giunture) \u00e8 pronto a rimettersi\u00a0<strong>in ballo<\/strong>. E lo far\u00e0 accompagnato da alcuni ballerini professionisti, ex colleghi di qualche stagione fa.\u00a0<strong>La sfida \u00e8 lanciata!<\/strong><\/p>\n<p style=\"font-weight: 400;\">C\u2019\u00e8 lo\u00a0<strong>Stefano imprevedibile<\/strong>, quello che sa far ridere e intrattenere, tra\u00a0gag, monologhi umoristici, riferimenti insospettabilmente colti, improvvisazioni e scherzi col pubblico.<\/p>\n","protected":false},"excerpt":{"rendered":"<p>In Piazza Grande \u201cMeglio stasera\u201d: lo spettacolo in cui l\u2019artista mette in scena il suo talento di narratore, cantante, danzatore e intrattenitore<\/p>\n","protected":false},"author":28,"featured_media":63906,"comment_status":"closed","ping_status":"closed","template":"","tags":[2867,261,826,154,821],"mec_category":[48],"class_list":["post-63905","mec-events","type-mec-events","status-publish","has-post-thumbnail","hentry","tag-de-martino","tag-eventi","tag-eventi-fvg","tag-palmanova","tag-spettacoli","mec_category-classic-art"],"_links":{"self":[{"href":"https:\/\/imagazine.it\/home_desk\/wp-json\/wp\/v2\/mec-events\/63905","targetHints":{"allow":["GET"]}}],"collection":[{"href":"https:\/\/imagazine.it\/home_desk\/wp-json\/wp\/v2\/mec-events"}],"about":[{"href":"https:\/\/imagazine.it\/home_desk\/wp-json\/wp\/v2\/types\/mec-events"}],"author":[{"embeddable":true,"href":"https:\/\/imagazine.it\/home_desk\/wp-json\/wp\/v2\/users\/28"}],"replies":[{"embeddable":true,"href":"https:\/\/imagazine.it\/home_desk\/wp-json\/wp\/v2\/comments?post=63905"}],"wp:featuredmedia":[{"embeddable":true,"href":"https:\/\/imagazine.it\/home_desk\/wp-json\/wp\/v2\/media\/63906"}],"wp:attachment":[{"href":"https:\/\/imagazine.it\/home_desk\/wp-json\/wp\/v2\/media?parent=63905"}],"wp:term":[{"taxonomy":"post_tag","embeddable":true,"href":"https:\/\/imagazine.it\/home_desk\/wp-json\/wp\/v2\/tags?post=63905"},{"taxonomy":"mec_category","embeddable":true,"href":"https:\/\/imagazine.it\/home_desk\/wp-json\/wp\/v2\/mec_category?post=63905"}],"curies":[{"name":"wp","href":"https:\/\/api.w.org\/{rel}","templated":true}]}}

<p style="font-weight: 400;">Nuovo appuntamento in arrivo per la rassegna “<strong>Estate di Stelle</strong>” a <strong>Palmanova</strong>.</p>
<p style="font-weight: 400;">Piazza Grande si prepara a ospitare <strong>Stefano De Martino</strong>. Il ballerino e conduttore televisivo amatissimo dal pubblico italiano sarà protagonista nella città stellata giovedì <strong>24 luglio</strong>, per presentare al pubblico il suo spettacolo dal titolo “<strong>Meglio stasera</strong>”, nel quale mostrerà al pubblico tutte le sfumature del suo variegato talento.</p>
<p style="font-weight: 400;">I <strong>biglietti</strong> per l’evento, organizzato da <strong>Zenit Srl </strong>e<strong> Scoppio Spettacoli</strong>, in collaborazione con <strong>Regione Friuli Venezia Giulia</strong>, <strong>Città di Palmanova</strong> e <strong>PromoTurismoFVG</strong>, e incluso nella rassegna <strong>Estate di Stelle</strong>, sono in vendita sul circuito <strong>Ticketone</strong><strong> </strong>e lo saranno anche alla biglietteria del concerto, posta in <strong>Borgo Udine</strong>, dalle <strong>19.30</strong>.</p>
<p style="font-weight: 400;">Le porte al pubblico apriranno alle ore <strong>20.00</strong>, sempre da Borgo Udine, mentre lo spettacolo avrà inizio alle <strong>21.30</strong>.</p>
<p style="font-weight: 400;">Tutte le info e i punti autorizzati su <span style="text-decoration: underline;"><a href="http://www.azalea.it/" data-saferedirecturl="https://www.google.com/url?q=http://www.azalea.it&amp;source=gmail&amp;ust=1753351459585000&amp;usg=AOvVaw0IzNKsGcECm-JWiUsZZq4D" target="_blank" rel="noopener">www.azalea.it</a></span>.</p>
<p style="font-weight: 400;">&#8220;<em>Meglio stasera che domani o mai</em>&#8220;, cantava Miranda Martino negli anni ’60 in una piccola gemma musicale arrangiata da Ennio Morricone. Ed è proprio quello che pensa <strong>Stefano De Martino</strong>: <strong>stasera è il momento giusto per incontrarlo dal vivo</strong>, trascorrere un paio d’ore spensierate e, soprattutto, conoscerlo meglio. O forse… <strong>conoscerli</strong> meglio, perché Stefano non è mai uno solo.</p>
<p style="font-weight: 400;">C’è lo <strong>Stefano narratore</strong>, che racconta la sua storia: dall’infanzia in un paese affascinante e difficile ai tanti episodi che lo hanno portato dal negozio di frutta di famiglia al palcoscenico, prima come ballerino e poi come showman a tutto tondo.</p>
<p style="font-weight: 400;">C’è lo <strong>Stefano crooner</strong>, che insieme agli otto orchestrali della <strong>Disperata Erotica Band</strong>—sospesa tra Carosone e Sanremo—porterà in scena giochi musicali, mash-up e virtuosismi canori, con una sola regola: <strong>non esiste mai una sola canzone per volta!</strong> C’è lo <strong>Stefano danzatore</strong>, che (nonostante, a suo dire, un po’ di ruggine accumulata nelle giunture) è pronto a rimettersi <strong>in ballo</strong>. E lo farà accompagnato da alcuni ballerini professionisti, ex colleghi di qualche stagione fa. <strong>La sfida è lanciata!</strong></p>
<p style="font-weight: 400;">C’è lo <strong>Stefano imprevedibile</strong>, quello che sa far ridere e intrattenere, tra gag, monologhi umoristici, riferimenti insospettabilmente colti, improvvisazioni e scherzi col pubblico.</p>
